000
CXUS51 KRLX 011506
CF6BKW
PRELIMINARY LOCAL CLIMATOLOGICAL DATA (WS FORM: F-6)
STATION: BECKLEY WV
MONTH: FEBRUARY
YEAR: 2023
LATITUDE: 37 46 N
LONGITUDE: 81 7 W
TEMPERATURE IN F: :PCPN: SNOW: WIND :SUNSHINE: SKY :PK WND
================================================================================
1 2 3 4 5 6A 6B 7 8 9 10 11 12 13 14 15 16 17 18
12Z AVG MX 2MIN
DY MAX MIN AVG DEP HDD CDD WTR SNW DPTH SPD SPD DIR MIN PSBL S-S WX SPD DR
================================================================================
1 29 24 27 -6 38 0 0.20 1.5 2 4.5 12 360 M M 10 1 14 350
2 33 26 30 -3 35 0 T T 1 6.1 12 230 M M 6 1 15 250
3 29 13 21 -12 44 0 T T T 12.6 22 320 M M 5 29 280
4 44 10 27 -6 38 0 0.00 0.0 T 7.8 15 220 M M 0 20 230
5 49 36 43 9 22 0 0.00 0.0 0 9.0 21 220 M M 1 29 220
6 47 29 38 4 27 0 0.00 0.0 0 8.6 17 320 M M 5 22 300
7 63 34 49 15 16 0 0.00 0.0 0 8.8 18 200 M M 0 26 100
8 60 47 54 20 11 0 T 0.0 0 5.7 14 310 M M 9 18 19 310
9 69 52 61 27 4 0 0.00 0.0 0 14.5 29 230 M M 2 46 230
10 56 37 47 13 18 0 0.00 0.0 0 8.4 17 350 M M 8 22 360
11 46 28 37 2 28 0 0.00 0.0 0 5.2 13 360 M M 3 16 360
12 42 31 37 2 28 0 0.76 0.0 0 7.2 18 120 M M 9 1 23 140
13 52 26 39 4 26 0 0.00 0.0 0 8.6 24 270 M M 0 31 270
14 60 29 45 10 20 0 0.00 0.0 0 7.7 18 150 M M 0 28 140
15 66 46 56 21 9 0 0.03 0.0 0 9.8 25 220 M M 3 34 230
16 56 47 52 16 13 0 1.85 0.0 0 5.7 20 340 M M 9 13 28 330
17 54 23 39 3 26 0 0.87 0.3 0 12.6 22 310 M M 10 1 32 310
18 44 19 32 -4 33 0 T T T 6.8 18 330 M M 3 24 330
19 60 38 49 13 16 0 0.00 0.0 0 9.7 21 210 M M 0 30 210
20 49 40 45 9 20 0 0.13 0.0 0 8.0 17 230 M M 7 1 23 220
21 58 37 48 11 17 0 0.00 0.0 0 9.6 26 280 M M 5 38 280
22 77 37 57 20 8 0 0.12 0.0 0 12.5 25 250 M M 3 39 220
23 68 53 61 24 4 0 0.14 0.0 0 9.2 26 220 M M 5 1 35 220
24 60 35 48 11 17 0 0.09 0.0 0 8.8 17 310 M M 3 1 25 310
25 43 33 38 0 27 0 0.18 0.0 0 8.2 23 150 M M 7 1 36 160
26 55 33 44 6 21 0 0.00 0.0 0 7.1 15 270 M M 5 1 20 270
27 61 33 47 9 18 0 0.38 0.0 0 11.5 25 280 M M 6 1 36 260
28 62 42 52 14 13 0 0.00 0.0 0 11.5 28 260 M M 2 36 260
================================================================================
SM 1492 938 597 0 4.75 1.8 245.7 M 126
================================================================================
AV 53.3 33.5 8.8 FASTST M M 5 MAX(MPH)
MISC ----> 29 230 46 230
================================================================================
NOTES:
# LAST OF SEVERAL OCCURRENCES
COLUMN 17 PEAK WIND IN M.P.H.
PRELIMINARY LOCAL CLIMATOLOGICAL DATA (WS FORM: F-6) , PAGE 2
STATION: BECKLEY WV
MONTH: FEBRUARY
YEAR: 2023
LATITUDE: 37 46 N
LONGITUDE: 81 7 W
[TEMPERATURE DATA] [PRECIPITATION DATA] SYMBOLS USED IN COLUMN 16
AVERAGE MONTHLY: 43.4 TOTAL FOR MONTH: 4.75 1 = FOG OR MIST
DPTR FM NORMAL: 8.0 DPTR FM NORMAL: 1.63 2 = FOG REDUCING VISIBILITY
HIGHEST: 77 ON 22 GRTST 24HR 2.61 ON 16-17 TO 1/4 MILE OR LESS
LOWEST: 10 ON 4 3 = THUNDER
SNOW, ICE PELLETS, HAIL 4 = ICE PELLETS
TOTAL MONTH: 1.8 INCHES 5 = HAIL
GRTST 24HR 1.5 ON 1- 1 6 = FREEZING RAIN OR DRIZZLE
GRTST DEPTH: 2 ON 1 7 = DUSTSTORM OR SANDSTORM:
VSBY 1/2 MILE OR LESS
8 = SMOKE OR HAZE
[NO. OF DAYS WITH] [WEATHER - DAYS WITH] 9 = BLOWING SNOW
X = TORNADO
MAX 32 OR BELOW: 2 0.01 INCH OR MORE: 11
MAX 90 OR ABOVE: 0 0.10 INCH OR MORE: 9
MIN 32 OR BELOW: 11 0.50 INCH OR MORE: 3
MIN 0 OR BELOW: 0 1.00 INCH OR MORE: 1
[HDD (BASE 65) ]
TOTAL THIS MO. 597 CLEAR (SCALE 0-3) 11
DPTR FM NORMAL -232 PTCLDY (SCALE 4-7) 12
TOTAL FM JUL 1 3426 CLOUDY (SCALE 8-10) 5
DPTR FM NORMAL -393
[CDD (BASE 65) ]
TOTAL THIS MO. 0
DPTR FM NORMAL 0 [PRESSURE DATA]
TOTAL FM JAN 1 0 HIGHEST SLP 30.61 ON 4
DPTR FM NORMAL 0 LOWEST SLP 29.42 ON 27
[REMARKS]
#FINAL-02-23#