000
CXUS51 KRLX 011129
CF6BKW
PRELIMINARY LOCAL CLIMATOLOGICAL DATA (WS FORM: F-6)
STATION: BECKLEY WV
MONTH: JULY
YEAR: 2021
LATITUDE: 37 46 N
LONGITUDE: 81 7 W
TEMPERATURE IN F: :PCPN: SNOW: WIND :SUNSHINE: SKY :PK WND
================================================================================
1 2 3 4 5 6A 6B 7 8 9 10 11 12 13 14 15 16 17 18
12Z AVG MX 2MIN
DY MAX MIN AVG DEP HDD CDD WTR SNW DPTH SPD SPD DIR MIN PSBL S-S WX SPD DR
================================================================================
1 77 65 71 0 0 6 0.71 0.0 0 5.9 18 320 M M 8 18 24 280
2 72 56 64 -7 1 0 0.06 0.0 0 8.8 20 340 M M 5 1 25 340
3 72 51 62 -9 3 0 0.00 0.0 0 5.9 15 310 M M 4 20 350
4 78 54 66 -5 0 1 0.00 0.0 0 5.2 15 300 M M 3 1 18 310
5 84 59 72 0 0 7 0.00 0.0 0 2.3 9 320 M M 1 1 11 260
6 86 61 74 2 0 9 0.00 0.0 0 2.2 9 310 M M 1 12 310
7 84 65 75 3 0 10 0.01 0.0 0 4.0 16 10 M M 3 20 10
8 78 67 73 1 0 8 0.03 0.0 0 4.4 14 110 M M 6 1 17 140
9 80 67 74 2 0 9 0.47 0.0 0 7.9 17 290 M M 6 1 24 270
10 82 58 70 -2 0 5 0.29 0.0 0 5.6 18 340 M M 4 1 24 360
11 85 65 75 3 0 10 0.00 0.0 0 8.2 18 230 M M 2 24 230
12 84 66 75 3 0 10 0.04 0.0 0 6.1 15 190 M M 3 1 21 240
13 81 65 73 1 0 8 T 0.0 0 7.9 20 230 M M 1 26 240
14 81 65 73 1 0 8 0.01 0.0 0 6.0 10 260 M M 5 1 M M
15 83 63 73 1 0 8 0.00 0.0 0 4.8 14 280 M M 3 18 280
16 86 64 75 3 0 10 0.00 0.0 0 5.3 14 190 M M 1 18 210
17 83 66 75 3 0 10 1.48 0.0 0 6.4 32 270 M M 4 18 41 270
18 73 64 69 -3 0 4 0.00 0.0 0 5.3 12 10 M M 6 1 15 360
19 80 61 71 -1 0 6 0.00 0.0 0 4.1 14 350 M M 4 17 360
20 81 59 70 -2 0 5 0.00 0.0 0 2.3 10 340 M M 0 18 12 340
21 80 62 71 -1 0 6 0.00 0.0 0 6.2 17 330 M M 3 18 22 300
22 76 56 66 -6 0 1 0.00 0.0 0 3.2 13 360 M M 1 1 20 350
23 80 54 67 -5 0 2 0.00 0.0 0 2.7 9 20 M M 0 13 360
24 85 58 72 0 0 7 0.00 0.0 0 3.9 14 270 M M 1 17 250
25 85 65 75 3 0 10 T 0.0 0 5.8 15 260 M M 4 1 20 260
26 84 66 75 3 0 10 0.14 0.0 0 4.5 14 350 M M 3 12 19 340
27 85 64 75 4 0 10 0.00 0.0 0 2.8 13 330 M M 4 12 16 360
28 84 60 72 1 0 7 0.00 0.0 0 3.5 13 10 M M 0 16 340
29 85 61 73 2 0 8 T 0.0 0 5.4 14 220 M M 1 19 230
30 82 62 72 1 0 7 0.00 0.0 0 6.2 17 350 M M 4 22 360
31 82 59 71 0 0 6 0.05 0.0 0 4.3 13 330 M M 3 1 20 310
================================================================================
SM 2518 1908 4 208 3.29 0.0 157.1 M 94
================================================================================
AV 81.2 61.5 5.1 FASTST M M 3 MAX(MPH)
MISC ----> 32 270 41 270
================================================================================
NOTES:
# LAST OF SEVERAL OCCURRENCES
COLUMN 17 PEAK WIND IN M.P.H.
PRELIMINARY LOCAL CLIMATOLOGICAL DATA (WS FORM: F-6) , PAGE 2
STATION: BECKLEY WV
MONTH: JULY
YEAR: 2021
LATITUDE: 37 46 N
LONGITUDE: 81 7 W
[TEMPERATURE DATA] [PRECIPITATION DATA] SYMBOLS USED IN COLUMN 16
AVERAGE MONTHLY: 71.4 TOTAL FOR MONTH: 3.29 1 = FOG OR MIST
DPTR FM NORMAL: -0.2 DPTR FM NORMAL: -1.71 2 = FOG REDUCING VISIBILITY
HIGHEST: 86 ON 16, 6 GRTST 24HR 1.48 ON 17-17 TO 1/4 MILE OR LESS
LOWEST: 51 ON 3 3 = THUNDER
SNOW, ICE PELLETS, HAIL 4 = ICE PELLETS
TOTAL MONTH: 0.0 INCH 5 = HAIL
GRTST 24HR 0.0 6 = FREEZING RAIN OR DRIZZLE
GRTST DEPTH: 0 7 = DUSTSTORM OR SANDSTORM:
VSBY 1/2 MILE OR LESS
8 = SMOKE OR HAZE
[NO. OF DAYS WITH] [WEATHER - DAYS WITH] 9 = BLOWING SNOW
X = TORNADO
MAX 32 OR BELOW: 0 0.01 INCH OR MORE: 11
MAX 90 OR ABOVE: 0 0.10 INCH OR MORE: 5
MIN 32 OR BELOW: 0 0.50 INCH OR MORE: 2
MIN 0 OR BELOW: 0 1.00 INCH OR MORE: 1
[HDD (BASE 65) ]
TOTAL THIS MO. 4 CLEAR (SCALE 0-3) 15
DPTR FM NORMAL -2 PTCLDY (SCALE 4-7) 16
TOTAL FM JUL 1 4 CLOUDY (SCALE 8-10) 0
DPTR FM NORMAL 4
[CDD (BASE 65) ]
TOTAL THIS MO. 208
DPTR FM NORMAL -1 [PRESSURE DATA]
TOTAL FM JAN 1 415 HIGHEST SLP 30.26 ON 14
DPTR FM NORMAL 16 LOWEST SLP 29.81 ON 2
[REMARKS]
#FINAL-07-21#