000
CXUS55 KPSR 011005
CF6BLH
PRELIMINARY LOCAL CLIMATOLOGICAL DATA (WS FORM: F-6)
STATION: BLYTHE CA
MONTH: SEPTEMBER
YEAR: 2023
LATITUDE: 33 37 N
LONGITUDE: 114 43 W
TEMPERATURE IN F: :PCPN: SNOW: WIND :SUNSHINE: SKY :PK WND
================================================================================
1 2 3 4 5 6A 6B 7 8 9 10 11 12 13 14 15 16 17 18
12Z AVG MX 2MIN
DY MAX MIN AVG DEP HDD CDD WTR SNW DPTH SPD SPD DIR MIN PSBL S-S WX SPD DR
================================================================================
1 99 71 85 -8 0 20 0.58 0.0 M 9.8 44 130 M M 2 38 55 130
2 91 74 83 -9 0 18 0.19 0.0 M 5.4 35 260 M M 3 38 46 220
3 99 75 87 -5 0 22 0.00 0.0 M 6.2 18 190 M M 0 23 170
4 94 73 84 -8 0 19 0.00 0.0 0 5.9 17 350 M M 0 23 350
5 99 70 85 -7 0 20 0.00 0.0 0 5.6 18 190 M M 0 25 180
6 102 72 87 -5 0 22 0.00 M M 4.6 13 190 M M 0 25 170
7 107 74 91 0 0 26 0.00 M M 4.7 16 240 M M 0 20 250
8 107 79 93 2 0 28 0.00 M M 4.2 10 250 M M 0 14 250
9 112 85 99 8 0 34 0.00 M M 6.4 12 250 M M 0 17 360
10 103 86 95 5 0 30 0.00 M M 11.4 30 340 M M 0 8 36 340
11 102 82 92 2 0 27 T M M 4.0 16 30 M M 0 19 20
12 105 82 94 4 0 29 0.00 0.0 M 10.1 24 240 M M 0 31 240
13 101 71 86 -3 0 21 0.00 0.0 M 5.6 16 180 M M 0 19 180
14 101 73 87 -2 0 22 0.00 0.0 M 3.6 12 340 M M 0 14 350
15 104 76 90 2 0 25 0.00 M M 3.9 12 80 M M 0 16 70
16 M 78 M M M M 0.00 M M M M M M M 0 M M
17 M M M M M M 0.00 M M M M M M M 0 M M
18 M M M M M M 0.00 M M M M M M M 0 M M
19 M M M M M M M M M M M M M M M M M
20 97 73 85 -1 0 20 0.00 M M 13.1 24 240 M M 0 31 220
21 96 64 80 -6 0 15 0.00 M M 10.9 23 220 M M 0 29 190
22 90 66 78 -8 0 13 0.00 M M 3.3 15 190 M M 0 18 190
23 98 74 86 1 0 21 T M M 3.9 16 280 M M 2 21 270
24 99 68 84 -1 0 19 0.00 M M 3.9 10 30 M M 0 14 20
25 101 67 84 0 0 19 0.00 M M 2.7 12 170 M M 0 15 170
26 102 66 84 0 0 19 0.00 M M 4.3 10 10 M M 0 16 340
27 102 65 84 0 0 19 0.00 0.0 0 3.4 13 260 M M 0 17 270
28 101 66 84 1 0 19 0.00 0.0 0 7.3 15 160 M M 0 25 160
29 99 68 84 1 0 19 0.00 0.0 0 9.2 22 160 M M 0 26 170
30 90 66 78 -4 0 13 0.00 0.0 0 15.7 31 230 M M 0 8 38 210
================================================================================
SM 2601 1964 0 559 0.77 0.0 169.1 M 7
================================================================================
AV100.0 72.7 6.5 FASTST M M 0 MAX(MPH)
MISC ----> 44 130 55 130
================================================================================
NOTES:
# LAST OF SEVERAL OCCURRENCES
COLUMN 17 PEAK WIND IN M.P.H.
PRELIMINARY LOCAL CLIMATOLOGICAL DATA (WS FORM: F-6) , PAGE 2
STATION: BLYTHE CA
MONTH: SEPTEMBER
YEAR: 2023
LATITUDE: 33 37 N
LONGITUDE: 114 43 W
[TEMPERATURE DATA] [PRECIPITATION DATA] SYMBOLS USED IN COLUMN 16
AVERAGE MONTHLY: 86.4 TOTAL FOR MONTH: 0.77 1 = FOG OR MIST
DPTR FM NORMAL: -1.6 DPTR FM NORMAL: 0.45 2 = FOG REDUCING VISIBILITY
HIGHEST: 112 ON 9 GRTST 24HR 0.58 ON 1- 1 TO 1/4 MILE OR LESS
LOWEST: 64 ON 21 3 = THUNDER
SNOW, ICE PELLETS, HAIL 4 = ICE PELLETS
TOTAL MONTH: 0.0 INCH 5 = HAIL
GRTST 24HR 0.0 6 = FREEZING RAIN OR DRIZZLE
GRTST DEPTH: 0 7 = DUSTSTORM OR SANDSTORM:
VSBY 1/2 MILE OR LESS
8 = SMOKE OR HAZE
[NO. OF DAYS WITH] [WEATHER - DAYS WITH] 9 = BLOWING SNOW
X = TORNADO
MAX 32 OR BELOW: 0 0.01 INCH OR MORE: 2
MAX 90 OR ABOVE: 26 0.10 INCH OR MORE: 2
MIN 32 OR BELOW: 0 0.50 INCH OR MORE: 1
MIN 0 OR BELOW: 0 1.00 INCH OR MORE: 0
[HDD (BASE 65) ]
TOTAL THIS MO. 0 CLEAR (SCALE 0-3) 29
DPTR FM NORMAL 0 PTCLDY (SCALE 4-7) 0
TOTAL FM JUL 1 0 CLOUDY (SCALE 8-10) 1
DPTR FM NORMAL 0
[CDD (BASE 65) ]
TOTAL THIS MO. 559
DPTR FM NORMAL -131 [PRESSURE DATA]
TOTAL FM JAN 1 3926 HIGHEST SLP M ON M
DPTR FM NORMAL -150 LOWEST SLP 29.61 ON 29
[REMARKS]
#FINAL-09-23#