000
CXUS55 KSEW 010930
CF6BLI
PRELIMINARY LOCAL CLIMATOLOGICAL DATA (WS FORM: F-6)
STATION: BELLINGHAM WA AIRPORT
MONTH: MAY
YEAR: 2022
LATITUDE: 48 47 N
LONGITUDE: 122 32 W
TEMPERATURE IN F: :PCPN: SNOW: WIND :SUNSHINE: SKY :PK WND
================================================================================
1 2 3 4 5 6A 6B 7 8 9 10 11 12 13 14 15 16 17 18
12Z AVG MX 2MIN
DY MAX MIN AVG DEP HDD CDD WTR SNW DPTH SPD SPD DIR MIN PSBL S-S WX SPD DR
================================================================================
1 61 40 51 -1 14 0 0.00 M M 4.3 10 190 M M 4 1 17 230
2 54 50 52 -1 13 0 0.40 M M 6.6 14 170 M M 9 1 22 170
3 54 48 51 -2 14 0 0.08 M M 9.2 16 160 M M 10 1 26 180
4 56 46 51 -2 14 0 0.02 M M 2.8 9 70 M M 10 1 14 50
5 52 47 50 -3 15 0 0.62 M M 7.6 20 160 M M 9 1 30 160
6 56 44 50 -4 15 0 0.02 M M 2.5 13 170 M M 8 19 160
7 57 41 49 -5 16 0 T M M 6.3 14 190 M M 5 27 230
8 54 41 48 -6 17 0 T M M 6.8 13 220 M M 4 19 180
9 55 43 49 -5 16 0 T M M 9.4 17 170 M M 7 25 190
10 58 46 52 -2 13 0 0.00 M M 7.5 15 180 M M 3 23 150
11 58 44 51 -4 14 0 0.00 M M 9.1 22 170 M M 5 31 170
12 58 45 52 -3 13 0 0.26 M M 12.8 25 150 M M 9 1 42 130
13 57 44 51 -4 14 0 T M M 6.2 15 180 M M 5 22 200
14 62 45 54 -1 11 0 0.06 M M 6.6 14 170 M M 8 1 23 160
15 61 50 56 1 9 0 0.63 M M 6.5 16 170 M M 9 1 27 200
16 57 45 51 -5 14 0 0.05 M M 8.0 17 160 M M 7 1 27 160
17 59 45 52 -4 13 0 T M M 3.7 14 160 M M 6 19 150
18 59 47 53 -3 12 0 0.08 M M 12.6 36 170 M M 8 1 55 160
19 58 44 51 -5 14 0 0.00 M M 5.3 14 310 M M 4 22 310
20 62 38 50 -6 15 0 0.00 M M 3.3 12 40 M M 3 17 40
21 66 40 53 -3 12 0 0.00 M M 3.9 13 300 M M 1 1 18 330
22 69 42 56 -1 9 0 0.00 M M 3.9 9 180 M M 1 16 180
23 62 52 57 0 8 0 T M M 8.3 15 180 M M 7 23 210
24 60 48 54 -3 11 0 T M M 4.7 15 150 M M 4 22 140
25 65 51 58 1 7 0 0.11 M M 4.6 12 200 M M 6 1 17 220
26 65 48 57 0 8 0 0.29 M M 1.4 8 150 M M 7 1 14 130
27 61 51 56 -1 9 0 0.20 M M 4.9 16 180 M M 9 1 25 180
28 61 50 56 -2 9 0 0.01 M M 3.5 12 320 M M 9 16 270
29 62 50 56 -2 9 0 0.06 M M 5.9 14 180 M M 6 18 220
30 61 49 55 -3 10 0 0.14 M M 4.5 12 170 M M 8 16 180
31 69 51 60 2 5 0 0.00 M M 3.4 10 280 M M 4 15 310
================================================================================
SM 1849 1425 373 0 3.03 M 186.1 M 195
================================================================================
AV 59.6 46.0 6.0 FASTST M M 6 MAX(MPH)
MISC ----> 36 170 55 160
================================================================================
NOTES:
# LAST OF SEVERAL OCCURRENCES
COLUMN 17 PEAK WIND IN M.P.H.
PRELIMINARY LOCAL CLIMATOLOGICAL DATA (WS FORM: F-6) , PAGE 2
STATION: BELLINGHAM WA AIRPORT
MONTH: MAY
YEAR: 2022
LATITUDE: 48 47 N
LONGITUDE: 122 32 W
[TEMPERATURE DATA] [PRECIPITATION DATA] SYMBOLS USED IN COLUMN 16
AVERAGE MONTHLY: 52.8 TOTAL FOR MONTH: 3.03 1 = FOG OR MIST
DPTR FM NORMAL: -2.7 DPTR FM NORMAL: 0.80 2 = FOG REDUCING VISIBILITY
HIGHEST: 69 ON 31,22 GRTST 24HR 0.63 ON 15-15 TO 1/4 MILE OR LESS
LOWEST: 38 ON 20 3 = THUNDER
SNOW, ICE PELLETS, HAIL 4 = ICE PELLETS
TOTAL MONTH: M 5 = HAIL
GRTST 24HR M ON M 6 = FREEZING RAIN OR DRIZZLE
GRTST DEPTH: M ON M 7 = DUSTSTORM OR SANDSTORM:
VSBY 1/2 MILE OR LESS
8 = SMOKE OR HAZE
[NO. OF DAYS WITH] [WEATHER - DAYS WITH] 9 = BLOWING SNOW
X = TORNADO
MAX 32 OR BELOW: 0 0.01 INCH OR MORE: 16
MAX 90 OR ABOVE: 0 0.10 INCH OR MORE: 8
MIN 32 OR BELOW: 0 0.50 INCH OR MORE: 2
MIN 0 OR BELOW: 0 1.00 INCH OR MORE: 0
[HDD (BASE 65) ]
TOTAL THIS MO. 373 CLEAR (SCALE 0-3) 3
DPTR FM NORMAL 76 PTCLDY (SCALE 4-7) 19
TOTAL FM JUL 1 5101 CLOUDY (SCALE 8-10) 9
DPTR FM NORMAL 157
[CDD (BASE 65) ]
TOTAL THIS MO. 0
DPTR FM NORMAL -1 [PRESSURE DATA]
TOTAL FM JAN 1 0 HIGHEST SLP M ON M
DPTR FM NORMAL -1 LOWEST SLP 29.64 ON 6
[REMARKS]
#FINAL-05-22#