000
CXUS55 KSEW 010930
CF6BLI
PRELIMINARY LOCAL CLIMATOLOGICAL DATA (WS FORM: F-6)
STATION: BELLINGHAM WA AIRPORT
MONTH: OCTOBER
YEAR: 2021
LATITUDE: 48 47 N
LONGITUDE: 122 32 W
TEMPERATURE IN F: :PCPN: SNOW: WIND :SUNSHINE: SKY :PK WND
================================================================================
1 2 3 4 5 6A 6B 7 8 9 10 11 12 13 14 15 16 17 18
12Z AVG MX 2MIN
DY MAX MIN AVG DEP HDD CDD WTR SNW DPTH SPD SPD DIR MIN PSBL S-S WX SPD DR
================================================================================
1 61 44 53 -2 12 0 0.00 M M 2.9 10 280 M M 2 1 15 290
2 61 45 53 -2 12 0 0.00 M M 3.2 12 180 M M 7 1 17 170
3 58 50 54 0 11 0 0.04 M M 5.4 17 160 M M 10 1 29 180
4 61 47 54 0 11 0 0.00 M M 1.8 10 320 M M 7 14 310
5 59 46 53 -1 12 0 0.26 M M 7.8 26 140 M M 9 1 45 150
6 58 44 51 -3 14 0 0.01 M M 6.4 18 160 M M 8 29 160
7 59 39 49 -4 16 0 0.00 M M 2.0 9 300 M M 6 1 14 20
8 59 38 49 -4 16 0 0.00 M M 1.2 8 300 M M 3 1 12 320
9 57 38 48 -5 17 0 0.22 M M 7.8 29 160 M M 9 1 56 180
10 56 41 49 -3 16 0 0.00 M M 3.3 18 180 M M 5 37 190
11 54 37 46 -6 19 0 0.00 M M 2.1 9 320 M M 5 1 15 310
12 51 33 42 -10 23 0 0.17 M M 5.5 21 130 M M 8 12 43 120
13 50 42 46 -6 19 0 0.07 M M 2.6 9 200 M M 10 1 11 210
14 53 46 50 -2 15 0 0.22 M M 3.3 12 150 M M 10 1 17 170
15 58 53 56 5 9 0 0.71 M M 13.1 22 140 M M 10 1 33 120
16 67 55 61 10 4 0 0.05 M M 15.2 28 140 M M 7 37 150
17 58 46 52 1 13 0 0.47 M M 1.4 8 170 M M 10 1 11 170
18 55 39 47 -3 18 0 0.00 M M 0.6 7 360 M M 5 1 10 60
19 63 38 51 1 14 0 0.00 M M 4.0 10 30 M M 1 12 14 40
20 59 47 53 3 12 0 0.07 M M 10.1 26 160 M M 7 42 150
21 69 48 59 9 6 0 0.23 M M 8.4 22 150 M M 6 1 34 120
22 57 50 54 5 11 0 0.25 M M 7.3 18 160 M M 10 1 31 140
23 57 48 53 4 12 0 0.05 M M 7.0 18 140 M M 10 30 130
24 61 48 55 6 10 0 0.17 M M 13.1 26 160 M M 7 1 44 130
25 58 52 55 6 10 0 0.10 M M 19.0 31 160 M M 8 1 56 140
26 59 49 54 6 11 0 0.08 M M 11.5 25 160 M M 9 1 42 150
27 55 49 52 4 13 0 0.05 M M 8.2 18 170 M M 9 1 29 180
28 49 46 48 0 17 0 1.27 M M 4.0 10 40 M M 10 1 17 50
29 51 35 43 -5 22 0 T M M 3.0 14 310 M M 5 1 20 290
30 55 37 46 -2 19 0 0.00 M M 14.3 29 50 M M 0 44 40
31 58 36 47 -1 18 0 0.00 M M 8.0 17 40 M M 0 35 60
================================================================================
SM 1786 1366 432 0 4.49 M 203.5 M 213
================================================================================
AV 57.6 44.1 6.6 FASTST M M 7 MAX(MPH)
MISC ----> 31 160 # 56 180
================================================================================
NOTES:
# LAST OF SEVERAL OCCURRENCES
COLUMN 17 PEAK WIND IN M.P.H.
PRELIMINARY LOCAL CLIMATOLOGICAL DATA (WS FORM: F-6) , PAGE 2
STATION: BELLINGHAM WA AIRPORT
MONTH: OCTOBER
YEAR: 2021
LATITUDE: 48 47 N
LONGITUDE: 122 32 W
[TEMPERATURE DATA] [PRECIPITATION DATA] SYMBOLS USED IN COLUMN 16
AVERAGE MONTHLY: 50.8 TOTAL FOR MONTH: 4.49 1 = FOG OR MIST
DPTR FM NORMAL: -0.3 DPTR FM NORMAL: 0.64 2 = FOG REDUCING VISIBILITY
HIGHEST: 69 ON 21 GRTST 24HR 1.29 ON 27-28 TO 1/4 MILE OR LESS
LOWEST: 33 ON 12 3 = THUNDER
SNOW, ICE PELLETS, HAIL 4 = ICE PELLETS
TOTAL MONTH: M 5 = HAIL
GRTST 24HR M ON M 6 = FREEZING RAIN OR DRIZZLE
GRTST DEPTH: M ON M 7 = DUSTSTORM OR SANDSTORM:
VSBY 1/2 MILE OR LESS
8 = SMOKE OR HAZE
[NO. OF DAYS WITH] [WEATHER - DAYS WITH] 9 = BLOWING SNOW
X = TORNADO
MAX 32 OR BELOW: 0 0.01 INCH OR MORE: 19
MAX 90 OR ABOVE: 0 0.10 INCH OR MORE: 11
MIN 32 OR BELOW: 0 0.50 INCH OR MORE: 2
MIN 0 OR BELOW: 0 1.00 INCH OR MORE: 1
[HDD (BASE 65) ]
TOTAL THIS MO. 432 CLEAR (SCALE 0-3) 5
DPTR FM NORMAL 0 PTCLDY (SCALE 4-7) 13
TOTAL FM JUL 1 682 CLOUDY (SCALE 8-10) 13
DPTR FM NORMAL -71
[CDD (BASE 65) ]
TOTAL THIS MO. 0
DPTR FM NORMAL 0 [PRESSURE DATA]
TOTAL FM JAN 1 205 HIGHEST SLP M ON M
DPTR FM NORMAL 130 LOWEST SLP 29.00 ON 24
[REMARKS]
#FINAL-10-21#