000
CXUS55 KOHX 011110
CF6BNA
PRELIMINARY LOCAL CLIMATOLOGICAL DATA (WS FORM: F-6)
STATION: NASHVILLE
MONTH: SEPTEMBER
YEAR: 2023
LATITUDE: 36 7 N
LONGITUDE: 86 41 W
TEMPERATURE IN F: :PCPN: SNOW: WIND :SUNSHINE: SKY :PK WND
================================================================================
1 2 3 4 5 6A 6B 7 8 9 10 11 12 13 14 15 16 17 18
12Z AVG MX 2MIN
DY MAX MIN AVG DEP HDD CDD WTR SNW DPTH SPD SPD DIR MIN PSBL S-S WX SPD DR
================================================================================
1 92 63 78 1 0 13 0.00 0.0 0 7.3 17 170 M M 6 23 150
2 90 72 81 4 0 16 0.00 0.0 0 5.4 15 180 M M 4 20 190
3 91 68 80 3 0 15 0.00 0.0 0 3.4 13 170 M M 3 20 160
4 94 71 83 6 0 18 0.00 0.0 0 4.9 15 180 M M 3 19 190
5 91 74 83 7 0 18 0.23 0.0 0 3.8 16 290 M M 7 138 22 280
6 88 74 81 5 0 16 0.69 0.0 0 5.8 13 190 M M 8 138 19 200
7 83 68 76 0 0 11 0.00 0.0 0 7.5 12 350 M M 5 17 320
8 85 63 74 -2 0 9 0.00 0.0 0 5.7 13 20 M M 4 1 20 360
9 86 65 76 1 0 11 0.00 0.0 0 7.7 16 10 M M 4 26 360
10 86 70 78 3 0 13 0.00 0.0 0 7.0 13 10 M M 6 18 30
11 90 64 77 2 0 12 0.00 0.0 0 3.3 10 320 M M 4 17 320
12 78 67 73 -1 0 8 T 0.0 0 5.2 14 20 M M 7 19 20
13 83 61 72 -2 0 7 0.00 0.0 0 8.1 16 50 M M 6 22 50
14 84 54 69 -5 0 4 0.00 0.0 0 4.8 17 40 M M 4 23 40
15 86 57 72 -2 0 7 0.00 0.0 0 4.9 14 30 M M 2 19 40
16 75 64 70 -3 0 5 0.17 0.0 0 3.6 8 350 M M 8 1 9 40
17 80 59 70 -3 0 5 0.30 0.0 0 4.2 21 320 M M 4 1 31 320
18 79 57 68 -4 0 3 0.00 0.0 0 5.0 12 360 M M 2 16 10
19 83 55 69 -3 0 4 0.00 0.0 0 1.8 8 120 M M 4 12 13 200
20 88 59 74 2 0 9 0.00 0.0 0 5.5 16 180 M M 7 22 170
21 87 64 76 5 0 11 0.00 0.0 0 3.9 12 60 M M 5 16 120
22 87 59 73 2 0 8 0.00 0.0 0 1.6 10 70 M M 2 15 70
23 87 59 73 2 0 8 0.00 0.0 0 4.6 16 20 M M 2 24 360
24 86 53 70 0 0 5 0.00 0.0 0 1.8 12 20 M M 5 14 20
25 89 64 77 7 0 12 0.00 0.0 0 2.0 9 340 M M 5 17 50
26 91 61 76 6 0 11 0.00 0.0 0 1.5 9 100 M M 3 14 150
27 87 65 76 7 0 11 0.05 0.0 0 6.5 15 180 M M 4 21 180
28 72 65 69 0 0 4 0.84 0.0 0 6.8 21 160 M M 7 138 26 150
29 85 64 75 7 0 10 0.16 0.0 0 2.9 10 200 M M 5 1 15 90
30 88 63 76 8 0 11 0.00 0.0 0 2.1 10 50 M M 4 12 15 80
================================================================================
SM 2571 1902 0 295 2.44 0.0 138.6 M 140
================================================================================
AV 85.7 63.4 4.6 FASTST M M 5 MAX(MPH)
MISC ----> # 21 320 31 320
================================================================================
NOTES:
# LAST OF SEVERAL OCCURRENCES
COLUMN 17 PEAK WIND IN M.P.H.
PRELIMINARY LOCAL CLIMATOLOGICAL DATA (WS FORM: F-6) , PAGE 2
STATION: NASHVILLE
MONTH: SEPTEMBER
YEAR: 2023
LATITUDE: 36 7 N
LONGITUDE: 86 41 W
[TEMPERATURE DATA] [PRECIPITATION DATA] SYMBOLS USED IN COLUMN 16
AVERAGE MONTHLY: 74.6 TOTAL FOR MONTH: 2.44 1 = FOG OR MIST
DPTR FM NORMAL: 1.5 DPTR FM NORMAL: -1.36 2 = FOG REDUCING VISIBILITY
HIGHEST: 94 ON 4 GRTST 24HR 0.89 ON 28-29 TO 1/4 MILE OR LESS
LOWEST: 53 ON 24 3 = THUNDER
SNOW, ICE PELLETS, HAIL 4 = ICE PELLETS
TOTAL MONTH: 0.0 INCH 5 = HAIL
GRTST 24HR 0.0 6 = FREEZING RAIN OR DRIZZLE
GRTST DEPTH: 0 7 = DUSTSTORM OR SANDSTORM:
VSBY 1/2 MILE OR LESS
8 = SMOKE OR HAZE
[NO. OF DAYS WITH] [WEATHER - DAYS WITH] 9 = BLOWING SNOW
X = TORNADO
MAX 32 OR BELOW: 0 0.01 INCH OR MORE: 7
MAX 90 OR ABOVE: 7 0.10 INCH OR MORE: 6
MIN 32 OR BELOW: 0 0.50 INCH OR MORE: 2
MIN 0 OR BELOW: 0 1.00 INCH OR MORE: 0
[HDD (BASE 65) ]
TOTAL THIS MO. 0 CLEAR (SCALE 0-3) 6
DPTR FM NORMAL -14 PTCLDY (SCALE 4-7) 23
TOTAL FM JUL 1 0 CLOUDY (SCALE 8-10) 1
DPTR FM NORMAL -12
[CDD (BASE 65) ]
TOTAL THIS MO. 295
DPTR FM NORMAL 38 [PRESSURE DATA]
TOTAL FM JAN 1 1841 HIGHEST SLP 30.22 ON 2
DPTR FM NORMAL 37 LOWEST SLP 29.86 ON 7
[REMARKS]
#FINAL-09-23#