000
CXUS56 KBOI 011002
CF6BNO
PRELIMINARY LOCAL CLIMATOLOGICAL DATA (WS FORM: F-6)
STATION: BURNS OR
MONTH: JULY
YEAR: 2022
LATITUDE: 43 34 N
LONGITUDE: 118 57 W
TEMPERATURE IN F: :PCPN: SNOW: WIND :SUNSHINE: SKY :PK WND
================================================================================
1 2 3 4 5 6A 6B 7 8 9 10 11 12 13 14 15 16 17 18
12Z AVG MX 2MIN
DY MAX MIN AVG DEP HDD CDD WTR SNW DPTH SPD SPD DIR MIN PSBL S-S WX SPD DR
================================================================================
1 88 51 70 5 0 5 T M M 6.1 16 340 M M 1 20 340
2 90 50 70 5 0 5 0.00 M M 8.6 24 320 M M 0 35 320
3 78 45 62 -3 3 0 T M M 7.6 21 250 M M 2 3 25 250
4 76 51 64 -2 1 0 0.00 M M 7.8 16 240 M M 6 24 220
5 84 47 66 0 0 1 0.00 M M 4.0 13 240 M M 6 20 130
6 89 45 67 1 0 2 0.00 M M 8.3 17 220 M M 1 25 230
7 88 45 67 0 0 2 0.00 M M 6.5 16 340 M M 0 22 200
8 88 50 69 2 0 4 0.00 M M 7.1 16 250 M M 0 24 210
9 88 52 70 2 0 5 0.00 M M 7.9 18 240 M M 1 26 220
10 87 51 69 1 0 4 0.00 M M 7.7 16 10 M M 0 25 310
11 92 42 67 -1 0 2 0.00 M M 3.9 13 120 M M 0 18 290
12 102 49 76 8 0 11 0.00 M M 6.1 41 160 M M 0 8 56 150
13 95 59 77 8 0 12 T M M 9.0 21 290 M M 0 3 35 300
14 97 50 74 5 0 9 0.00 M M 5.0 13 250 M M 0 18 160
15 94 48 71 2 0 6 0.00 M M 5.3 17 220 M M 0 25 210
16 98 46 72 3 0 7 0.00 M M 8.0 20 240 M M 0 28 240
17 100 50 75 5 0 10 0.00 M M 9.2 23 240 M M 0 31 240
18 90 46 68 -2 0 3 0.00 M M 7.0 16 330 M M 0 23 250
19 97 49 73 3 0 8 0.00 M M 6.9 16 350 M M 0 23 340
20 98 52 75 5 0 10 0.00 M M 6.6 18 220 M M 0 27 230
21 96 49 73 3 0 8 0.00 M M 6.4 17 350 M M 0 23 360
22 91 59 75 5 0 10 0.00 M M 10.5 21 270 M M 0 33 280
23 93 50 72 2 0 7 0.00 M M 9.0 21 280 M M 0 26 330
24 92 45 69 -1 0 4 0.00 M M 5.7 13 360 M M 0 18 10
25 98 50 74 4 0 9 0.00 M M 6.5 16 320 M M 0 24 310
26 102 52 77 7 0 12 0.00 M M 8.3 21 330 M M 0 30 320
27 101 58 80 10 0 15 0.00 M M 9.8 23 10 M M 0 29 30
28 103 57 80 10 0 15 0.00 M M 8.7 24 330 M M 0 34 340
29 103 57 80 10 0 15 0.00 M M 6.0 21 160 M M 0 29 170
30 103 58 81 11 0 16 T 0.0 0 5.7 16 150 M M 0 22 140
31 104 67 86 16 0 21 0.00 0.0 0 6.5 25 320 M M 0 34 320
================================================================================
SM 2905 1580 4 238 T 0.0 221.7 M 17
================================================================================
AV 93.7 51.0 7.2 FASTST M M 1 MAX(MPH)
MISC ----> 41 160 56 150
================================================================================
NOTES:
# LAST OF SEVERAL OCCURRENCES
COLUMN 17 PEAK WIND IN M.P.H.
PRELIMINARY LOCAL CLIMATOLOGICAL DATA (WS FORM: F-6) , PAGE 2
STATION: BURNS OR
MONTH: JULY
YEAR: 2022
LATITUDE: 43 34 N
LONGITUDE: 118 57 W
[TEMPERATURE DATA] [PRECIPITATION DATA] SYMBOLS USED IN COLUMN 16
AVERAGE MONTHLY: 72.3 TOTAL FOR MONTH: T 1 = FOG OR MIST
DPTR FM NORMAL: 3.7 DPTR FM NORMAL: -0.29 2 = FOG REDUCING VISIBILITY
HIGHEST: 104 ON 31 GRTST 24HR T ON 1- 1 TO 1/4 MILE OR LESS
LOWEST: 42 ON 11 3 = THUNDER
SNOW, ICE PELLETS, HAIL 4 = ICE PELLETS
TOTAL MONTH: 0.0 INCH 5 = HAIL
GRTST 24HR 0.0 6 = FREEZING RAIN OR DRIZZLE
GRTST DEPTH: 0 7 = DUSTSTORM OR SANDSTORM:
VSBY 1/2 MILE OR LESS
8 = SMOKE OR HAZE
[NO. OF DAYS WITH] [WEATHER - DAYS WITH] 9 = BLOWING SNOW
X = TORNADO
MAX 32 OR BELOW: 0 0.01 INCH OR MORE: 0
MAX 90 OR ABOVE: 22 0.10 INCH OR MORE: 0
MIN 32 OR BELOW: 0 0.50 INCH OR MORE: 0
MIN 0 OR BELOW: 0 1.00 INCH OR MORE: 0
[HDD (BASE 65) ]
TOTAL THIS MO. 4 CLEAR (SCALE 0-3) 29
DPTR FM NORMAL -33 PTCLDY (SCALE 4-7) 2
TOTAL FM JUL 1 4 CLOUDY (SCALE 8-10) 0
DPTR FM NORMAL -38
[CDD (BASE 65) ]
TOTAL THIS MO. 238
DPTR FM NORMAL 88 [PRESSURE DATA]
TOTAL FM JAN 1 265 HIGHEST SLP 30.24 ON 10
DPTR FM NORMAL 81 LOWEST SLP 29.64 ON 2
[REMARKS]
#FINAL-07-22#