000
CXUS56 KBOI 011002
CF6BNO
PRELIMINARY LOCAL CLIMATOLOGICAL DATA (WS FORM: F-6)
STATION: BURNS OR
MONTH: FEBRUARY
YEAR: 2022
LATITUDE: 43 34 N
LONGITUDE: 118 57 W
TEMPERATURE IN F: :PCPN: SNOW: WIND :SUNSHINE: SKY :PK WND
================================================================================
1 2 3 4 5 6A 6B 7 8 9 10 11 12 13 14 15 16 17 18
12Z AVG MX 2MIN
DY MAX MIN AVG DEP HDD CDD WTR SNW DPTH SPD SPD DIR MIN PSBL S-S WX SPD DR
================================================================================
1 35 16 26 -2 39 0 0.00 M M 6.5 18 330 M M 5 23 330
2 35 17 26 -2 39 0 T M M 3.2 10 250 M M 8 13 260
3 44 24 34 6 31 0 0.00 M M 2.2 12 310 M M 3 14 310
4 42 18 30 1 35 0 0.00 M M 2.6 12 250 M M 1 13 250
5 49 17 33 4 32 0 0.00 M M 4.8 12 300 M M 0 12 300
6 49 20 35 6 30 0 0.00 M M 3.1 10 310 M M 0 12 310
7 50 20 35 6 30 0 0.00 M M 2.2 10 280 M M 0 12 290
8 53 21 37 8 28 0 0.00 M M 3.8 15 300 M M 0 16 290
9 57 27 42 12 23 0 0.00 M M 4.4 15 310 M M 0 17 310
10 62 27 45 15 20 0 0.00 M M 2.6 12 320 M M 0 8 13 310
11 57 25 41 11 24 0 0.00 M M 3.1 13 320 M M 0 14 320
12 50 22 36 6 29 0 0.00 M M 5.4 16 80 M M 0 22 90
13 53 22 38 8 27 0 0.00 M M 2.5 8 290 M M 0 9 70
14 50 28 39 9 26 0 0.01 M M 8.5 32 300 M M 5 44 300
15 44 27 36 5 29 0 0.00 M M 9.0 21 20 M M 4 28 10
16 46 25 36 5 29 0 0.00 M M 9.1 21 310 M M 6 28 300
17 55 20 38 7 27 0 0.00 M M 5.8 16 300 M M 0 21 300
18 58 21 40 8 25 0 0.00 M M 2.7 12 250 M M 0 14 230
19 60 22 41 9 24 0 0.00 M M 6.2 25 270 M M 0 8 35 270
20 41 23 32 0 33 0 0.02 M M 9.7 30 290 M M 3 1 39 310
21 37 18 28 -4 37 0 T M M 6.6 17 270 M M 5 23 280
22 31 9 20 -13 45 0 0.13 M M 11.1 23 340 M M 9 12 31 340
23 31 0 16 -17 49 0 0.00 M M 6.2 13 320 M M 0 17 320
24 32 6 19 -14 46 0 T M M 8.5 23 300 M M 7 28 300
25 34 2 18 -16 47 0 0.00 M M 4.1 9 310 M M 0 13 160
26 39 7 23 -11 42 0 0.00 M M 8.9 23 70 M M 0 30 70
27 44 26 35 1 30 0 0.05 M M 6.7 16 80 M M 8 1 20 90
28 56 26 41 6 24 0 0.00 M M 3.0 16 230 M M 6 22 240
================================================================================
SM 1294 536 900 0 0.21 M 152.5 M 70
================================================================================
AV 46.2 19.1 5.4 FASTST M M 3 MAX(MPH)
MISC ----> 32 300 44 300
================================================================================
NOTES:
# LAST OF SEVERAL OCCURRENCES
COLUMN 17 PEAK WIND IN M.P.H.
PRELIMINARY LOCAL CLIMATOLOGICAL DATA (WS FORM: F-6) , PAGE 2
STATION: BURNS OR
MONTH: FEBRUARY
YEAR: 2022
LATITUDE: 43 34 N
LONGITUDE: 118 57 W
[TEMPERATURE DATA] [PRECIPITATION DATA] SYMBOLS USED IN COLUMN 16
AVERAGE MONTHLY: 32.7 TOTAL FOR MONTH: 0.21 1 = FOG OR MIST
DPTR FM NORMAL: 1.7 DPTR FM NORMAL: -0.74 2 = FOG REDUCING VISIBILITY
HIGHEST: 62 ON 10 GRTST 24HR 0.13 ON 21-22 TO 1/4 MILE OR LESS
LOWEST: 0 ON 23 3 = THUNDER
SNOW, ICE PELLETS, HAIL 4 = ICE PELLETS
TOTAL MONTH: M 5 = HAIL
GRTST 24HR M ON M 6 = FREEZING RAIN OR DRIZZLE
GRTST DEPTH: M ON M 7 = DUSTSTORM OR SANDSTORM:
VSBY 1/2 MILE OR LESS
8 = SMOKE OR HAZE
[NO. OF DAYS WITH] [WEATHER - DAYS WITH] 9 = BLOWING SNOW
X = TORNADO
MAX 32 OR BELOW: 3 0.01 INCH OR MORE: 4
MAX 90 OR ABOVE: 0 0.10 INCH OR MORE: 1
MIN 32 OR BELOW: 28 0.50 INCH OR MORE: 0
MIN 0 OR BELOW: 1 1.00 INCH OR MORE: 0
[HDD (BASE 65) ]
TOTAL THIS MO. 900 CLEAR (SCALE 0-3) 16
DPTR FM NORMAL -53 PTCLDY (SCALE 4-7) 10
TOTAL FM JUL 1 4905 CLOUDY (SCALE 8-10) 2
DPTR FM NORMAL -288
[CDD (BASE 65) ]
TOTAL THIS MO. 0
DPTR FM NORMAL 0 [PRESSURE DATA]
TOTAL FM JAN 1 0 HIGHEST SLP 30.65 ON 6
DPTR FM NORMAL 0 LOWEST SLP 29.73 ON 21
[REMARKS]
#FINAL-02-22#