000
CXUS56 KBOI 011738
CLMBNO
CLIMATE REPORT
NATIONAL WEATHER SERVICE BOISE ID
1038 AM MST FRI MAR 01 2024
...................................
...THE BURNS OR CLIMATE SUMMARY FOR THE MONTH OF FEBRUARY 2024...
CLIMATE NORMAL PERIOD 1991 TO 2020
CLIMATE RECORD PERIOD 1938 TO 2024
WEATHER OBSERVED NORMAL DEPART
VALUE DATE(S) VALUE FROM
NORMAL
................................................
TEMPERATURE (F)
HIGHEST 58 02/24
LOWEST 16 02/27
AVG. MAXIMUM 45.4 41.7 3.7
AVG. MINIMUM 26.4 20.2 6.2
MEAN 35.9 31.0 4.9
DAYS MAX >= 90 0
DAYS MAX <= 32 0
DAYS MIN <= 32 27
DAYS MIN <= 0 0
PRECIPITATION (INCHES)
RECORD
MAXIMUM 3.85 1940
TOTALS 1.45 0.95 0.50
DAYS >= .01 12
DAYS >= .10 7
DAYS >= .50 0
DAYS >= 1.00 0
GREATEST
24 HR. TOTAL 0.30 02/14 TO 02/14
DEGREE DAYS
HEATING TOTAL 836 953 -117
SINCE 7/1 4497 5253 -756
COOLING TOTAL 0 0 0
SINCE 1/1 0 0 0
................................................
WIND (MPH)
AVERAGE WIND SPEED 6.8
HIGHEST WIND SPEED/DIRECTION 37/210 DATE 02/29
HIGHEST GUST SPEED/DIRECTION MM DATE MM
AVERAGE RH (PERCENT) 71
- INDICATES NEGATIVE NUMBERS.
R INDICATES RECORD WAS SET OR TIED.
MM INDICATES DATA IS MISSING.
T INDICATES TRACE AMOUNT.
$$