000
CXUS54 KMAF 011110
CF6BPG
PRELIMINARY LOCAL CLIMATOLOGICAL DATA (WS FORM: F-6)
STATION: BIG SPRING MCMAHON-WRINKLE FI
MONTH: APRIL
YEAR: 2022
LATITUDE: 32 12 N
LONGITUDE: 101 31 W
TEMPERATURE IN F: :PCPN: SNOW: WIND :SUNSHINE: SKY :PK WND
================================================================================
1 2 3 4 5 6A 6B 7 8 9 10 11 12 13 14 15 16 17 18
12Z AVG MX 2MIN
DY MAX MIN AVG DEP HDD CDD WTR SNW DPTH SPD SPD DIR MIN PSBL S-S WX SPD DR
================================================================================
1 83 50 67 M 0 2 M M M 17.1 30 170 M M 1 8 36 170
2 80 41 61 M 4 0 M M M 6.5 12 130 M M 0 M M
3 92 60 76 M 0 11 M M M 17.4 24 210 M M 0 36 190
4 73 56 65 M 0 0 M M M 10.4 22 50 M M 5 25 40
5 93 47 70 M 0 5 M M M 16.2 30 240 M M 0 1 39 240
6 76 51 64 M 1 0 M M M 15.3 31 20 M M 1 8 38 20
7 69 40 55 M 10 0 M M M 8.9 16 30 M M 1 21 60
8 72 38 55 M 10 0 M M M 5.8 13 60 M M 0 21 10
9 88 41 65 M 0 0 M M M 17.0 24 170 M M 0 35 210
10 90 62 76 M 0 11 M M M 18.0 29 240 M M 0 8 33 240
11 89 58 74 M 0 9 M M M 9.5 14 230 M M 0 23 290
12 92 66 79 M 0 14 M M M 18.7 36 230 M M 0 8 41 230
13 74 52 63 M 2 0 M M M 12.3 21 300 M M 0 29 310
14 86 40 63 M 2 0 M M M 11.7 22 180 M M 0 31 180
15 95 60 78 M 0 13 M M M 16.6 25 250 M M 0 33 260
16 75 58 67 M 0 2 M M M 11.3 18 20 M M 0 1 24 170
17 91 47 69 M 0 4 M M M 7.0 18 360 M M 1 23 360
18 80 53 67 M 0 2 M M M 15.7 30 70 M M 2 36 70
19 77 58 68 M 0 3 M M M 21.9 31 190 M M 8 38 190
20 96 65 81 M 0 16 M M M 17.5 28 190 M M 2 35 170
21 95 66 81 M 0 16 M M M 17.0 25 160 M M 0 33 170
22 87 71 79 M 0 14 M M M 29.1 41 160 M M 9 8 49 170
23 92 67 80 M 0 15 M M M 19.9 40 170 M M 4 8 51 170
24 78 65 72 M 0 7 0.28 M M 10.7 14 300 M M 10 3 48 300
25 69 55 62 M 3 0 M M M 18.4 23 80 M M 1 32 60
26 74 46 60 M 5 0 M M M 10.4 20 120 M M 2 18 110
27 81 60 71 M 0 6 M M M 19.4 25 160 M M 4 31 170
28 92 65 79 M 0 14 M M M 19.2 25 190 M M 1 30 170
29 93 68 81 M 0 16 M M M 15.4 21 250 M M 0 31 250
30 82 60 71 M 0 6 M M M 14.3 26 60 M M 0 30 60
================================================================================
SM 2514 1666 37 186 0.28 M 448.5 M 52
================================================================================
AV 83.8 55.5 15.0 FASTST M M 2 MAX(MPH)
MISC ----> 41 160 51 170
================================================================================
NOTES:
# LAST OF SEVERAL OCCURRENCES
COLUMN 17 PEAK WIND IN M.P.H.
PRELIMINARY LOCAL CLIMATOLOGICAL DATA (WS FORM: F-6) , PAGE 2
STATION: BIG SPRING MCMAHON-WRINKLE FI
MONTH: APRIL
YEAR: 2022
LATITUDE: 32 12 N
LONGITUDE: 101 31 W
[TEMPERATURE DATA] [PRECIPITATION DATA] SYMBOLS USED IN COLUMN 16
AVERAGE MONTHLY: 69.7 TOTAL FOR MONTH: 0.28 1 = FOG OR MIST
DPTR FM NORMAL: 0.0 DPTR FM NORMAL: M 2 = FOG REDUCING VISIBILITY
HIGHEST: 96 ON 20 GRTST 24HR 0.28 ON 24-24 TO 1/4 MILE OR LESS
LOWEST: 38 ON 8 3 = THUNDER
SNOW, ICE PELLETS, HAIL 4 = ICE PELLETS
TOTAL MONTH: M 5 = HAIL
GRTST 24HR M ON M 6 = FREEZING RAIN OR DRIZZLE
GRTST DEPTH: M ON M 7 = DUSTSTORM OR SANDSTORM:
VSBY 1/2 MILE OR LESS
8 = SMOKE OR HAZE
[NO. OF DAYS WITH] [WEATHER - DAYS WITH] 9 = BLOWING SNOW
X = TORNADO
MAX 32 OR BELOW: 0 0.01 INCH OR MORE: 1
MAX 90 OR ABOVE: 11 0.10 INCH OR MORE: 1
MIN 32 OR BELOW: 0 0.50 INCH OR MORE: 0
MIN 0 OR BELOW: 0 1.00 INCH OR MORE: 0
[HDD (BASE 65) ]
TOTAL THIS MO. 37 CLEAR (SCALE 0-3) 24
DPTR FM NORMAL M PTCLDY (SCALE 4-7) 4
TOTAL FM JUL 1 2258 CLOUDY (SCALE 8-10) 2
DPTR FM NORMAL M
[CDD (BASE 65) ]
TOTAL THIS MO. 186
DPTR FM NORMAL M [PRESSURE DATA]
TOTAL FM JAN 1 226 HIGHEST SLP M ON M
DPTR FM NORMAL M LOWEST SLP M ON M
[REMARKS]
#FINAL-04-22#