000
CXUS54 KMAF 011210
CF6BPG
PRELIMINARY LOCAL CLIMATOLOGICAL DATA (WS FORM: F-6)
STATION: BIG SPRING MCMAHON-WRINKLE FI
MONTH: JANUARY
YEAR: 2022
LATITUDE: 32 12 N
LONGITUDE: 101 31 W
TEMPERATURE IN F: :PCPN: SNOW: WIND :SUNSHINE: SKY :PK WND
================================================================================
1 2 3 4 5 6A 6B 7 8 9 10 11 12 13 14 15 16 17 18
12Z AVG MX 2MIN
DY MAX MIN AVG DEP HDD CDD WTR SNW DPTH SPD SPD DIR MIN PSBL S-S WX SPD DR
================================================================================
1 68 20 44 M 21 0 0.03 M M 18.4 32 50 M M 4 43 50
2 45 15 30 M 35 0 M M M 9.3 17 340 M M 0 22 330
3 58 19 39 M 26 0 M M M 9.0 15 200 M M 0 21 180
4 70 27 49 M 16 0 M M M 11.8 21 240 M M 0 26 240
5 56 36 46 M 19 0 M M M 8.4 25 40 M M 0 29 40
6 41 24 33 M 32 0 M M M 11.8 24 30 M M 0 32 40
7 61 16 39 M 26 0 M M M 10.9 24 160 M M 0 25 160
8 76 39 58 M 7 0 M M M 13.5 23 240 M M 0 28 240
9 51 38 45 M 20 0 M M M 12.6 21 20 M M 2 26 30
10 51 27 39 M 26 0 M M M 4.9 10 30 M M 0 M M
11 55 34 45 M 20 0 M M M 7.3 15 190 M M 5 25 180
12 67 27 47 M 18 0 M M M 5.7 10 260 M M 0 M M
13 71 26 49 M 16 0 M M M 4.4 9 140 M M 0 M M
14 78 35 57 M 8 0 M M M 15.5 32 10 M M 1 8 44 10
15 48 23 36 M 29 0 M M M 20.8 33 360 M M 2 8 44 350
16 70 19 45 M 20 0 M M M 7.5 16 260 M M 0 20 260
17 69 26 48 M 17 0 M M M 9.3 17 210 M M 0 18 170
18 74 41 58 M 7 0 M M M 15.6 31 260 M M 0 8 37 260
19 63 33 48 M 17 0 M M M 15.1 24 30 M M 2 29 30
20 32 24 28 M 37 0 M M M 14.4 22 10 M M 10 29 30
21 50 20 35 M 30 0 M M M 8.3 16 160 M M 2 18 160
22 45 24 35 M 30 0 M M M 6.8 12 70 M M 6 M M
23 53 35 44 M 21 0 M M M 3.8 9 210 M M 7 M M
24 63 32 48 M 17 0 M M M 6.1 8 120 M M 2 M M
25 62 32 47 M 18 0 M M M 12.3 21 60 M M 0 25 60
26 39 23 31 M 34 0 M M M 11.5 25 60 M M 10 18 32 70
27 54 23 39 M 26 0 M M M 9.1 22 30 M M 3 1 32 30
28 52 22 37 M 28 0 M M M 7.0 16 40 M M 0 23 40
29 61 21 41 M 24 0 M M M 9.1 15 230 M M 0 22 250
30 69 28 49 M 16 0 M M M 7.4 15 200 M M 1 21 180
31 67 37 52 M 13 0 M M M 7.9 20 140 M M 2 17 260
================================================================================
SM 1819 846 674 0 0.03 M 315.3 M 59
================================================================================
AV 58.7 27.3 10.2 FASTST M M 2 MAX(MPH)
MISC ----> 33 360 # 44 10
================================================================================
NOTES:
# LAST OF SEVERAL OCCURRENCES
COLUMN 17 PEAK WIND IN M.P.H.
PRELIMINARY LOCAL CLIMATOLOGICAL DATA (WS FORM: F-6) , PAGE 2
STATION: BIG SPRING MCMAHON-WRINKLE FI
MONTH: JANUARY
YEAR: 2022
LATITUDE: 32 12 N
LONGITUDE: 101 31 W
[TEMPERATURE DATA] [PRECIPITATION DATA] SYMBOLS USED IN COLUMN 16
AVERAGE MONTHLY: 43.0 TOTAL FOR MONTH: 0.03 1 = FOG OR MIST
DPTR FM NORMAL: 0.0 DPTR FM NORMAL: M 2 = FOG REDUCING VISIBILITY
HIGHEST: 78 ON 14 GRTST 24HR 0.03 ON 1- 1 TO 1/4 MILE OR LESS
LOWEST: 15 ON 2 3 = THUNDER
SNOW, ICE PELLETS, HAIL 4 = ICE PELLETS
TOTAL MONTH: M 5 = HAIL
GRTST 24HR M ON M 6 = FREEZING RAIN OR DRIZZLE
GRTST DEPTH: M ON M 7 = DUSTSTORM OR SANDSTORM:
VSBY 1/2 MILE OR LESS
8 = SMOKE OR HAZE
[NO. OF DAYS WITH] [WEATHER - DAYS WITH] 9 = BLOWING SNOW
X = TORNADO
MAX 32 OR BELOW: 1 0.01 INCH OR MORE: 1
MAX 90 OR ABOVE: 0 0.10 INCH OR MORE: 0
MIN 32 OR BELOW: 22 0.50 INCH OR MORE: 0
MIN 0 OR BELOW: 0 1.00 INCH OR MORE: 0
[HDD (BASE 65) ]
TOTAL THIS MO. 674 CLEAR (SCALE 0-3) 24
DPTR FM NORMAL M PTCLDY (SCALE 4-7) 5
TOTAL FM JUL 1 1267 CLOUDY (SCALE 8-10) 2
DPTR FM NORMAL M
[CDD (BASE 65) ]
TOTAL THIS MO. 0
DPTR FM NORMAL M [PRESSURE DATA]
TOTAL FM JAN 1 0 HIGHEST SLP M ON M
DPTR FM NORMAL M LOWEST SLP M ON M
[REMARKS]
#FINAL-01-22#