000
CXUS54 KLCH 010830
CF6BPT
PRELIMINARY LOCAL CLIMATOLOGICAL DATA (WS FORM: F-6)
STATION: BEAUMONT PORT ARTHUR
MONTH: APRIL
YEAR: 2021
LATITUDE: 29 57 N
LONGITUDE: 94 1 W
TEMPERATURE IN F: :PCPN: SNOW: WIND :SUNSHINE: SKY :PK WND
================================================================================
1 2 3 4 5 6A 6B 7 8 9 10 11 12 13 14 15 16 17 18
12Z AVG MX 2MIN
DY MAX MIN AVG DEP HDD CDD WTR SNW DPTH SPD SPD DIR MIN PSBL S-S WX SPD DR
================================================================================
1 70 45 58 -7 7 0 0.00 0.0 M 13.1 24 20 M M 2 33 20
2 66 44 55 -11 10 0 0.00 0.0 M 9.0 18 80 M M 0 25 60
3 67 42 55 -11 10 0 T 0.0 M 6.4 15 100 M M 5 21 100
4 74 51 63 -3 2 0 0.00 0.0 M 7.1 16 110 M M 4 23 90
5 77 56 67 1 0 2 0.00 0.0 M 7.6 15 160 M M 1 21 150
6 79 63 71 5 0 6 0.00 0.0 M 14.1 22 170 M M 6 34 160
7 80 64 72 5 0 7 0.26 0.0 M 13.3 23 350 M M 9 13 30 190
8 84 52 68 1 0 3 0.00 0.0 M 6.7 16 130 M M 2 12 23 140
9 82 71 77 10 0 12 0.00 0.0 M 12.8 23 160 M M 9 1 31 150
10 83 57 70 3 0 5 0.02 0.0 M 5.4 15 20 M M 6 13 21 30
11 85 55 70 3 0 5 0.00 0.0 M 6.8 13 60 M M 0 17 140
12 81 55 68 0 0 3 0.00 0.0 M 10.0 17 120 M M 1 1 25 110
13 79 68 74 6 0 9 0.01 0.0 M 13.4 28 130 M M 10 1 39 130
14 80 66 73 5 0 8 0.43 0.0 M 10.6 26 130 M M 10 13 39 150
15 73 61 67 -1 0 2 0.00 0.0 M 11.2 21 20 M M 9 1 28 20
16 74 62 68 -1 0 3 0.20 0.0 M 11.1 18 110 M M 10 18 24 110
17 63 54 59 -10 6 0 0.07 0.0 M 13.2 23 360 M M 9 1 32 350
18 69 51 60 -9 5 0 0.00 0.0 M 10.1 17 360 M M 1 25 350
19 74 47 61 -8 4 0 T 0.0 M 5.8 14 170 M M 2 18 170
20 79 51 65 -5 0 0 T 0.0 M 5.6 15 350 M M 1 20 170
21 69 47 58 -12 7 0 0.00 0.0 M 12.8 22 10 M M 0 8 30 350
22 71 52 62 -8 3 0 0.00 0.0 M 13.8 20 110 M M 4 27 110
23 76 66 71 1 0 6 0.02 0.0 M 16.8 31 190 M M 10 1 47 180
24 88 65 77 7 0 12 T 0.0 M 10.0 37 190 M M 4 138 52 200
25 79 60 70 -1 0 5 0.00 0.0 M 8.3 18 90 M M 0 24 70
26 81 56 69 -2 0 4 0.00 0.0 M 10.6 18 100 M M 2 1 25 160
27 80 72 76 5 0 11 0.00 0.0 M 13.4 29 110 M M 9 37 120
28 84 73 79 7 0 14 0.00 0.0 M 19.1 30 150 M M 8 42 160
29 81 73 77 5 0 12 T 0.0 M 10.2 22 140 M M 9 1 30 140
30 77 69 73 1 0 8 0.27 0.0 M 9.0 18 20 M M 7 1 25 20
================================================================================
SM 2305 1748 54 137 1.28 0.0 317.3 M 150
================================================================================
AV 76.8 58.3 10.6 FASTST M M 5 MAX(MPH)
MISC ----> 37 190 52 200
================================================================================
NOTES:
# LAST OF SEVERAL OCCURRENCES
COLUMN 17 PEAK WIND IN M.P.H.
PRELIMINARY LOCAL CLIMATOLOGICAL DATA (WS FORM: F-6) , PAGE 2
STATION: BEAUMONT PORT ARTHUR
MONTH: APRIL
YEAR: 2021
LATITUDE: 29 57 N
LONGITUDE: 94 1 W
[TEMPERATURE DATA] [PRECIPITATION DATA] SYMBOLS USED IN COLUMN 16
AVERAGE MONTHLY: 67.6 TOTAL FOR MONTH: 1.28 1 = FOG OR MIST
DPTR FM NORMAL: -1.0 DPTR FM NORMAL: -1.93 2 = FOG REDUCING VISIBILITY
HIGHEST: 88 ON 24 GRTST 24HR 0.43 ON 13-14 TO 1/4 MILE OR LESS
LOWEST: 42 ON 3 3 = THUNDER
SNOW, ICE PELLETS, HAIL 4 = ICE PELLETS
TOTAL MONTH: 0.0 INCH 5 = HAIL
GRTST 24HR 0.0 6 = FREEZING RAIN OR DRIZZLE
GRTST DEPTH: M ON M 7 = DUSTSTORM OR SANDSTORM:
VSBY 1/2 MILE OR LESS
8 = SMOKE OR HAZE
[NO. OF DAYS WITH] [WEATHER - DAYS WITH] 9 = BLOWING SNOW
X = TORNADO
MAX 32 OR BELOW: 0 0.01 INCH OR MORE: 8
MAX 90 OR ABOVE: 0 0.10 INCH OR MORE: 4
MIN 32 OR BELOW: 0 0.50 INCH OR MORE: 0
MIN 0 OR BELOW: 0 1.00 INCH OR MORE: 0
[HDD (BASE 65) ]
TOTAL THIS MO. 54 CLEAR (SCALE 0-3) 12
DPTR FM NORMAL 15 PTCLDY (SCALE 4-7) 8
TOTAL FM JUL 1 1351 CLOUDY (SCALE 8-10) 10
DPTR FM NORMAL -49
[CDD (BASE 65) ]
TOTAL THIS MO. 137
DPTR FM NORMAL -9 [PRESSURE DATA]
TOTAL FM JAN 1 260 HIGHEST SLP 30.49 ON 1
DPTR FM NORMAL 33 LOWEST SLP 29.58 ON 24
[REMARKS]
#FINAL-04-21#