751
CXUS54 KLCH 021446
CF6BPT
PRELIMINARY LOCAL CLIMATOLOGICAL DATA (WS FORM: F-6)
STATION: BEAUMONT PORT ARTHUR
MONTH: OCTOBER
YEAR: 2020
LATITUDE: 29 57 N
LONGITUDE: 94 1 W
TEMPERATURE IN F: :PCPN: SNOW: WIND :SUNSHINE: SKY :PK WND
================================================================================
1 2 3 4 5 6A 6B 7 8 9 10 11 12 13 14 15 16 17 18
12Z AVG MX 2MIN
DY MAX MIN AVG DEP HDD CDD WTR SNW DPTH SPD SPD DIR MIN PSBL S-S WX SPD DR
================================================================================
1 86 55 71 -4 0 6 0.00 0.0 0 5.6 13 350 M M 0 1 18 350
2 83 57 70 -4 0 5 0.00 0.0 0 7.9 14 360 M M 0 22 350
3 80 56 68 -6 0 3 0.00 0.0 0 4.9 12 80 M M 0 15 100
4 85 57 71 -3 0 6 0.00 0.0 0 4.9 13 20 M M 0 1 18 50
5 82 62 72 -2 0 7 0.00 0.0 0 5.6 13 60 M M 3 16 70
6 84 58 71 -2 0 6 0.00 0.0 0 7.1 14 20 M M 0 21 10
7 87 62 75 2 0 10 0.00 0.0 0 6.8 14 80 M M 4 20 60
8 79 73 76 3 0 11 0.19 0.0 0 9.8 20 50 M M 4 1 27 60
9 74 69 72 0 0 7 4.74 0.0 0 24.0 66 10 M M 8 1 90 20
10 87 65 76 4 0 11 0.00 0.0 0 6.2 14 300 M M M 1 21 280
11 88 69 79 7 0 14 0.00 0.0 0 5.1 14 230 M M M 12 19 220
12 88 73 81 9 0 16 0.00 0.0 0 6.4 16 280 M M 5 1 24 280
13 87 66 77 6 0 12 0.00 0.0 0 6.9 14 70 M M M 17 60
14 85 61 73 2 0 8 0.00 0.0 0 4.6 12 170 M M M 8 16 150
15 86 67 77 6 0 12 0.00 0.0 0 5.8 16 190 M M M 12 22 200
16 73 56 65 -5 0 0 0.06 0.0 0 11.9 24 30 M M 9 1 36 10
17 76 60 68 -2 0 3 0.00 0.0 0 10.9 18 110 M M 9 24 110
18 84 69 77 7 0 12 0.00 0.0 0 10.1 17 140 M M 4 1 25 150
19 86 69 78 8 0 13 T 0.0 0 9.0 17 150 M M 6 1 22 120
20 81 67 74 5 0 9 0.14 0.0 0 4.9 13 130 M M 5 12 17 120
21 85 67 76 7 0 11 0.00 0.0 0 6.3 14 110 M M 5 12 19 90
22 84 71 78 9 0 13 0.00 0.0 0 8.1 14 130 M M 3 1 19 120
23 85 63 74 5 0 9 2.14 0.0 0 8.8 18 260 M M 7 13 27 270
24 69 56 63 -5 2 0 0.00 0.0 0 9.7 17 330 M M 9 25 330
25 73 60 67 -1 0 2 0.00 0.0 0 7.7 13 80 M M 9 18 18 70
26 80 64 72 4 0 7 0.00 0.0 0 8.3 13 110 M M 7 19 100
27 83 65 74 6 0 9 0.10 0.0 0 8.6 14 10 M M 8 1 19 100
28 75 47 61 -6 4 0 0.37 M M 10.6 23 310 M M 9 1 33 300
29 62 43 53 -14 12 0 0.00 0.0 0 12.4 22 340 M M 2 31 340
30 69 48 59 -8 6 0 0.00 0.0 0 7.9 18 350 M M 0 25 360
31 73 48 61 -5 4 0 0.00 0.0 0 4.0 9 260 M M 0 1 12 320
================================================================================
SM 2499 1903 28 222 7.74 0.0 250.8 M 116
================================================================================
AV 80.6 61.4 8.1 FASTST M M 4 MAX(MPH)
MISC ----> # 66 10 # 90 20
================================================================================
NOTES:
# LAST OF SEVERAL OCCURRENCES
COLUMN 17 PEAK WIND IN M.P.H.
PRELIMINARY LOCAL CLIMATOLOGICAL DATA (WS FORM: F-6) , PAGE 2
STATION: BEAUMONT PORT ARTHUR
MONTH: OCTOBER
YEAR: 2020
LATITUDE: 29 57 N
LONGITUDE: 94 1 W
[TEMPERATURE DATA] [PRECIPITATION DATA] SYMBOLS USED IN COLUMN 16
AVERAGE MONTHLY: 71.0 TOTAL FOR MONTH: 7.74 1 = FOG OR MIST
DPTR FM NORMAL: 0.4 DPTR FM NORMAL: 2.16 2 = FOG REDUCING VISIBILITY
HIGHEST: 88 ON 12,11 GRTST 24HR 4.74 ON 9- 9 TO 1/4 MILE OR LESS
LOWEST: 43 ON 29 3 = THUNDER
SNOW, ICE PELLETS, HAIL 4 = ICE PELLETS
TOTAL MONTH: 0.0 INCH 5 = HAIL
GRTST 24HR 0.0 6 = FREEZING RAIN OR DRIZZLE
GRTST DEPTH: 0 7 = DUSTSTORM OR SANDSTORM:
VSBY 1/2 MILE OR LESS
8 = SMOKE OR HAZE
[NO. OF DAYS WITH] [WEATHER - DAYS WITH] 9 = BLOWING SNOW
X = TORNADO
MAX 32 OR BELOW: 0 0.01 INCH OR MORE: 7
MAX 90 OR ABOVE: 0 0.10 INCH OR MORE: 6
MIN 32 OR BELOW: 0 0.50 INCH OR MORE: 2
MIN 0 OR BELOW: 0 1.00 INCH OR MORE: 2
[HDD (BASE 65) ]
TOTAL THIS MO. 28 CLEAR (SCALE 0-3) 10
DPTR FM NORMAL -5 PTCLDY (SCALE 4-7) 10
TOTAL FM JUL 1 28 CLOUDY (SCALE 8-10) 6
DPTR FM NORMAL -6
[CDD (BASE 65) ]
TOTAL THIS MO. 222
DPTR FM NORMAL 17 [PRESSURE DATA]
TOTAL FM JAN 1 3067 HIGHEST SLP 30.27 ON 30
DPTR FM NORMAL 276 LOWEST SLP 29.23 ON 9
[REMARKS]
#FINAL-10-20#