000
CXUS55 KDVN 011000
CF6BRL
PRELIMINARY LOCAL CLIMATOLOGICAL DATA (WS FORM: F-6)
STATION: BURLINGTON IA
MONTH: AUGUST
YEAR: 2022
LATITUDE: 40 46 N
LONGITUDE: 91 7 W
TEMPERATURE IN F: :PCPN: SNOW: WIND :SUNSHINE: SKY :PK WND
================================================================================
1 2 3 4 5 6A 6B 7 8 9 10 11 12 13 14 15 16 17 18
12Z AVG MX 2MIN
DY MAX MIN AVG DEP HDD CDD WTR SNW DPTH SPD SPD DIR MIN PSBL S-S WX SPD DR
================================================================================
1 89 71 80 5 0 15 0.45 M M 5.7 14 40 M M 1 138 20 360
2 86 73 80 5 0 15 0.00 M M 12.8 29 20 M M 0 3 37 20
3 85 72 79 4 0 14 0.02 M M 7.7 17 220 M M 2 13 24 220
4 88 69 79 4 0 14 0.00 M M 4.6 12 30 M M 2 1 16 310
5 89 67 78 3 0 13 0.00 M M 5.5 13 140 M M 4 12 18 140
6 93 73 83 8 0 18 0.00 M M 9.2 16 180 M M 1 1 21 200
7 87 78 83 8 0 18 0.00 M M 7.8 16 180 M M 3 8 22 180
8 81 62 72 -3 0 7 0.29 M M 7.6 18 350 M M 7 13 26 360
9 80 60 70 -5 0 5 0.00 M M 5.8 12 30 M M 2 17 30
10 83 56 70 -4 0 5 0.00 M M 1.9 8 150 M M 0 1 12 90
11 86 60 73 -1 0 8 0.00 M M 4.7 15 40 M M 3 18 21 50
12 77 63 70 -4 0 5 T M M 6.3 18 20 M M 5 26 20
13 87 66 77 3 0 12 0.00 M M 11.7 21 190 M M 2 28 190
14 76 68 72 -2 0 7 0.00 M M 8.3 15 360 M M 10 1 19 20
15 78 63 71 -3 0 6 0.10 M M 6.3 14 60 M M 3 1 20 60
16 81 63 72 -2 0 7 0.00 M M 6.8 13 50 M M 1 1 19 40
17 81 56 69 -5 0 4 0.00 M M 5.3 12 40 M M 1 19 30
18 83 53 68 -6 0 3 0.00 M M 4.0 12 180 M M 1 18 15 170
19 84 61 73 -1 0 8 0.00 M M 9.2 21 190 M M 4 38 30 170
20 80 64 72 -2 0 7 0.15 M M 6.5 22 230 M M 5 13 33 240
21 78 59 69 -4 0 4 0.00 M M 6.5 12 360 M M 6 18 16 350
22 82 56 69 -4 0 4 0.00 M M 3.8 10 50 M M 3 1 15 30
23 81 64 73 0 0 8 0.00 M M 3.4 10 50 M M 6 1 16 60
24 85 62 74 1 0 9 0.00 M M 4.8 12 110 M M 3 15 110
25 86 68 77 4 0 12 0.00 M M 7.1 15 10 M M 3 8 20 320
26 81 64 73 0 0 8 0.00 M M 5.9 13 40 M M 1 1 21 10
27 87 66 77 5 0 12 0.00 M M 7.8 14 170 M M 0 19 170
28 87 71 79 7 0 14 0.01 M M 12.0 21 200 M M 2 27 210
29 93 66 80 8 0 15 0.00 M M 8.0 20 270 M M 3 31 270
30 82 58 70 -2 0 5 0.00 M M 7.6 21 340 M M 0 18 29 340
31 87 53 70 -2 0 5 0.00 M M 2.8 9 170 M M 0 18 12 330
================================================================================
SM 2603 1985 0 287 1.02 M 207.4 M 84
================================================================================
AV 84.0 64.0 6.7 FASTST M M 3 MAX(MPH)
MISC ----> 29 20 37 20
================================================================================
NOTES:
# LAST OF SEVERAL OCCURRENCES
COLUMN 17 PEAK WIND IN M.P.H.
PRELIMINARY LOCAL CLIMATOLOGICAL DATA (WS FORM: F-6) , PAGE 2
STATION: BURLINGTON IA
MONTH: AUGUST
YEAR: 2022
LATITUDE: 40 46 N
LONGITUDE: 91 7 W
[TEMPERATURE DATA] [PRECIPITATION DATA] SYMBOLS USED IN COLUMN 16
AVERAGE MONTHLY: 74.0 TOTAL FOR MONTH: 1.02 1 = FOG OR MIST
DPTR FM NORMAL: 0.2 DPTR FM NORMAL: -2.75 2 = FOG REDUCING VISIBILITY
HIGHEST: 93 ON 29, 6 GRTST 24HR 0.45 ON 1- 1 TO 1/4 MILE OR LESS
LOWEST: 53 ON 31,18 3 = THUNDER
SNOW, ICE PELLETS, HAIL 4 = ICE PELLETS
TOTAL MONTH: M 5 = HAIL
GRTST 24HR M ON M 6 = FREEZING RAIN OR DRIZZLE
GRTST DEPTH: M ON M 7 = DUSTSTORM OR SANDSTORM:
VSBY 1/2 MILE OR LESS
8 = SMOKE OR HAZE
[NO. OF DAYS WITH] [WEATHER - DAYS WITH] 9 = BLOWING SNOW
X = TORNADO
MAX 32 OR BELOW: 0 0.01 INCH OR MORE: 6
MAX 90 OR ABOVE: 2 0.10 INCH OR MORE: 4
MIN 32 OR BELOW: 0 0.50 INCH OR MORE: 0
MIN 0 OR BELOW: 0 1.00 INCH OR MORE: 0
[HDD (BASE 65) ]
TOTAL THIS MO. 0 CLEAR (SCALE 0-3) 21
DPTR FM NORMAL -4 PTCLDY (SCALE 4-7) 9
TOTAL FM JUL 1 0 CLOUDY (SCALE 8-10) 1
DPTR FM NORMAL -2
[CDD (BASE 65) ]
TOTAL THIS MO. 287
DPTR FM NORMAL 12 [PRESSURE DATA]
TOTAL FM JAN 1 1000 HIGHEST SLP 30.26 ON 12
DPTR FM NORMAL 64 LOWEST SLP 29.72 ON 28
[REMARKS]
#FINAL-08-22#