000
CXUS55 KDVN 011000
CF6BRL
PRELIMINARY LOCAL CLIMATOLOGICAL DATA (WS FORM: F-6)
STATION: BURLINGTON IA
MONTH: OCTOBER
YEAR: 2021
LATITUDE: 40 46 N
LONGITUDE: 91 7 W
TEMPERATURE IN F: :PCPN: SNOW: WIND :SUNSHINE: SKY :PK WND
================================================================================
1 2 3 4 5 6A 6B 7 8 9 10 11 12 13 14 15 16 17 18
12Z AVG MX 2MIN
DY MAX MIN AVG DEP HDD CDD WTR SNW DPTH SPD SPD DIR MIN PSBL S-S WX SPD DR
================================================================================
1 82 61 72 11 0 7 0.00 M M 5.9 18 180 M M 4 24 170
2 77 66 72 12 0 7 0.04 M M 6.0 15 250 M M 4 1 20 240
3 74 59 67 7 0 2 0.01 M M 6.0 16 300 M M 6 1 24 310
4 72 54 63 4 2 0 0.00 M M 5.8 13 340 M M 6 17 350
5 71 60 66 7 0 1 T M M 7.8 13 50 M M 8 18 16 70
6 70 63 67 9 0 2 T M M 8.1 14 50 M M 9 18 19 60
7 75 61 68 10 0 3 0.26 M M 2.6 13 360 M M 8 18 16 10
8 79 60 70 12 0 5 0.00 M M 3.1 12 210 M M 4 12 17 240
9 79 63 71 14 0 6 0.00 M M 9.1 16 140 M M 1 23 180
10 82 66 74 17 0 9 0.14 M M 9.1 18 180 M M 3 13 27 180
11 72 57 65 9 0 0 1.35 M M 10.0 22 100 M M 8 13 30 100
12 73 50 62 6 3 0 0.00 M M 5.2 14 280 M M 1 20 270
13 75 56 66 10 0 1 0.18 M M 9.8 20 190 M M 5 13 32 170
14 70 50 60 5 5 0 T M M 2.7 10 230 M M 4 8 15 270
15 62 45 54 -1 11 0 0.00 M M 9.1 18 350 M M 6 26 310
16 62 41 52 -2 13 0 0.00 M M 8.1 18 310 M M 0 29 310
17 70 43 57 3 8 0 0.00 M M 4.8 12 270 M M 0 8 17 270
18 73 44 59 6 6 0 0.00 M M 5.0 14 210 M M 0 18 230
19 71 47 59 6 6 0 0.00 M M 8.8 17 190 M M 0 25 170
20 72 50 61 9 4 0 0.00 M M 11.3 23 270 M M 3 8 33 290
21 52 46 49 -3 16 0 0.00 M M 10.2 18 300 M M 9 1 28 290
22 56 40 48 -4 17 0 0.00 M M 5.6 13 20 M M 6 18 280
23 56 36 46 -5 19 0 0.00 M M 6.7 13 80 M M 8 18 80
24 55 45 50 -1 15 0 2.14 M M 11.9 22 40 M M 10 13 30 80
25 54 37 46 -4 19 0 0.01 M M 11.7 30 360 M M 7 1 41 350
26 57 36 47 -3 18 0 0.00 M M 8.5 16 110 M M 0 8 23 120
27 58 46 52 2 13 0 T M M 11.2 22 140 M M 5 32 140
28 51 46 49 0 16 0 0.29 M M 13.0 21 40 M M 10 1 29 40
29 52 48 50 1 15 0 0.17 M M 15.2 24 360 M M 10 1 34 350
30 56 42 49 1 16 0 0.00 M M 6.5 14 340 M M 3 1 20 330
31 54 36 45 -3 20 0 0.00 M M 9.8 22 330 M M 0 34 320
================================================================================
SM 2062 1554 242 43 4.59 M 248.6 M 148
================================================================================
AV 66.5 50.1 8.0 FASTST M M 5 MAX(MPH)
MISC ----> 30 360 41 350
================================================================================
NOTES:
# LAST OF SEVERAL OCCURRENCES
COLUMN 17 PEAK WIND IN M.P.H.
PRELIMINARY LOCAL CLIMATOLOGICAL DATA (WS FORM: F-6) , PAGE 2
STATION: BURLINGTON IA
MONTH: OCTOBER
YEAR: 2021
LATITUDE: 40 46 N
LONGITUDE: 91 7 W
[TEMPERATURE DATA] [PRECIPITATION DATA] SYMBOLS USED IN COLUMN 16
AVERAGE MONTHLY: 58.3 TOTAL FOR MONTH: 4.59 1 = FOG OR MIST
DPTR FM NORMAL: 4.1 DPTR FM NORMAL: 1.50 2 = FOG REDUCING VISIBILITY
HIGHEST: 82 ON 10, 1 GRTST 24HR 2.14 ON 24-24 TO 1/4 MILE OR LESS
LOWEST: 36 ON 31,26 3 = THUNDER
SNOW, ICE PELLETS, HAIL 4 = ICE PELLETS
TOTAL MONTH: M 5 = HAIL
GRTST 24HR M ON M 6 = FREEZING RAIN OR DRIZZLE
GRTST DEPTH: M ON M 7 = DUSTSTORM OR SANDSTORM:
VSBY 1/2 MILE OR LESS
8 = SMOKE OR HAZE
[NO. OF DAYS WITH] [WEATHER - DAYS WITH] 9 = BLOWING SNOW
X = TORNADO
MAX 32 OR BELOW: 0 0.01 INCH OR MORE: 10
MAX 90 OR ABOVE: 0 0.10 INCH OR MORE: 7
MIN 32 OR BELOW: 0 0.50 INCH OR MORE: 2
MIN 0 OR BELOW: 0 1.00 INCH OR MORE: 2
[HDD (BASE 65) ]
TOTAL THIS MO. 242 CLEAR (SCALE 0-3) 9
DPTR FM NORMAL -110 PTCLDY (SCALE 4-7) 17
TOTAL FM JUL 1 258 CLOUDY (SCALE 8-10) 5
DPTR FM NORMAL -177
[CDD (BASE 65) ]
TOTAL THIS MO. 43
DPTR FM NORMAL 24 [PRESSURE DATA]
TOTAL FM JAN 1 1211 HIGHEST SLP 30.31 ON 31
DPTR FM NORMAL 129 LOWEST SLP 29.46 ON 28
[REMARKS]
#FINAL-10-21#