000
CXUS54 KBRO 010800
CF6BRO
PRELIMINARY LOCAL CLIMATOLOGICAL DATA (WS FORM: F-6)
STATION: BROWNSVILLE
MONTH: APRIL
YEAR: 2023
LATITUDE: 25 53 N
LONGITUDE: 97 26 W
TEMPERATURE IN F: :PCPN: SNOW: WIND :SUNSHINE: SKY :PK WND
================================================================================
1 2 3 4 5 6A 6B 7 8 9 10 11 12 13 14 15 16 17 18
12Z AVG MX 2MIN
DY MAX MIN AVG DEP HDD CDD WTR SNW DPTH SPD SPD DIR MIN PSBL S-S WX SPD DR
================================================================================
1 87 71 79 5 0 14 0.00 0.0 0 8.6 16 100 M M 8 1 22 90
2 87 73 80 6 0 15 0.00 0.0 0 15.0 26 170 M M 7 1 34 150
3 89 74 82 7 0 17 0.00 0.0 0 18.0 28 160 M M 7 35 150
4 90 74 82 7 0 17 0.00 0.0 0 21.5 37 170 M M 6 47 160
5 87 68 78 3 0 13 0.03 0.0 0 12.7 22 150 M M 9 18 33 150
6 69 57 63 -12 2 0 0.03 0.0 0 11.8 21 320 M M 10 1 28 330
7 65 56 61 -14 4 0 1.30 0.0 0 11.2 21 280 M M 10 13 28 290
8 69 57 63 -13 2 0 T 0.0 0 8.2 14 290 M M 10 1 19 330
9 79 64 72 -4 0 7 0.00 0.0 0 7.7 20 40 M M 9 30 80
10 82 68 75 -1 0 10 0.01 0.0 0 9.9 22 30 M M 8 33 30
11 79 62 71 -5 0 6 T 0.0 0 8.1 21 40 M M 3 28 50
12 80 58 69 -7 0 4 0.00 0.0 0 7.4 17 70 M M 1 1 24 40
13 83 55 69 -7 0 4 0.00 0.0 0 8.1 18 150 M M 1 1 26 140
14 86 69 78 2 0 13 0.00 0.0 0 14.0 26 170 M M 5 34 170
15 94 70 82 5 0 17 0.00 0.0 0 8.8 18 160 M M 3 18 25 180
16 82 61 72 -5 0 7 0.00 0.0 0 11.7 26 50 M M 3 1 38 50
17 81 55 68 -9 0 3 0.00 0.0 0 10.9 24 120 M M 2 35 100
18 81 71 76 -1 0 11 T 0.0 0 15.1 28 160 M M 5 35 150
19 84 72 78 1 0 13 0.00 0.0 0 14.0 24 130 M M 9 34 120
20 85 74 80 2 0 15 T 0.0 0 12.4 24 140 M M 10 1 31 130
21 90 73 82 4 0 17 0.01 0.0 0 5.6 20 60 M M 7 138 26 60
22 85 70 78 0 0 13 T 0.0 0 10.4 21 120 M M 7 1 28 110
23 86 64 75 -3 0 10 0.83 0.0 0 14.2 37 20 M M 9 13 59 20
24 76 62 69 -9 0 4 0.00 0.0 0 9.9 16 30 M M 9 25 360
25 80 64 72 -6 0 7 0.22 0.0 0 4.9 14 110 M M 6 18 17 90
26 89 71 80 2 0 15 0.00 0.0 0 7.9 18 140 M M 4 128 25 150
27 87 72 80 1 0 15 0.84 0.0 0 5.9 23 340 M M 6 13 33 340
28 89 69 79 0 0 14 0.00 0.0 0 8.4 18 150 M M 3 12 25 140
29 83 60 72 -7 0 7 1.77 0.0 0 14.4 39 310 M M 2 3 60 330
30 91 57 74 -5 0 9 0.00 0.0 M 5.4 13 130 M M 0 17 130
================================================================================
SM 2495 1971 8 297 5.04 0.0 322.1 M 179
================================================================================
AV 83.2 65.7 10.7 FASTST M M 6 MAX(MPH)
MISC ----> 39 310 60 330
================================================================================
NOTES:
# LAST OF SEVERAL OCCURRENCES
COLUMN 17 PEAK WIND IN M.P.H.
PRELIMINARY LOCAL CLIMATOLOGICAL DATA (WS FORM: F-6) , PAGE 2
STATION: BROWNSVILLE
MONTH: APRIL
YEAR: 2023
LATITUDE: 25 53 N
LONGITUDE: 97 26 W
[TEMPERATURE DATA] [PRECIPITATION DATA] SYMBOLS USED IN COLUMN 16
AVERAGE MONTHLY: 74.4 TOTAL FOR MONTH: 5.04 1 = FOG OR MIST
DPTR FM NORMAL: -2.3 DPTR FM NORMAL: 3.57 2 = FOG REDUCING VISIBILITY
HIGHEST: 94 ON 15 GRTST 24HR 1.77 ON 29-29 TO 1/4 MILE OR LESS
LOWEST: 55 ON 17,13 3 = THUNDER
SNOW, ICE PELLETS, HAIL 4 = ICE PELLETS
TOTAL MONTH: 0.0 INCH 5 = HAIL
GRTST 24HR 0.0 6 = FREEZING RAIN OR DRIZZLE
GRTST DEPTH: 0 7 = DUSTSTORM OR SANDSTORM:
VSBY 1/2 MILE OR LESS
8 = SMOKE OR HAZE
[NO. OF DAYS WITH] [WEATHER - DAYS WITH] 9 = BLOWING SNOW
X = TORNADO
MAX 32 OR BELOW: 0 0.01 INCH OR MORE: 9
MAX 90 OR ABOVE: 4 0.10 INCH OR MORE: 5
MIN 32 OR BELOW: 0 0.50 INCH OR MORE: 4
MIN 0 OR BELOW: 0 1.00 INCH OR MORE: 2
[HDD (BASE 65) ]
TOTAL THIS MO. 8 CLEAR (SCALE 0-3) 8
DPTR FM NORMAL 3 PTCLDY (SCALE 4-7) 13
TOTAL FM JUL 1 480 CLOUDY (SCALE 8-10) 9
DPTR FM NORMAL 62
[CDD (BASE 65) ]
TOTAL THIS MO. 297
DPTR FM NORMAL -59 [PRESSURE DATA]
TOTAL FM JAN 1 891 HIGHEST SLP M ON M
DPTR FM NORMAL 115 LOWEST SLP 29.58 ON 4
[REMARKS]
#FINAL-04-23#