000
CXUS54 KBRO 010800
CF6BRO
PRELIMINARY LOCAL CLIMATOLOGICAL DATA (WS FORM: F-6)
STATION: BROWNSVILLE
MONTH: AUGUST
YEAR: 2022
LATITUDE: 25 53 N
LONGITUDE: 97 26 W
TEMPERATURE IN F: :PCPN: SNOW: WIND :SUNSHINE: SKY :PK WND
================================================================================
1 2 3 4 5 6A 6B 7 8 9 10 11 12 13 14 15 16 17 18
12Z AVG MX 2MIN
DY MAX MIN AVG DEP HDD CDD WTR SNW DPTH SPD SPD DIR MIN PSBL S-S WX SPD DR
================================================================================
1 97 77 87 0 0 22 0.01 0.0 0 10.8 24 160 M M 1 35 130
2 98 79 89 2 0 24 T 0.0 0 15.1 24 150 M M 1 34 150
3 98 81 90 3 0 25 0.00 0.0 0 18.6 30 160 M M 1 41 170
4 98 81 90 3 0 25 0.00 0.0 0 16.0 28 140 M M 1 40 150
5 98 77 88 1 0 23 0.00 0.0 0 11.2 25 110 M M 1 32 110
6 97 79 88 0 0 23 0.00 0.0 0 10.4 23 140 M M 1 32 130
7 98 78 88 0 0 23 0.00 0.0 0 9.9 21 110 M M 1 3 29 100
8 96 77 87 -1 0 22 0.05 0.0 0 7.9 20 100 M M 2 3 27 110
9 97 78 88 0 0 23 0.00 0.0 0 7.1 18 140 M M 1 25 130
10 98 77 88 0 0 23 T 0.0 0 7.0 18 130 M M 1 26 90
11 99 79 89 1 0 24 0.00 0.0 0 6.4 17 90 M M 2 24 120
12 97 78 88 0 0 23 0.72 0.0 0 4.9 23 60 M M 1 3 28 60
13 92 78 85 -3 0 20 0.45 0.0 0 5.0 15 40 M M 2 13 22 30
14 90 77 84 -3 0 19 0.38 0.0 0 9.3 30 180 M M 6 13 39 190
15 95 81 88 1 0 23 T 0.0 0 13.4 25 140 M M 1 36 150
16 95 80 88 1 0 23 0.14 0.0 0 10.6 25 130 M M 3 34 150
17 97 79 88 1 0 23 T 0.0 0 9.1 21 130 M M 2 32 100
18 97 79 88 1 0 23 0.00 0.0 0 9.3 23 150 M M 1 29 160
19 96 77 87 0 0 22 0.00 0.0 0 10.4 22 130 M M 1 28 130
20 94 80 87 0 0 22 0.01 0.0 0 12.4 25 120 M M 4 34 140
21 94 77 86 -1 0 21 0.05 0.0 0 13.5 28 160 M M 6 38 170
22 97 78 88 1 0 23 T 0.0 0 13.2 23 130 M M 2 33 130
23 99 79 89 2 0 24 0.00 0.0 0 8.2 20 150 M M 1 26 140
24 98 78 88 1 0 23 0.00 0.0 0 9.2 20 160 M M 1 27 160
25 98 78 88 1 0 23 0.00 0.0 0 5.9 18 100 M M 2 3 25 100
26 93 78 86 0 0 21 1.01 0.0 0 4.8 23 160 M M 5 13 29 170
27 95 77 86 0 0 21 0.00 0.0 0 8.4 20 90 M M 2 26 130
28 95 79 87 1 0 22 T 0.0 0 7.3 18 120 M M 2 27 130
29 92 80 86 0 0 21 T 0.0 0 10.9 20 130 M M 1 26 120
30 95 81 88 2 0 23 0.05 0.0 0 9.9 26 140 M M 2 33 150
31 96 78 87 1 0 22 0.00 0.0 0 6.9 17 80 M M 1 26 110
================================================================================
SM 2979 2435 0 699 2.87 0.0 303.0 M 59
================================================================================
AV 96.1 78.5 9.8 FASTST M M 2 MAX(MPH)
MISC ----> # 30 160 41 170
================================================================================
NOTES:
# LAST OF SEVERAL OCCURRENCES
COLUMN 17 PEAK WIND IN M.P.H.
PRELIMINARY LOCAL CLIMATOLOGICAL DATA (WS FORM: F-6) , PAGE 2
STATION: BROWNSVILLE
MONTH: AUGUST
YEAR: 2022
LATITUDE: 25 53 N
LONGITUDE: 97 26 W
[TEMPERATURE DATA] [PRECIPITATION DATA] SYMBOLS USED IN COLUMN 16
AVERAGE MONTHLY: 87.3 TOTAL FOR MONTH: 2.87 1 = FOG OR MIST
DPTR FM NORMAL: 0.3 DPTR FM NORMAL: 0.71 2 = FOG REDUCING VISIBILITY
HIGHEST: 99 ON 23,11 GRTST 24HR 1.11 ON 12-13 TO 1/4 MILE OR LESS
LOWEST: 77 ON 27,21 3 = THUNDER
SNOW, ICE PELLETS, HAIL 4 = ICE PELLETS
TOTAL MONTH: 0.0 INCH 5 = HAIL
GRTST 24HR 0.0 6 = FREEZING RAIN OR DRIZZLE
GRTST DEPTH: 0 7 = DUSTSTORM OR SANDSTORM:
VSBY 1/2 MILE OR LESS
8 = SMOKE OR HAZE
[NO. OF DAYS WITH] [WEATHER - DAYS WITH] 9 = BLOWING SNOW
X = TORNADO
MAX 32 OR BELOW: 0 0.01 INCH OR MORE: 10
MAX 90 OR ABOVE: 31 0.10 INCH OR MORE: 5
MIN 32 OR BELOW: 0 0.50 INCH OR MORE: 2
MIN 0 OR BELOW: 0 1.00 INCH OR MORE: 1
[HDD (BASE 65) ]
TOTAL THIS MO. 0 CLEAR (SCALE 0-3) 27
DPTR FM NORMAL 0 PTCLDY (SCALE 4-7) 4
TOTAL FM JUL 1 0 CLOUDY (SCALE 8-10) 0
DPTR FM NORMAL 0
[CDD (BASE 65) ]
TOTAL THIS MO. 699
DPTR FM NORMAL 16 [PRESSURE DATA]
TOTAL FM JAN 1 3393 HIGHEST SLP M ON M
DPTR FM NORMAL 125 LOWEST SLP 29.73 ON 28
[REMARKS]
#FINAL-08-22#