000
CXUS54 KBRO 010900
CF6BRO
PRELIMINARY LOCAL CLIMATOLOGICAL DATA (WS FORM: F-6)
STATION: BROWNSVILLE
MONTH: FEBRUARY
YEAR: 2020
LATITUDE: 25 53 N
LONGITUDE: 97 26 W
TEMPERATURE IN F: :PCPN: SNOW: WIND :SUNSHINE: SKY :PK WND
================================================================================
1 2 3 4 5 6A 6B 7 8 9 10 11 12 13 14 15 16 17 18
12Z AVG MX 2MIN
DY MAX MIN AVG DEP HDD CDD WTR SNW DPTH SPD SPD DIR MIN PSBL S-S WX SPD DR
================================================================================
1 72 49 61 -1 4 0 0.00 0.0 0 7.4 17 330 M M 0 21 320
2 76 44 60 -2 5 0 0.00 0.0 0 9.3 22 160 M M 0 1 26 180
3 79 62 71 8 0 6 0.02 0.0 0 19.3 37 160 M M 2 47 160
4 88 68 78 15 0 13 0.01 0.0 0 16.9 36 150 M M 3 1 43 150
5 72 50 61 -2 4 0 0.00 0.0 0 13.4 21 330 M M 9 18 30 320
6 69 42 56 -7 9 0 0.00 0.0 0 11.3 21 330 M M 0 27 330
7 76 41 59 -4 6 0 0.00 0.0 0 11.6 28 190 M M 0 37 170
8 79 56 68 5 0 3 T 0.0 0 11.9 24 130 M M 5 1 31 130
9 80 72 76 13 0 11 T 0.0 0 19.6 35 160 M M 10 44 140
10 86 72 79 15 0 14 0.00 0.0 0 19.5 36 160 M M 9 45 160
11 81 52 67 3 0 2 0.01 0.0 0 11.9 21 160 M M 10 23 150
12 60 51 56 -8 9 0 T 0.0 0 8.7 16 320 M M 10 1 21 310
13 70 53 62 -2 3 0 0.00 0.0 0 9.3 21 40 M M 5 27 40
14 67 50 59 -5 6 0 0.00 0.0 0 7.7 16 30 M M 8 22 30
15 81 52 67 3 0 2 0.00 0.0 0 8.1 20 150 M M 2 24 150
16 83 63 73 9 0 8 0.00 0.0 0 5.1 17 150 M M 6 1 20 150
17 84 70 77 13 0 12 0.00 0.0 0 16.6 32 170 M M 6 1 38 160
18 87 71 79 14 0 14 0.00 0.0 0 16.4 30 160 M M 7 37 150
19 72 60 66 1 0 1 0.02 0.0 0 8.1 14 340 M M 10 18 19 350
20 60 49 55 -10 10 0 0.03 0.0 0 12.5 21 320 M M 10 1 29 330
21 56 48 52 -13 13 0 0.01 0.0 0 12.5 21 350 M M 6 28 330
22 69 47 58 -7 7 0 0.00 0.0 0 7.7 17 100 M M 6 22 90
23 80 60 70 5 0 5 T 0.0 0 13.2 25 150 M M 7 29 160
24 86 66 76 10 0 11 T 0.0 0 8.7 22 170 M M 6 1 27 170
25 77 64 71 5 0 6 T 0.0 0 5.6 25 10 M M 8 12 39 360
26 66 45 56 -10 9 0 0.00 0.0 0 14.3 29 10 M M 5 42 360
27 67 40 54 -12 11 0 0.00 0.0 0 6.1 16 90 M M 0 20 70
28 76 41 59 -7 6 0 0.00 0.0 0 5.1 17 110 M M 0 22 110
29 78 45 62 -4 3 0 0.00 0.0 0 13.6 30 160 M M 0 36 140
================================================================================
SM 2177 1583 105 108 0.10 0.0 331.4 M 150
================================================================================
AV 75.1 54.6 11.4 FASTST M M 5 MAX(MPH)
MISC ----> # 37 160 # 47 160
================================================================================
NOTES:
# LAST OF SEVERAL OCCURRENCES
COLUMN 17 PEAK WIND IN M.P.H.
PRELIMINARY LOCAL CLIMATOLOGICAL DATA (WS FORM: F-6) , PAGE 2
STATION: BROWNSVILLE
MONTH: FEBRUARY
YEAR: 2020
LATITUDE: 25 53 N
LONGITUDE: 97 26 W
[TEMPERATURE DATA] [PRECIPITATION DATA] SYMBOLS USED IN COLUMN 16
AVERAGE MONTHLY: 64.8 TOTAL FOR MONTH: 0.10 1 = FOG OR MIST
DPTR FM NORMAL: 0.6 DPTR FM NORMAL: -0.98 2 = FOG REDUCING VISIBILITY
HIGHEST: 88 ON 4 GRTST 24HR 0.10 ON 31- 1 TO 1/4 MILE OR LESS
LOWEST: 40 ON 27 3 = THUNDER
SNOW, ICE PELLETS, HAIL 4 = ICE PELLETS
TOTAL MONTH: 0.0 INCH 5 = HAIL
GRTST 24HR 0.0 6 = FREEZING RAIN OR DRIZZLE
GRTST DEPTH: 0 7 = DUSTSTORM OR SANDSTORM:
VSBY 1/2 MILE OR LESS
8 = SMOKE OR HAZE
[NO. OF DAYS WITH] [WEATHER - DAYS WITH] 9 = BLOWING SNOW
X = TORNADO
MAX 32 OR BELOW: 0 0.01 INCH OR MORE: 6
MAX 90 OR ABOVE: 0 0.10 INCH OR MORE: 0
MIN 32 OR BELOW: 0 0.50 INCH OR MORE: 0
MIN 0 OR BELOW: 0 1.00 INCH OR MORE: 0
[HDD (BASE 65) ]
TOTAL THIS MO. 105 CLEAR (SCALE 0-3) 10
DPTR FM NORMAL 1 PTCLDY (SCALE 4-7) 12
TOTAL FM JUL 1 317 CLOUDY (SCALE 8-10) 7
DPTR FM NORMAL -189
[CDD (BASE 65) ]
TOTAL THIS MO. 108
DPTR FM NORMAL 26 [PRESSURE DATA]
TOTAL FM JAN 1 230 HIGHEST SLP 30.61 ON 21
DPTR FM NORMAL 85 LOWEST SLP 29.63 ON 5
[REMARKS]
#FINAL-02-20#