000
CXUS53 KGRR 011010
CF6BTL
PRELIMINARY LOCAL CLIMATOLOGICAL DATA (WS FORM: F-6)
STATION: BATTLE CREEK
MONTH: FEBRUARY
YEAR: 2023
LATITUDE: 42 17 N
LONGITUDE: 85 14 W
TEMPERATURE IN F: :PCPN: SNOW: WIND :SUNSHINE: SKY :PK WND
================================================================================
1 2 3 4 5 6A 6B 7 8 9 10 11 12 13 14 15 16 17 18
12Z AVG MX 2MIN
DY MAX MIN AVG DEP HDD CDD WTR SNW DPTH SPD SPD DIR MIN PSBL S-S WX SPD DR
================================================================================
1 23 7 15 -9 50 0 T M M 10.4 17 210 M M 3 18 21 230
2 33 15 24 0 41 0 T M M 13.9 26 260 M M 4 32 270
3 19 9 14 -10 51 0 T M M 9.3 21 330 M M 7 30 320
4 35 12 24 0 41 0 0.00 M M 13.5 26 200 M M 3 35 190
5 41 31 36 12 29 0 0.00 M M 14.6 22 260 M M 5 27 270
6 36 26 31 7 34 0 0.00 M M 9.1 17 140 M M 3 26 150
7 47 31 39 15 26 0 T M M 15.8 29 260 M M 9 39 250
8 45 25 35 10 30 0 0.00 M M 4.8 9 170 M M 1 128 12 180
9 53 36 45 20 20 0 1.22 M M 13.7 29 260 M M 10 18 40 200
10 39 25 32 7 33 0 T M M 13.3 25 300 M M 8 33 270
11 46 18 32 7 33 0 0.00 M M 7.6 16 220 M M 0 23 240
12 53 25 39 13 26 0 0.00 M M 7.8 16 260 M M 0 21 260
13 47 25 36 10 29 0 0.00 M M 10.5 22 300 M M 0 30 290
14 56 26 41 15 24 0 0.01 M M 12.1 23 170 M M 3 34 180
15 54 38 46 20 19 0 0.02 M M 20.0 33 240 M M 10 47 230
16 38 24 31 5 34 0 0.17 M M 11.2 22 50 M M 10 16 30 50
17 27 18 23 -4 42 0 T M M 12.2 22 310 M M 7 16 32 10
18 43 20 32 5 33 0 0.00 M M 13.6 22 240 M M 0 28 230
19 53 36 45 18 20 0 0.00 M M 13.9 28 230 M M 4 36 230
20 45 24 35 7 30 0 0.00 M M 4.0 14 170 M M 3 1 19 160
21 39 27 33 5 32 0 T M M 13.1 30 270 M M 6 45 250
22 34 29 32 4 33 0 1.02 M M 12.0 21 80 M M 10 16 29 70
23 42 30 36 8 29 0 0.01 M M 13.0 30 280 M M 10 16 46 260
24 31 24 28 -1 37 0 T M M 8.1 22 300 M M 9 29 320
25 34 25 30 1 35 0 0.01 M M 8.7 15 230 M M 9 1 22 230
26 46 24 35 5 30 0 0.00 M M 9.8 21 280 M M 3 1 26 280
27 40 26 33 3 32 0 1.14 M M 11.2 25 110 M M 7 16 38 100
28 48 35 42 12 23 0 0.01 M M 9.4 29 290 M M 6 1 41 300
================================================================================
SM 1147 691 896 0 3.61 M 316.6 M 150
================================================================================
AV 41.0 24.7 11.3 FASTST M M 5 MAX(MPH)
MISC ----> 33 240 47 230
================================================================================
NOTES:
# LAST OF SEVERAL OCCURRENCES
COLUMN 17 PEAK WIND IN M.P.H.
PRELIMINARY LOCAL CLIMATOLOGICAL DATA (WS FORM: F-6) , PAGE 2
STATION: BATTLE CREEK
MONTH: FEBRUARY
YEAR: 2023
LATITUDE: 42 17 N
LONGITUDE: 85 14 W
[TEMPERATURE DATA] [PRECIPITATION DATA] SYMBOLS USED IN COLUMN 16
AVERAGE MONTHLY: 32.8 TOTAL FOR MONTH: 3.61 1 = FOG OR MIST
DPTR FM NORMAL: 6.4 DPTR FM NORMAL: 2.40 2 = FOG REDUCING VISIBILITY
HIGHEST: 56 ON 14 GRTST 24HR 1.22 ON 9- 9 TO 1/4 MILE OR LESS
LOWEST: 7 ON 1 3 = THUNDER
SNOW, ICE PELLETS, HAIL 4 = ICE PELLETS
TOTAL MONTH: M 5 = HAIL
GRTST 24HR M ON M 6 = FREEZING RAIN OR DRIZZLE
GRTST DEPTH: M ON M 7 = DUSTSTORM OR SANDSTORM:
VSBY 1/2 MILE OR LESS
8 = SMOKE OR HAZE
[NO. OF DAYS WITH] [WEATHER - DAYS WITH] 9 = BLOWING SNOW
X = TORNADO
MAX 32 OR BELOW: 4 0.01 INCH OR MORE: 9
MAX 90 OR ABOVE: 0 0.10 INCH OR MORE: 4
MIN 32 OR BELOW: 24 0.50 INCH OR MORE: 3
MIN 0 OR BELOW: 0 1.00 INCH OR MORE: 3
[HDD (BASE 65) ]
TOTAL THIS MO. 896 CLEAR (SCALE 0-3) 8
DPTR FM NORMAL -185 PTCLDY (SCALE 4-7) 12
TOTAL FM JUL 1 4107 CLOUDY (SCALE 8-10) 8
DPTR FM NORMAL -638
[CDD (BASE 65) ]
TOTAL THIS MO. 0
DPTR FM NORMAL 0 [PRESSURE DATA]
TOTAL FM JAN 1 0 HIGHEST SLP 30.64 ON 24
DPTR FM NORMAL 0 LOWEST SLP 29.18 ON 27
[REMARKS]
#FINAL-02-23#