000
CXUS54 KLIX 010910
CF6BTR
PRELIMINARY LOCAL CLIMATOLOGICAL DATA (WS FORM: F-6)
STATION: BATON ROUGE
MONTH: FEBRUARY
YEAR: 2023
LATITUDE: 30 31 N
LONGITUDE: 91 9 W
TEMPERATURE IN F: :PCPN: SNOW: WIND :SUNSHINE: SKY :PK WND
================================================================================
1 2 3 4 5 6A 6B 7 8 9 10 11 12 13 14 15 16 17 18
12Z AVG MX 2MIN
DY MAX MIN AVG DEP HDD CDD WTR SNW DPTH SPD SPD DIR MIN PSBL S-S WX SPD DR
================================================================================
1 51 42 47 -6 18 0 0.02 M M 6.8 15 60 M M 10 1 18 60
2 49 44 47 -6 18 0 0.62 M M 6.9 18 290 M M 10 1 26 270
3 61 39 50 -4 15 0 0.00 0.0 M 8.6 17 30 M M 3 23 30
4 63 34 49 -5 16 0 0.00 0.0 M 4.5 12 150 M M 0 15 110
5 71 40 56 2 9 0 0.00 0.0 M 2.6 14 300 M M 2 1 20 280
6 73 41 57 3 8 0 0.00 0.0 M 5.6 15 170 M M 0 20 120
7 80 52 66 12 0 1 T 0.0 M 5.7 12 70 M M 5 1 15 80
8 81 63 72 18 0 7 1.42 0.0 M 11.4 26 230 M M 9 123 38 220
9 72 49 61 6 4 0 0.00 0.0 M 5.0 20 290 M M 2 30 280
10 63 46 55 0 10 0 0.00 0.0 M 4.7 14 70 M M 5 18 70
11 51 44 48 -7 17 0 0.08 0.0 M 8.4 21 300 M M 7 1 36 300
12 64 40 52 -3 13 0 0.00 0.0 M 6.5 14 260 M M 0 20 280
13 73 39 56 0 9 0 0.00 0.0 M 5.2 12 210 M M 0 18 260
14 75 50 63 7 2 0 0.04 M M 11.1 26 190 M M 6 18 38 190
15 79 68 74 18 0 9 T 0.0 M 12.7 22 170 M M 10 31 160
16 82 50 66 10 0 1 1.21 M M 13.8 30 200 M M 10 13 38 200
17 50 38 44 -12 21 0 T M M 10.3 20 360 M M 2 31 360
18 59 32 46 -11 19 0 0.00 0.0 M 4.7 15 50 M M 0 19 40
19 71 39 55 -2 10 0 0.00 0.0 M 5.5 14 240 M M 1 18 240
20 80 56 68 11 0 3 0.00 0.0 M 12.2 22 210 M M 5 33 250
21 82 68 75 18 0 10 0.00 0.0 M 12.5 21 210 M M 8 28 210
22 83 69 76 18 0 11 0.00 0.0 M 16.4 35 180 M M 9 45 170
23 87 70 79 21 0 14 0.00 0.0 M 8.3 20 200 M M 8 1 26 190
24 86 70 78 20 0 13 T 0.0 M 7.4 16 200 M M 6 1 24 180
25 86 67 77 19 0 12 0.00 0.0 M 6.1 16 210 M M 5 1 23 190
26 84 64 74 16 0 9 0.00 0.0 M 8.1 18 190 M M 3 18 28 180
27 83 71 77 18 0 12 0.00 0.0 M 14.6 25 220 M M 9 33 220
28 87 66 77 18 0 12 0.00 0.0 M 8.6 18 190 M M 4 1 26 210
================================================================================
SM 2026 1451 189 114 3.39 0.0 234.2 M 139
================================================================================
AV 72.4 51.8 8.4 FASTST M M 5 MAX(MPH)
MISC ----> 35 180 45 170
================================================================================
NOTES:
# LAST OF SEVERAL OCCURRENCES
COLUMN 17 PEAK WIND IN M.P.H.
PRELIMINARY LOCAL CLIMATOLOGICAL DATA (WS FORM: F-6) , PAGE 2
STATION: BATON ROUGE
MONTH: FEBRUARY
YEAR: 2023
LATITUDE: 30 31 N
LONGITUDE: 91 9 W
[TEMPERATURE DATA] [PRECIPITATION DATA] SYMBOLS USED IN COLUMN 16
AVERAGE MONTHLY: 62.1 TOTAL FOR MONTH: 3.39 1 = FOG OR MIST
DPTR FM NORMAL: 6.2 DPTR FM NORMAL: -1.03 2 = FOG REDUCING VISIBILITY
HIGHEST: 87 ON 28,23 GRTST 24HR 1.42 ON 8- 8 TO 1/4 MILE OR LESS
LOWEST: 32 ON 18 3 = THUNDER
SNOW, ICE PELLETS, HAIL 4 = ICE PELLETS
TOTAL MONTH: 0.0 INCH 5 = HAIL
GRTST 24HR 0.0 6 = FREEZING RAIN OR DRIZZLE
GRTST DEPTH: M ON M 7 = DUSTSTORM OR SANDSTORM:
VSBY 1/2 MILE OR LESS
8 = SMOKE OR HAZE
[NO. OF DAYS WITH] [WEATHER - DAYS WITH] 9 = BLOWING SNOW
X = TORNADO
MAX 32 OR BELOW: 0 0.01 INCH OR MORE: 6
MAX 90 OR ABOVE: 0 0.10 INCH OR MORE: 3
MIN 32 OR BELOW: 1 0.50 INCH OR MORE: 3
MIN 0 OR BELOW: 0 1.00 INCH OR MORE: 2
[HDD (BASE 65) ]
TOTAL THIS MO. 189 CLEAR (SCALE 0-3) 10
DPTR FM NORMAL -90 PTCLDY (SCALE 4-7) 11
TOTAL FM JUL 1 987 CLOUDY (SCALE 8-10) 7
DPTR FM NORMAL -334
[CDD (BASE 65) ]
TOTAL THIS MO. 114
DPTR FM NORMAL 89 [PRESSURE DATA]
TOTAL FM JAN 1 163 HIGHEST SLP 30.50 ON 18
DPTR FM NORMAL 123 LOWEST SLP 29.80 ON 27
[REMARKS]
#FINAL-02-23#