000
CXAK56 PAFG 011038
CF6BTT
PRELIMINARY LOCAL CLIMATOLOGICAL DATA (WS FORM: F-6)
STATION: BETTLES AK
MONTH: JUNE
YEAR: 2023
LATITUDE: 66 55 N
LONGITUDE: 151 31 W
TEMPERATURE IN F: :PCPN: SNOW: WIND :SUNSHINE: SKY :PK WND
================================================================================
1 2 3 4 5 6A 6B 7 8 9 10 11 12 13 14 15 16 17 18
12Z AVG MX 2MIN
DY MAX MIN AVG DEP HDD CDD WTR SNW DPTH SPD SPD DIR MIN PSBL S-S WX SPD DR
================================================================================
1 46 33 40 -13 25 0 0.12 M M 4.2 14 240 M M 9 1 22 210
2 37 30 34 -20 31 0 0.05 M M 7.5 20 220 M M 9 1 26 220
3 48 29 39 -15 26 0 0.32 M M 6.6 14 170 M M 9 1 24 160
4 54 42 48 -6 17 0 0.06 M M 4.2 12 230 M M 9 1 15 170
5 69 34 52 -3 13 0 0.00 0.0 0 2.8 9 30 M M 4 15 20
6 77 54 66 10 0 1 0.00 M M 4.8 16 150 M M 6 24 150
7 77 53 65 9 0 0 0.16 M M 5.7 25 120 M M 7 3 42 130
8 75 55 65 9 0 0 0.02 M M 5.4 9 270 M M 8 3 18 99
9 67 50 59 2 6 0 0.32 M M 2.6 15 260 M M 9 13 21 280
10 64 47 56 -1 9 0 0.36 M M 4.3 10 230 M M 9 1 M M
11 68 47 58 0 7 0 0.04 M M 3.5 17 120 M M 8 1 24 160
12 63 47 55 -3 10 0 T M M 7.4 22 240 M M 7 30 230
13 59 42 51 -7 14 0 T M M 7.4 17 220 M M 7 24 200
14 59 44 52 -7 13 0 0.02 M M 6.0 17 240 M M 8 1 21 230
15 68 35 52 -7 13 0 T M M 3.1 14 30 M M 4 3 23 40
16 74 48 61 2 4 0 0.00 0.0 0 4.4 12 20 M M 6 20 20
17 70 53 62 2 3 0 0.01 M M 6.7 21 250 M M 6 27 240
18 61 47 54 -6 11 0 T 0.0 0 7.2 16 260 M M 7 22 230
19 60 45 53 -7 12 0 0.05 0.0 0 6.2 13 220 M M 7 1 18 210
20 69 40 55 -5 10 0 0.00 M M 6.1 17 250 M M 4 27 220
21 71 45 58 -3 7 0 0.00 M M 8.2 18 240 M M 6 25 260
22 72 53 63 2 2 0 0.00 M M 3.8 15 230 M M 7 22 240
23 73 55 64 3 1 0 0.03 M M 3.7 13 170 M M 7 21 160
24 76 57 67 6 0 2 0.03 M M 2.3 12 260 M M 7 15 260
25 69 55 62 1 3 0 0.32 M M 4.4 18 260 M M 8 13 23 190
26 66 50 58 -4 7 0 0.00 M M 5.3 14 240 M M 6 1 18 250
27 73 43 58 -4 7 0 0.00 M M 2.6 16 260 M M 6 21 270
28 72 55 64 2 1 0 T M M 3.6 12 120 M M 9 17 50
29 64 56 60 -2 5 0 0.44 M M 2.8 9 130 M M 9 1 14 40
30 63 51 57 -5 8 0 0.02 M M 6.9 18 230 M M 7 1 24 240
================================================================================
SM 1964 1395 265 3 2.37 0.0 149.7 M 215
================================================================================
AV 65.5 46.5 5.0 FASTST M M 7 MAX(MPH)
MISC ----> 25 120 42 130
================================================================================
NOTES:
# LAST OF SEVERAL OCCURRENCES
COLUMN 17 PEAK WIND IN M.P.H.
PRELIMINARY LOCAL CLIMATOLOGICAL DATA (WS FORM: F-6) , PAGE 2
STATION: BETTLES AK
MONTH: JUNE
YEAR: 2023
LATITUDE: 66 55 N
LONGITUDE: 151 31 W
[TEMPERATURE DATA] [PRECIPITATION DATA] SYMBOLS USED IN COLUMN 16
AVERAGE MONTHLY: 56.0 TOTAL FOR MONTH: 2.37 1 = FOG OR MIST
DPTR FM NORMAL: -2.6 DPTR FM NORMAL: 0.91 2 = FOG REDUCING VISIBILITY
HIGHEST: 77 ON 7, 6 GRTST 24HR 0.71 ON 9-10 TO 1/4 MILE OR LESS
LOWEST: 29 ON 3 3 = THUNDER
SNOW, ICE PELLETS, HAIL 4 = ICE PELLETS
TOTAL MONTH: 0.0 INCH 5 = HAIL
GRTST 24HR 0.0 6 = FREEZING RAIN OR DRIZZLE
GRTST DEPTH: 0 7 = DUSTSTORM OR SANDSTORM:
VSBY 1/2 MILE OR LESS
8 = SMOKE OR HAZE
[NO. OF DAYS WITH] [WEATHER - DAYS WITH] 9 = BLOWING SNOW
X = TORNADO
MAX 32 OR BELOW: 0 0.01 INCH OR MORE: 17
MAX 90 OR ABOVE: 0 0.10 INCH OR MORE: 7
MIN 32 OR BELOW: 2 0.50 INCH OR MORE: 0
MIN 0 OR BELOW: 0 1.00 INCH OR MORE: 0
[HDD (BASE 65) ]
TOTAL THIS MO. 265 CLEAR (SCALE 0-3) 0
DPTR FM NORMAL 58 PTCLDY (SCALE 4-7) 22
TOTAL FM JUL 1 14925 CLOUDY (SCALE 8-10) 8
DPTR FM NORMAL -51
[CDD (BASE 65) ]
TOTAL THIS MO. 3
DPTR FM NORMAL -12 [PRESSURE DATA]
TOTAL FM JAN 1 3 HIGHEST SLP M ON M
DPTR FM NORMAL -12 LOWEST SLP 28.88 ON 29
[REMARKS]
#FINAL-06-23#