000
CXUS54 KTSA 010850
CF6BVO
PRELIMINARY LOCAL CLIMATOLOGICAL DATA (WS FORM: F-6)
STATION: BARTLESVILLE OKLAHOMA
MONTH: OCTOBER
YEAR: 2022
LATITUDE: 36 45 N
LONGITUDE: 96 0 W
TEMPERATURE IN F: :PCPN: SNOW: WIND :SUNSHINE: SKY :PK WND
================================================================================
1 2 3 4 5 6A 6B 7 8 9 10 11 12 13 14 15 16 17 18
12Z AVG MX 2MIN
DY MAX MIN AVG DEP HDD CDD WTR SNW DPTH SPD SPD DIR MIN PSBL S-S WX SPD DR
================================================================================
1 84 38 61 -4 4 0 0.00 0.0 M 2.0 12 80 M M 0 19 40
2 84 41 63 -1 2 0 0.00 0.0 M 1.7 12 150 M M 0 17 160
3 88 40 64 0 1 0 0.00 0.0 M 2.3 13 140 M M 0 19 180
4 88 44 66 2 0 1 0.00 0.0 M 2.2 10 180 M M 0 16 180
5 87 51 69 6 0 4 0.00 0.0 M 1.5 8 10 M M 2 14 300
6 87 45 66 3 0 1 0.00 0.0 M 0.7 13 10 M M 1 20 10
7 73 48 61 -1 4 0 0.00 0.0 M 9.0 21 10 M M 0 29 360
8 72 41 57 -5 8 0 0.00 0.0 M 2.3 9 70 M M 2 14 60
9 82 39 61 -1 4 0 0.00 0.0 M 4.6 17 210 M M 2 25 200
10 77 50 64 3 1 0 0.19 0.0 M 4.0 17 220 M M 4 1 28 220
11 80 62 71 10 0 6 0.27 0.0 M 8.1 22 170 M M 5 1 34 170
12 80 49 65 5 0 0 0.00 0.0 M 4.1 16 360 M M 0 27 10
13 76 40 58 -2 7 0 0.00 0.0 M 2.0 16 280 M M 2 27 250
14 86 39 63 3 2 0 0.02 0.0 M 4.8 18 220 M M 1 3 29 240
15 82 49 66 7 0 1 0.01 0.0 M 5.6 13 40 M M 1 3 20 10
16 73 46 60 1 5 0 0.04 0.0 M 2.3 15 10 M M 1 3 21 20
17 61 33 47 -12 18 0 0.00 0.0 M 4.2 17 10 M M 0 30 360
18 52 24 38 -20 27 0 0.00 0.0 M 3.5 20 20 M M 0 27 30
19 64 18 41 -17 24 0 0.00 0.0 M 2.6 12 220 M M 0 19 190
20 79 30 55 -2 10 0 0.00 0.0 M 2.5 10 210 M M 0 8 14 180
21 89 34 62 5 3 0 0.00 0.0 M 6.6 18 210 M M 0 33 200
22 85 63 74 17 0 9 0.00 0.0 M 14.2 29 170 M M 0 40 170
23 85 70 78 22 0 13 0.00 0.0 M 17.8 31 160 M M 0 48 160
24 76 50 63 7 2 0 0.95 0.0 M 8.4 21 170 M M 7 13 29 160
25 66 38 52 -4 13 0 0.21 0.0 M 3.9 31 20 M M 4 1 39 20
26 68 32 50 -5 15 0 0.00 0.0 M 1.9 13 140 M M 0 18 250
27 69 34 52 -3 13 0 0.00 0.0 M 5.1 22 150 M M 1 1 30 140
28 69 41 55 1 10 0 0.00 0.0 M 5.5 18 30 M M 3 28 50
29 73 51 62 8 3 0 0.00 0.0 M 5.4 17 20 M M 6 26 20
30 67 51 59 5 6 0 0.02 0.0 M 2.1 16 10 M M 6 21 20
31 74 40 57 4 8 0 0.00 0.0 M 3.1 13 220 M M 0 20 240
================================================================================
SM 2376 1331 190 35 1.71 0.0 144.0 M 48
================================================================================
AV 76.6 42.9 4.6 FASTST M M 2 MAX(MPH)
MISC ----> # 31 160 48 160
================================================================================
NOTES:
# LAST OF SEVERAL OCCURRENCES
COLUMN 17 PEAK WIND IN M.P.H.
PRELIMINARY LOCAL CLIMATOLOGICAL DATA (WS FORM: F-6) , PAGE 2
STATION: BARTLESVILLE OKLAHOMA
MONTH: OCTOBER
YEAR: 2022
LATITUDE: 36 45 N
LONGITUDE: 96 0 W
[TEMPERATURE DATA] [PRECIPITATION DATA] SYMBOLS USED IN COLUMN 16
AVERAGE MONTHLY: 59.8 TOTAL FOR MONTH: 1.71 1 = FOG OR MIST
DPTR FM NORMAL: 0.8 DPTR FM NORMAL: -1.92 2 = FOG REDUCING VISIBILITY
HIGHEST: 89 ON 21 GRTST 24HR 1.16 ON 24-25 TO 1/4 MILE OR LESS
LOWEST: 18 ON 19 3 = THUNDER
SNOW, ICE PELLETS, HAIL 4 = ICE PELLETS
TOTAL MONTH: 0.0 INCH 5 = HAIL
GRTST 24HR 0.0 6 = FREEZING RAIN OR DRIZZLE
GRTST DEPTH: M ON M 7 = DUSTSTORM OR SANDSTORM:
VSBY 1/2 MILE OR LESS
8 = SMOKE OR HAZE
[NO. OF DAYS WITH] [WEATHER - DAYS WITH] 9 = BLOWING SNOW
X = TORNADO
MAX 32 OR BELOW: 0 0.01 INCH OR MORE: 8
MAX 90 OR ABOVE: 0 0.10 INCH OR MORE: 4
MIN 32 OR BELOW: 4 0.50 INCH OR MORE: 1
MIN 0 OR BELOW: 0 1.00 INCH OR MORE: 0
[HDD (BASE 65) ]
TOTAL THIS MO. 190 CLEAR (SCALE 0-3) 25
DPTR FM NORMAL -37 PTCLDY (SCALE 4-7) 6
TOTAL FM JUL 1 195 CLOUDY (SCALE 8-10) 0
DPTR FM NORMAL -63
[CDD (BASE 65) ]
TOTAL THIS MO. 35
DPTR FM NORMAL -6 [PRESSURE DATA]
TOTAL FM JAN 1 2044 HIGHEST SLP 30.49 ON 8
DPTR FM NORMAL 359 LOWEST SLP 29.51 ON 22
[REMARKS]
#FINAL-10-22#