000
CXUS55 KPIH 011450
CF6BYI
PRELIMINARY LOCAL CLIMATOLOGICAL DATA (WS FORM: F-6)
STATION: BURLEY
MONTH: JUNE
YEAR: 2021
LATITUDE: 42 32 N
LONGITUDE: 113 46 W
TEMPERATURE IN F: :PCPN: SNOW: WIND :SUNSHINE: SKY :PK WND
================================================================================
1 2 3 4 5 6A 6B 7 8 9 10 11 12 13 14 15 16 17 18
12Z AVG MX 2MIN
DY MAX MIN AVG DEP HDD CDD WTR SNW DPTH SPD SPD DIR MIN PSBL S-S WX SPD DR
================================================================================
1 85 49 67 7 0 2 0.00 M M 5.6 13 270 M M 0 20 250
2 91 51 71 11 0 6 0.00 M M 3.8 12 210 M M 0 16 290
3 97 53 75 15 0 10 0.00 M M 3.5 13 230 M M 0 8 16 220
4 94 59 77 16 0 12 0.00 M M 8.9 36 200 M M 0 8 49 210
5 86 61 74 13 0 9 0.00 M M 10.9 23 270 M M 0 37 260
6 80 50 65 4 0 0 0.00 M M 10.2 25 240 M M 0 33 250
7 82 50 66 5 0 1 0.00 M M 6.4 23 270 M M 0 36 280
8 80 54 67 6 0 2 0.00 M M 8.5 18 260 M M 0 28 250
9 85 52 69 7 0 4 0.00 M M 9.5 25 260 M M 0 36 260
10 63 40 52 -10 13 0 T M M 15.8 28 250 M M 3 8 41 270
11 78 35 57 -5 8 0 0.00 M M 4.3 14 50 M M 0 18 60
12 85 46 66 4 0 1 0.00 M M 4.4 14 260 M M 0 21 270
13 98 50 74 12 0 9 0.00 M M 7.0 18 180 M M 0 28 170
14 97 56 77 14 0 12 0.00 M M 7.5 17 250 M M 0 28 260
15 89 59 74 11 0 9 0.00 M M 9.7 22 260 M M 0 33 260
16 82 55 69 6 0 4 0.00 M M 9.0 23 260 M M 0 39 290
17 87 52 70 6 0 5 0.00 M M 6.9 12 250 M M 0 17 290
18 94 53 74 10 0 9 0.00 M M 3.7 9 210 M M 0 12 10
19 91 56 74 10 0 9 0.00 M M 7.9 15 260 M M 0 24 270
20 85 63 74 10 0 9 0.00 M M 14.5 25 250 M M 0 40 260
21 89 58 74 9 0 9 0.00 M M 8.4 17 80 M M 0 24 80
22 97 57 77 12 0 12 0.00 M M 7.6 35 260 M M 1 8 55 260
23 89 63 76 11 0 11 T M M 8.0 18 240 M M 1 8 30 240
24 84 60 72 6 0 7 T M M 8.0 22 90 M M 2 28 110
25 84 57 71 5 0 6 0.00 M M 6.7 18 260 M M 1 27 280
26 87 63 75 9 0 10 T M M 9.1 20 90 M M 2 28 70
27 90 59 75 8 0 10 0.00 M M 10.1 22 50 M M 0 32 70
28 93 61 77 10 0 12 0.00 M M 8.2 16 50 M M 0 23 80
29 95 58 77 10 0 12 0.00 M M 6.8 17 50 M M 0 23 60
30 95 61 78 10 0 13 0.00 M M 6.1 16 60 M M 0 8 21 60
================================================================================
SM 2632 1641 21 215 T M 237.0 M 10
================================================================================
AV 87.7 54.7 7.9 FASTST M M 0 MAX(MPH)
MISC ----> 36 200 55 260
================================================================================
NOTES:
# LAST OF SEVERAL OCCURRENCES
COLUMN 17 PEAK WIND IN M.P.H.
PRELIMINARY LOCAL CLIMATOLOGICAL DATA (WS FORM: F-6) , PAGE 2
STATION: BURLEY
MONTH: JUNE
YEAR: 2021
LATITUDE: 42 32 N
LONGITUDE: 113 46 W
[TEMPERATURE DATA] [PRECIPITATION DATA] SYMBOLS USED IN COLUMN 16
AVERAGE MONTHLY: 71.2 TOTAL FOR MONTH: T 1 = FOG OR MIST
DPTR FM NORMAL: 7.8 DPTR FM NORMAL: -0.78 2 = FOG REDUCING VISIBILITY
HIGHEST: 98 ON 13 GRTST 24HR T ON 4- 4 TO 1/4 MILE OR LESS
LOWEST: 35 ON 11 3 = THUNDER
SNOW, ICE PELLETS, HAIL 4 = ICE PELLETS
TOTAL MONTH: M 5 = HAIL
GRTST 24HR M ON M 6 = FREEZING RAIN OR DRIZZLE
GRTST DEPTH: M ON M 7 = DUSTSTORM OR SANDSTORM:
VSBY 1/2 MILE OR LESS
8 = SMOKE OR HAZE
[NO. OF DAYS WITH] [WEATHER - DAYS WITH] 9 = BLOWING SNOW
X = TORNADO
MAX 32 OR BELOW: 0 0.01 INCH OR MORE: 0
MAX 90 OR ABOVE: 12 0.10 INCH OR MORE: 0
MIN 32 OR BELOW: 0 0.50 INCH OR MORE: 0
MIN 0 OR BELOW: 0 1.00 INCH OR MORE: 0
[HDD (BASE 65) ]
TOTAL THIS MO. 21 CLEAR (SCALE 0-3) 30
DPTR FM NORMAL -87 PTCLDY (SCALE 4-7) 0
TOTAL FM JUL 1 5763 CLOUDY (SCALE 8-10) 0
DPTR FM NORMAL -523
[CDD (BASE 65) ]
TOTAL THIS MO. 215
DPTR FM NORMAL 155 [PRESSURE DATA]
TOTAL FM JAN 1 220 HIGHEST SLP 30.20 ON 10
DPTR FM NORMAL 149 LOWEST SLP 29.52 ON 7
[REMARKS]
2ND: HIGH OF 91 TIES RECORD SET 1986.
3RD: HIGH OF 97 BREAKS OLD RECORD OF 92 SET IN 1957.
4TH: HIGH OF 94 BREAKS OLD RECORD OF 93 SET IN 1988.
13TH: HIGH OF 98 TIES RECORD SET IN 1918.
#FINAL-06-21#