000
CXUS52 KCAE 011400
CF6CAE
PRELIMINARY LOCAL CLIMATOLOGICAL DATA (WS FORM: F-6)
STATION: COLUMBIA METRO AIRPORT SC
MONTH: JUNE
YEAR: 2022
LATITUDE: 33 57 N
LONGITUDE: 81 7 W
TEMPERATURE IN F: :PCPN: SNOW: WIND :SUNSHINE: SKY :PK WND
================================================================================
1 2 3 4 5 6A 6B 7 8 9 10 11 12 13 14 15 16 17 18
12Z AVG MX 2MIN
DY MAX MIN AVG DEP HDD CDD WTR SNW DPTH SPD SPD DIR MIN PSBL S-S WX SPD DR
================================================================================
1 96 71 84 8 0 19 0.00 0.0 0 5.5 13 300 M M 2 18 290
2 97 73 85 9 0 20 0.00 0.0 0 7.1 17 280 M M 3 23 260
3 94 70 82 5 0 17 0.00 0.0 0 4.4 25 10 M M 5 3 36 360
4 87 68 78 1 0 13 0.00 0.0 0 8.9 18 50 M M 7 28 70
5 89 67 78 1 0 13 0.00 0.0 0 5.8 17 50 M M 3 23 40
6 90 62 76 -1 0 11 0.00 0.0 0 5.6 16 120 M M 2 20 140
7 90 65 78 0 0 13 0.00 0.0 0 2.4 13 180 M M 5 15 180
8 92 72 82 4 0 17 0.04 0.0 0 5.4 24 230 M M 7 32 230
9 94 72 83 5 0 18 0.04 0.0 M 9.1 22 270 M M 5 1 28 270
10 89 70 80 2 0 15 0.00 0.0 M 5.1 14 70 M M 5 18 20
11 91 68 80 2 0 15 0.00 0.0 M 6.6 16 130 M M 7 13 28 30
12 95 74 85 6 0 20 0.00 0.0 0 4.1 14 120 M M 6 17 120
13 103 76 90 11 0 25 0.00 0.0 0 4.1 12 270 M M 3 14 310
14 90 74 82 3 0 17 0.55 0.0 M 5.4 23 360 M M 5 13 34 330
15 100 73 87 8 0 22 0.00 0.0 M 6.9 16 80 M M 5 18 22 90
16 99 71 85 6 0 20 0.51 0.0 0 6.9 30 330 M M 4 138 37 330
17 100 71 86 6 0 21 0.02 0.0 0 9.5 17 300 M M 5 3 23 350
18 95 69 82 2 0 17 0.00 0.0 0 5.7 13 340 M M 4 1 18 350
19 88 62 75 -5 0 10 0.00 0.0 0 6.2 13 330 M M 3 17 50
20 91 56 74 -6 0 9 0.00 0.0 0 4.2 14 120 M M 2 17 120
21 95 69 82 2 0 17 0.00 0.0 0 4.0 10 100 M M 5 16 40
22 102 65 84 4 0 19 0.00 0.0 0 3.5 14 270 M M 2 18 270
23 100 72 86 5 0 21 0.23 0.0 0 4.1 17 30 M M 5 13 26 350
24 91 71 81 0 0 16 0.00 0.0 0 6.6 14 140 M M 3 18 19 100
25 92 70 81 0 0 16 0.00 0.0 0 5.7 13 110 M M 4 17 130
26 93 69 81 0 0 16 0.00 0.0 0 4.8 13 190 M M 4 16 110
27 85 73 79 -2 0 14 0.04 0.0 0 4.7 18 270 M M 7 1 22 280
28 84 72 78 -3 0 13 0.19 0.0 0 4.9 15 140 M M 8 1 19 160
29 81 72 77 -4 0 12 1.18 0.0 0 4.0 13 80 M M 9 18 16 110
30 90 71 81 -1 0 16 T 0.0 0 5.1 25 120 M M 8 1238 32 140
================================================================================
SM 2783 2088 0 492 2.80 0.0 166.3 M 143
================================================================================
AV 92.8 69.6 5.5 FASTST M M 5 MAX(MPH)
MISC ----> 30 330 37 330
================================================================================
NOTES:
# LAST OF SEVERAL OCCURRENCES
COLUMN 17 PEAK WIND IN M.P.H.
PRELIMINARY LOCAL CLIMATOLOGICAL DATA (WS FORM: F-6) , PAGE 2
STATION: COLUMBIA METRO AIRPORT SC
MONTH: JUNE
YEAR: 2022
LATITUDE: 33 57 N
LONGITUDE: 81 7 W
[TEMPERATURE DATA] [PRECIPITATION DATA] SYMBOLS USED IN COLUMN 16
AVERAGE MONTHLY: 81.2 TOTAL FOR MONTH: 2.80 1 = FOG OR MIST
DPTR FM NORMAL: 2.1 DPTR FM NORMAL: -2.17 2 = FOG REDUCING VISIBILITY
HIGHEST: 103 ON 13 GRTST 24HR 1.37 ON 28-29 TO 1/4 MILE OR LESS
LOWEST: 56 ON 20 3 = THUNDER
SNOW, ICE PELLETS, HAIL 4 = ICE PELLETS
TOTAL MONTH: 0.0 INCH 5 = HAIL
GRTST 24HR 0.0 6 = FREEZING RAIN OR DRIZZLE
GRTST DEPTH: 0 7 = DUSTSTORM OR SANDSTORM:
VSBY 1/2 MILE OR LESS
8 = SMOKE OR HAZE
[NO. OF DAYS WITH] [WEATHER - DAYS WITH] 9 = BLOWING SNOW
X = TORNADO
MAX 32 OR BELOW: 0 0.01 INCH OR MORE: 9
MAX 90 OR ABOVE: 23 0.10 INCH OR MORE: 5
MIN 32 OR BELOW: 0 0.50 INCH OR MORE: 3
MIN 0 OR BELOW: 0 1.00 INCH OR MORE: 1
[HDD (BASE 65) ]
TOTAL THIS MO. 0 CLEAR (SCALE 0-3) 6
DPTR FM NORMAL -1 PTCLDY (SCALE 4-7) 23
TOTAL FM JUL 1 2093 CLOUDY (SCALE 8-10) 1
DPTR FM NORMAL -380
[CDD (BASE 65) ]
TOTAL THIS MO. 492
DPTR FM NORMAL 67 [PRESSURE DATA]
TOTAL FM JAN 1 913 HIGHEST SLP 30.26 ON 29
DPTR FM NORMAL 140 LOWEST SLP 29.72 ON 3
[REMARKS]
#FINAL-06-22#