000
CXUS55 KCAE 011400
CF6CAE
PRELIMINARY LOCAL CLIMATOLOGICAL DATA (WS FORM: F-6)
STATION: COLUMBIA METRO AIRPORT SC
MONTH: MARCH
YEAR: 2020
LATITUDE: 33 57 N
LONGITUDE: 81 7 W
TEMPERATURE IN F: :PCPN: SNOW: WIND :SUNSHINE: SKY :PK WND
================================================================================
1 2 3 4 5 6A 6B 7 8 9 10 11 12 13 14 15 16 17 18
12Z AVG MX 2MIN
DY MAX MIN AVG DEP HDD CDD WTR SNW DPTH SPD SPD DIR MIN PSBL S-S WX SPD DR
================================================================================
1 63 24 44 -8 21 0 0.00 0.0 0 2.1 10 200 M M 3 M M
2 70 35 53 1 12 0 0.30 M 0 5.2 23 200 M M 6 1 31 190
3 71 57 64 12 1 0 0.46 0.0 0 8.1 25 220 M M 9 13 37 210
4 64 53 59 7 6 0 0.33 0.0 0 3.5 12 130 M M 10 1 14 130
5 54 49 52 -1 13 0 1.16 0.0 0 6.0 14 80 M M 9 1 18 10
6 61 43 52 -1 13 0 0.00 0.0 0 11.6 29 300 M M 4 1 38 290
7 58 34 46 -7 19 0 0.00 0.0 0 6.6 17 10 M M 0 22 10
8 63 28 46 -8 19 0 0.00 0.0 0 2.7 12 170 M M 5 16 140
9 73 34 54 0 11 0 0.00 0.0 0 5.2 16 200 M M 4 1 22 200
10 73 57 65 11 0 0 0.01 0.0 0 5.8 21 280 M M 8 27 240
11 78 49 64 10 1 0 T 0.0 0 6.6 20 250 M M 5 1 25 250
12 80 52 66 11 0 1 0.00 0.0 0 3.7 14 200 M M 4 1 17 200
13 81 62 72 17 0 7 0.00 0.0 0 7.3 17 270 M M 7 24 260
14 74 57 66 11 0 1 T 0.0 0 6.1 17 100 M M 7 1 21 110
15 69 57 63 8 2 0 T 0.0 0 6.6 15 70 M M 8 8 20 80
16 57 51 54 -2 11 0 0.00 0.0 0 6.2 16 80 M M 10 21 90
17 72 53 63 7 2 0 0.03 0.0 0 3.3 13 230 M M 9 18 17 220
18 76 54 65 9 0 0 T 0.0 0 7.0 15 120 M M 7 128 19 150
19 86 63 75 19 0 10 0.00 0.0 0 6.9 21 170 M M 7 1 28 190
20 86 65 76 19 0 11 0.00 0.0 0 8.8 22 210 M M 5 28 190
21 84 65 75 18 0 10 T 0.0 0 7.8 20 280 M M 6 25 290
22 68 51 60 3 5 0 0.15 0.0 0 10.1 17 70 M M 9 1 24 50
23 58 49 54 -3 11 0 0.12 M 0 4.6 9 80 M M 10 18 14 250
24 62 56 59 1 6 0 1.08 0.0 0 5.5 13 140 M M 10 123 M M
25 73 60 67 9 0 2 0.30 0.0 0 8.6 18 220 M M 6 12 25 210
26 72 50 61 3 4 0 0.00 0.0 0 6.5 13 110 M M 4 17 80
27 88 58 73 15 0 8 0.00 0.0 0 9.3 18 240 M M 4 1 23 220
28 88 66 77 18 0 12 0.00 0.0 0 9.6 24 250 M M 5 18 32 250
29 87 67 77 18 0 12 0.00 0.0 0 10.4 20 230 M M 7 8 29 250
30 81 59 70 11 0 5 0.00 0.0 0 6.2 15 270 M M 6 18 260
31 69 52 61 1 4 0 0.23 0.0 0 7.8 22 100 M M 8 1 28 90
================================================================================
SM 2239 1610 161 79 4.17 0.0 205.7 M 202
================================================================================
AV 72.2 51.9 6.6 FASTST M M 7 MAX(MPH)
MISC ----> # 29 300 # 38 290
================================================================================
NOTES:
# LAST OF SEVERAL OCCURRENCES
COLUMN 17 PEAK WIND IN M.P.H.
PRELIMINARY LOCAL CLIMATOLOGICAL DATA (WS FORM: F-6) , PAGE 2
STATION: COLUMBIA METRO AIRPORT SC
MONTH: MARCH
YEAR: 2020
LATITUDE: 33 57 N
LONGITUDE: 81 7 W
[TEMPERATURE DATA] [PRECIPITATION DATA] SYMBOLS USED IN COLUMN 16
AVERAGE MONTHLY: 62.1 TOTAL FOR MONTH: 4.17 1 = FOG OR MIST
DPTR FM NORMAL: 6.5 DPTR FM NORMAL: 0.44 2 = FOG REDUCING VISIBILITY
HIGHEST: 88 ON 28,27 GRTST 24HR 1.16 ON 5- 5 TO 1/4 MILE OR LESS
LOWEST: 24 ON 1 3 = THUNDER
SNOW, ICE PELLETS, HAIL 4 = ICE PELLETS
TOTAL MONTH: 0.0 INCH 5 = HAIL
GRTST 24HR 0.0 6 = FREEZING RAIN OR DRIZZLE
GRTST DEPTH: 0 7 = DUSTSTORM OR SANDSTORM:
VSBY 1/2 MILE OR LESS
8 = SMOKE OR HAZE
[NO. OF DAYS WITH] [WEATHER - DAYS WITH] 9 = BLOWING SNOW
X = TORNADO
MAX 32 OR BELOW: 0 0.01 INCH OR MORE: 11
MAX 90 OR ABOVE: 0 0.10 INCH OR MORE: 9
MIN 32 OR BELOW: 2 0.50 INCH OR MORE: 2
MIN 0 OR BELOW: 0 1.00 INCH OR MORE: 2
[HDD (BASE 65) ]
TOTAL THIS MO. 161 CLEAR (SCALE 0-3) 1
DPTR FM NORMAL -149 PTCLDY (SCALE 4-7) 21
TOTAL FM JUL 1 1867 CLOUDY (SCALE 8-10) 9
DPTR FM NORMAL -542
[CDD (BASE 65) ]
TOTAL THIS MO. 79
DPTR FM NORMAL 61 [PRESSURE DATA]
TOTAL FM JAN 1 103 HIGHEST SLP 30.65 ON 8
DPTR FM NORMAL 81 LOWEST SLP 29.57 ON 31
[REMARKS]
#FINAL-03-20#