000
CXUS55 KGJT 010910
CF6CAG
PRELIMINARY LOCAL CLIMATOLOGICAL DATA (WS FORM: F-6)
STATION: CRAIG CO
MONTH: JUNE
YEAR: 2022
LATITUDE: 40 30 N
LONGITUDE: 107 32 W
TEMPERATURE IN F: :PCPN: SNOW: WIND :SUNSHINE: SKY :PK WND
================================================================================
1 2 3 4 5 6A 6B 7 8 9 10 11 12 13 14 15 16 17 18
12Z AVG MX 2MIN
DY MAX MIN AVG DEP HDD CDD WTR SNW DPTH SPD SPD DIR MIN PSBL S-S WX SPD DR
================================================================================
1 68 30 49 -8 16 0 0.00 M M 3.6 15 360 M M 1 21 350
2 74 31 53 -4 12 0 0.00 M M 3.9 17 280 M M 0 26 350
3 80 37 59 2 6 0 0.00 M M 4.5 22 190 M M 0 3 28 200
4 81 38 60 2 5 0 0.00 M M 4.3 20 290 M M 1 27 300
5 77 48 63 5 2 0 0.02 M M 4.7 26 270 M M 6 38 36 260
6 73 45 59 1 6 0 0.08 M M 4.7 36 320 M M 2 3 49 320
7 79 37 58 0 7 0 0.00 M M 6.4 28 260 M M 1 37 260
8 82 36 59 0 6 0 0.00 M M 3.1 10 90 M M 0 16 320
9 87 50 69 10 0 4 0.00 M M 4.8 18 310 M M 1 25 300
10 91 43 67 8 0 2 0.00 M M 5.1 28 240 M M 0 37 240
11 93 43 68 8 0 3 0.00 M M 5.5 25 280 M M 0 37 270
12 91 45 68 8 0 3 0.00 M M 11.1 33 230 M M 0 47 200
13 87 44 66 6 0 1 0.01 M M 14.0 36 210 M M 2 51 200
14 69 41 55 -5 10 0 T M M 8.7 28 270 M M 4 8 36 280
15 78 28 53 -8 12 0 0.00 M M 5.5 20 270 M M 0 28 300
16 90 31 61 0 4 0 0.00 M M 4.6 20 200 M M 0 31 190
17 93 44 69 8 0 4 T M M 10.9 29 180 M M 1 48 210
18 81 58 70 8 0 5 0.20 M M 9.4 30 210 M M 4 3 38 210
19 79 54 67 5 0 2 0.04 M M 13.6 41 200 M M 4 3 56 190
20 73 38 56 -6 9 0 0.00 M M 9.3 29 290 M M 0 43 290
21 80 30 55 -7 10 0 0.00 M M 2.8 12 300 M M 0 17 300
22 87 37 62 -1 3 0 0.00 M M 2.7 12 190 M M 0 15 80
23 80 47 64 1 1 0 T M M 6.4 23 250 M M 2 33 170
24 76 43 60 -3 5 0 0.16 M M 5.4 20 250 M M 3 3 31 240
25 85 42 64 0 1 0 0.00 M M 3.5 16 330 M M 2 23 340
26 85 49 67 3 0 2 0.00 M M 5.9 17 270 M M 1 23 270
27 87 41 64 0 1 0 0.00 M M 3.8 15 270 M M 0 21 270
28 90 42 66 2 0 1 0.00 M M 6.7 24 230 M M 0 33 250
29 88 50 69 4 0 4 0.11 M M 5.8 28 280 M M 4 3 40 280
30 80 55 68 3 0 3 0.32 M M 8.9 30 170 M M 6 13 40 170
================================================================================
SM 2464 1257 116 34 0.94 M 189.6 M 45
================================================================================
AV 82.1 41.9 6.3 FASTST M M 2 MAX(MPH)
MISC ----> 41 200 56 190
================================================================================
NOTES:
# LAST OF SEVERAL OCCURRENCES
COLUMN 17 PEAK WIND IN M.P.H.
PRELIMINARY LOCAL CLIMATOLOGICAL DATA (WS FORM: F-6) , PAGE 2
STATION: CRAIG CO
MONTH: JUNE
YEAR: 2022
LATITUDE: 40 30 N
LONGITUDE: 107 32 W
[TEMPERATURE DATA] [PRECIPITATION DATA] SYMBOLS USED IN COLUMN 16
AVERAGE MONTHLY: 62.0 TOTAL FOR MONTH: 0.94 1 = FOG OR MIST
DPTR FM NORMAL: 1.1 DPTR FM NORMAL: -0.05 2 = FOG REDUCING VISIBILITY
HIGHEST: 93 ON 17,11 GRTST 24HR 0.32 ON 30-30 TO 1/4 MILE OR LESS
LOWEST: 28 ON 15 3 = THUNDER
SNOW, ICE PELLETS, HAIL 4 = ICE PELLETS
TOTAL MONTH: M 5 = HAIL
GRTST 24HR M ON M 6 = FREEZING RAIN OR DRIZZLE
GRTST DEPTH: M ON M 7 = DUSTSTORM OR SANDSTORM:
VSBY 1/2 MILE OR LESS
8 = SMOKE OR HAZE
[NO. OF DAYS WITH] [WEATHER - DAYS WITH] 9 = BLOWING SNOW
X = TORNADO
MAX 32 OR BELOW: 0 0.01 INCH OR MORE: 8
MAX 90 OR ABOVE: 6 0.10 INCH OR MORE: 4
MIN 32 OR BELOW: 5 0.50 INCH OR MORE: 0
MIN 0 OR BELOW: 0 1.00 INCH OR MORE: 0
[HDD (BASE 65) ]
TOTAL THIS MO. 116 CLEAR (SCALE 0-3) 24
DPTR FM NORMAL -27 PTCLDY (SCALE 4-7) 6
TOTAL FM JUL 1 8350 CLOUDY (SCALE 8-10) 0
DPTR FM NORMAL 115
[CDD (BASE 65) ]
TOTAL THIS MO. 34
DPTR FM NORMAL 14 [PRESSURE DATA]
TOTAL FM JAN 1 34 HIGHEST SLP M ON M
DPTR FM NORMAL 13 LOWEST SLP 29.42 ON 13
[REMARKS]
#FINAL-06-22#