000
CXUS51 KCLE 061501
CLSCAK
CLIMATE REPORT
NATIONAL WEATHER SERVICE CLEVELAND OH
951 AM EST FRI MAR 6 2020
...................................
...THE AKRON CANTON OH CLIMATE SUMMARY FOR THE SEASON, FROM
12/1/2019 TO 2/29/2020...
CLIMATE NORMAL PERIOD 1981 TO 2010
CLIMATE RECORD PERIOD 1887 TO 2020
WEATHER OBSERVED NORMAL DEPART
VALUE DATE(S) VALUE FROM
NORMAL
................................................
TEMPERATURE (F)
RECORD
HIGH 76 12/03/1982
LOW -25 01/19/1994
HIGHEST 69 01/11
LOWEST 8 02/15
AVG. MAXIMUM 41.9 35.6 6.3
AVG. MINIMUM 27.4 21.4 6.0
MEAN 34.6 28.5 6.1
DAYS MAX >= 90 0 0.0
DAYS MAX <= 32 15 35.1
DAYS MIN <= 32 64 75.3
DAYS MIN <= 0 0 3.4
PRECIPITATION (INCHES)
RECORD
MAXIMUM 15.09 1950
MINIMUM 2.96 1906
TOTALS 9.72 7.76 1.96
DAYS >= .01 44 47.4
DAYS >= .10 25 20.6
DAYS >= .50 7 3.8
DAYS >= 1.00 1 0.8
SNOWFALL (INCHES)
RECORDS
TOTAL 65.9 1978
TOTALS 23.6 33.1
DAYS >= TRACE 45
DAYS >= 1.0 6 11.4
DEGREE_DAYS
HEATING TOTAL 2739 3284 -545
COOLING TOTAL 0 0 0
.................................................
WIND (MPH)
HIGHEST GUST SPEED/DIRECTION 60/260 DATE 01/12
SKY COVER
POSSIBLE SUNSHINE (PERCENT) MM
NUMBER OF DAYS FAIR 8
NUMBER OF DAYS PC 27
NUMBER OF DAYS CLOUDY 56
WEATHER CONDITIONS. NUMBER OF DAYS WITH
THUNDERSTORM 1 MIXED PRECIP 0
HEAVY RAIN 1 RAIN 8
LIGHT RAIN 29 FREEZING RAIN 1
LT FREEZING RAIN 4 HAIL 0
HEAVY SNOW 2 SNOW 8
LIGHT SNOW 46 SLEET 3
FOG 62 FOG W/VIS <= 1/4 MILE 10
HAZE 39
- INDICATES NEGATIVE NUMBERS.
R INDICATES RECORD WAS SET OR TIED.
MM INDICATES DATA IS MISSING.
T INDICATES TRACE AMOUNT.
$$