512
CXUS55 KABQ 011000
CF6CAO
PRELIMINARY LOCAL CLIMATOLOGICAL DATA (WS FORM: F-6)
STATION: CLAYTON NM
MONTH: AUGUST
YEAR: 2020
LATITUDE: 36 27 N
LONGITUDE: 103 9 W
TEMPERATURE IN F: :PCPN: SNOW: WIND :SUNSHINE: SKY :PK WND
================================================================================
1 2 3 4 5 6A 6B 7 8 9 10 11 12 13 14 15 16 17 18
12Z AVG MX 2MIN
DY MAX MIN AVG DEP HDD CDD WTR SNW DPTH SPD SPD DIR MIN PSBL S-S WX SPD DR
================================================================================
1 87 59 73 -1 0 8 T 0.0 0 9.8 20 10 M M 0 3 27 20
2 83 56 70 -4 0 5 T 0.0 0 7.3 23 270 M M 2 3 29 280
3 83 56 70 -4 0 5 T 0.0 0 9.1 24 280 M M 1 3 34 290
4 88 56 72 -2 0 7 0.03 0.0 0 11.4 37 20 M M 1 3 48 10
5 86 58 72 -2 0 7 0.00 0.0 0 13.2 26 70 M M 2 1 35 50
6 94 61 78 4 0 13 0.00 0.0 0 10.7 25 210 M M 0 30 200
7 97 61 79 5 0 14 0.00 0.0 0 10.4 22 190 M M 0 29 170
8 97 65 81 7 0 16 T 0.0 0 11.5 28 190 M M 1 3 36 200
9 95 62 79 5 0 14 T 0.0 0 12.1 33 200 M M 0 3 39 200
10 97 57 77 3 0 12 0.00 0.0 0 9.6 21 250 M M 0 26 250
11 94 56 75 1 0 10 0.00 0.0 0 8.9 22 150 M M 0 27 140
12 96 63 80 6 0 15 0.00 0.0 0 8.5 22 20 M M 0 27 150
13 94 56 75 1 0 10 0.00 0.0 0 10.1 21 20 M M 0 1 26 10
14 99 61 80 6 0 15 0.00 0.0 0 9.1 24 120 M M 0 34 160
15 91 63 77 3 0 12 T 0.0 0 7.3 21 140 M M 1 28 150
16 92 61 77 3 0 12 T 0.0 0 11.8 33 60 M M 0 46 80
17 88 55 72 -1 0 7 0.00 0.0 0 10.4 22 90 M M 0 29 80
18 92 62 77 4 0 12 0.00 0.0 0 10.8 21 180 M M 0 27 190
19 97 64 81 8 0 16 0.00 0.0 0 10.6 29 340 M M 0 41 340
20 90 55 73 0 0 8 T 0.0 0 7.8 25 290 M M 1 35 300
21 92 59 76 3 0 11 T 0.0 0 6.4 20 280 M M 0 3 31 280
22 95 58 77 4 0 12 0.00 0.0 0 6.7 20 140 M M 0 29 120
23 96 63 80 7 0 15 0.00 0.0 0 10.6 23 150 M M 0 32 150
24 92 65 79 6 0 14 0.00 0.0 0 15.4 25 160 M M 0 34 160
25 92 61 77 5 0 12 0.00 0.0 0 13.9 22 150 M M 0 31 180
26 93 58 76 4 0 11 0.00 0.0 0 12.5 22 210 M M 0 8 31 160
27 95 57 76 4 0 11 0.00 0.0 0 8.8 20 160 M M 0 29 230
28 98 65 82 10 0 17 T 0.0 0 12.1 32 290 M M 1 38 43 290
29 81 59 70 -2 0 5 0.60 0.0 0 7.6 25 200 M M 3 13 33 210
30 90 57 74 2 0 9 T 0.0 0 9.0 28 210 M M 1 3 37 240
31 75 54 65 -6 0 0 0.00 0.0 0 12.8 36 360 M M 0 48 360
================================================================================
SM 2839 1843 0 335 0.63 0.0 316.2 M 14
================================================================================
AV 91.6 59.5 10.2 FASTST M M 0 MAX(MPH)
MISC ----> # 37 20 # 48 10
================================================================================
NOTES:
# LAST OF SEVERAL OCCURRENCES
COLUMN 17 PEAK WIND IN M.P.H.
PRELIMINARY LOCAL CLIMATOLOGICAL DATA (WS FORM: F-6) , PAGE 2
STATION: CLAYTON NM
MONTH: AUGUST
YEAR: 2020
LATITUDE: 36 27 N
LONGITUDE: 103 9 W
[TEMPERATURE DATA] [PRECIPITATION DATA] SYMBOLS USED IN COLUMN 16
AVERAGE MONTHLY: 75.5 TOTAL FOR MONTH: 0.63 1 = FOG OR MIST
DPTR FM NORMAL: 2.2 DPTR FM NORMAL: -2.31 2 = FOG REDUCING VISIBILITY
HIGHEST: 99 ON 14 GRTST 24HR 0.60 ON 29-29 TO 1/4 MILE OR LESS
LOWEST: 54 ON 31 3 = THUNDER
SNOW, ICE PELLETS, HAIL 4 = ICE PELLETS
TOTAL MONTH: 0.0 INCH 5 = HAIL
GRTST 24HR 0.0 6 = FREEZING RAIN OR DRIZZLE
GRTST DEPTH: 0 7 = DUSTSTORM OR SANDSTORM:
VSBY 1/2 MILE OR LESS
8 = SMOKE OR HAZE
[NO. OF DAYS WITH] [WEATHER - DAYS WITH] 9 = BLOWING SNOW
X = TORNADO
MAX 32 OR BELOW: 0 0.01 INCH OR MORE: 2
MAX 90 OR ABOVE: 23 0.10 INCH OR MORE: 1
MIN 32 OR BELOW: 0 0.50 INCH OR MORE: 1
MIN 0 OR BELOW: 0 1.00 INCH OR MORE: 0
[HDD (BASE 65) ]
TOTAL THIS MO. 0 CLEAR (SCALE 0-3) 31
DPTR FM NORMAL -4 PTCLDY (SCALE 4-7) 0
TOTAL FM JUL 1 0 CLOUDY (SCALE 8-10) 0
DPTR FM NORMAL -6
[CDD (BASE 65) ]
TOTAL THIS MO. 335
DPTR FM NORMAL 75 [PRESSURE DATA]
TOTAL FM JAN 1 1044 HIGHEST SLP M ON M
DPTR FM NORMAL 247 LOWEST SLP 29.60 ON 31
[REMARKS]
#FINAL-08-20#