000
CXUS55 KABQ 011110
CF6CAO
PRELIMINARY LOCAL CLIMATOLOGICAL DATA (WS FORM: F-6)
STATION: CLAYTON NM
MONTH: APRIL
YEAR: 2020
LATITUDE: 36 27 N
LONGITUDE: 103 9 W
TEMPERATURE IN F: :PCPN: SNOW: WIND :SUNSHINE: SKY :PK WND
================================================================================
1 2 3 4 5 6A 6B 7 8 9 10 11 12 13 14 15 16 17 18
12Z AVG MX 2MIN
DY MAX MIN AVG DEP HDD CDD WTR SNW DPTH SPD SPD DIR MIN PSBL S-S WX SPD DR
================================================================================
1 77 48 63 15 2 0 0.00 0.0 0 12.9 30 240 M M 1 36 220
2 76 26 51 3 14 0 0.00 0.0 0 18.9 31 10 M M 1 38 10
3 48 22 35 -14 30 0 0.00 0.0 0 12.9 25 360 M M 0 30 360
4 65 23 44 -5 21 0 0.00 0.0 0 14.9 28 170 M M 1 36 170
5 75 35 55 6 10 0 0.00 0.0 0 16.0 35 200 M M 0 45 190
6 79 35 57 7 8 0 0.00 0.0 0 14.9 31 200 M M 0 41 200
7 78 46 62 12 3 0 0.00 0.0 0 11.2 18 290 M M 0 25 130
8 77 49 63 13 2 0 0.00 0.0 0 14.3 26 360 M M 0 34 10
9 63 37 50 0 15 0 T 0.0 0 9.8 21 10 M M 2 24 110
10 67 41 54 3 11 0 0.00 0.0 0 18.5 36 200 M M 4 43 190
11 74 42 58 7 7 0 0.00 0.0 0 12.5 26 200 M M 0 33 200
12 56 24 40 -11 25 0 0.00 0.0 0 24.7 49 360 M M 5 57 350
13 27 20 24 -28 41 0 0.12 1.3 T 11.0 20 160 M M 10 16 22 30
14 41 23 32 -20 33 0 0.03 0.1 0 8.9 18 200 M M 7 1 22 200
15 62 24 43 -9 22 0 0.00 0.0 0 9.2 22 160 M M 0 27 150
16 73 27 50 -2 15 0 0.00 0.0 0 18.0 32 360 M M 1 39 30
17 53 22 38 -15 27 0 0.00 0.0 0 10.6 29 360 M M 2 35 360
18 75 31 53 0 12 0 0.00 0.0 0 17.1 29 230 M M 0 43 230
19 68 43 56 3 9 0 T 0.0 0 9.4 24 330 M M 3 37 330
20 66 38 52 -2 13 0 0.03 0.0 0 5.3 21 350 M M 5 3 28 340
21 60 42 51 -3 14 0 0.42 T 0 11.0 30 50 M M 7 135 37 50
22 71 43 57 3 8 0 0.03 0.0 0 14.7 33 340 M M 4 1 42 330
23 74 45 60 5 5 0 T 0.0 0 10.4 35 300 M M 2 61 290
24 66 41 54 -1 11 0 0.00 0.0 0 16.6 31 360 M M 1 48 360
25 67 35 51 -4 14 0 T 0.0 0 8.2 21 110 M M 3 27 130
26 80 40 60 4 5 0 0.00 0.0 0 13.4 31 300 M M 0 38 300
27 82 53 68 12 0 3 0.00 0.0 0 12.3 29 170 M M 0 37 330
28 81 51 66 10 0 1 0.00 0.0 0 16.6 29 30 M M 0 36 350
29 75 41 58 2 7 0 0.00 0.0 0 9.6 22 360 M M 0 26 360
30 90 44 67 10 0 2 0.00 0.0 0 11.9 22 190 M M 0 33 180
================================================================================
SM 2046 1091 384 6 0.63 1.4 395.7 M 59
================================================================================
AV 68.2 36.4 13.2 FASTST M M 2 MAX(MPH)
MISC ----> # 49 360 # 61 290
================================================================================
NOTES:
# LAST OF SEVERAL OCCURRENCES
COLUMN 17 PEAK WIND IN M.P.H.
PRELIMINARY LOCAL CLIMATOLOGICAL DATA (WS FORM: F-6) , PAGE 2
STATION: CLAYTON NM
MONTH: APRIL
YEAR: 2020
LATITUDE: 36 27 N
LONGITUDE: 103 9 W
[TEMPERATURE DATA] [PRECIPITATION DATA] SYMBOLS USED IN COLUMN 16
AVERAGE MONTHLY: 52.3 TOTAL FOR MONTH: 0.63 1 = FOG OR MIST
DPTR FM NORMAL: -0.1 DPTR FM NORMAL: -0.31 2 = FOG REDUCING VISIBILITY
HIGHEST: 90 ON 30 GRTST 24HR 0.42 ON 21-21 TO 1/4 MILE OR LESS
LOWEST: 20 ON 13 3 = THUNDER
SNOW, ICE PELLETS, HAIL 4 = ICE PELLETS
TOTAL MONTH: 1.4 INCHES 5 = HAIL
GRTST 24HR 1.3 ON 13-13 6 = FREEZING RAIN OR DRIZZLE
GRTST DEPTH: T 7 = DUSTSTORM OR SANDSTORM:
VSBY 1/2 MILE OR LESS
8 = SMOKE OR HAZE
[NO. OF DAYS WITH] [WEATHER - DAYS WITH] 9 = BLOWING SNOW
X = TORNADO
MAX 32 OR BELOW: 1 0.01 INCH OR MORE: 5
MAX 90 OR ABOVE: 1 0.10 INCH OR MORE: 2
MIN 32 OR BELOW: 10 0.50 INCH OR MORE: 0
MIN 0 OR BELOW: 0 1.00 INCH OR MORE: 0
[HDD (BASE 65) ]
TOTAL THIS MO. 384 CLEAR (SCALE 0-3) 23
DPTR FM NORMAL -1 PTCLDY (SCALE 4-7) 6
TOTAL FM JUL 1 4631 CLOUDY (SCALE 8-10) 1
DPTR FM NORMAL -75
[CDD (BASE 65) ]
TOTAL THIS MO. 6
DPTR FM NORMAL 1 [PRESSURE DATA]
TOTAL FM JAN 1 6 HIGHEST SLP 30.33 ON 14
DPTR FM NORMAL 0 LOWEST SLP 29.30 ON 12
[REMARKS]
#FINAL-04-20#