000
CXUS55 KABQ 011147
CF6CAO
PRELIMINARY LOCAL CLIMATOLOGICAL DATA (WS FORM: F-6)
STATION: CLAYTON NM
MONTH: SEPTEMBER
YEAR: 2023
LATITUDE: 36 27 N
LONGITUDE: 103 9 W
TEMPERATURE IN F: :PCPN: SNOW: WIND :SUNSHINE: SKY :PK WND
================================================================================
1 2 3 4 5 6A 6B 7 8 9 10 11 12 13 14 15 16 17 18
12Z AVG MX 2MIN
DY MAX MIN AVG DEP HDD CDD WTR SNW DPTH SPD SPD DIR MIN PSBL S-S WX SPD DR
================================================================================
1 96 62 79 8 0 14 0.00 0.0 0 13.8 25 170 M M 0 8 34 170
2 94 57 76 6 0 11 0.00 0.0 0 12.7 25 200 M M 0 33 200
3 97 64 81 11 0 16 0.00 0.0 0 10.8 23 170 M M 1 38 180
4 96 67 82 12 0 17 0.00 0.0 0 16.8 31 220 M M 0 43 210
5 84 58 71 1 0 6 0.00 0.0 0 10.2 22 20 M M 0 29 340
6 88 53 71 1 0 6 0.00 0.0 0 11.4 25 180 M M 0 33 170
7 98 63 81 12 0 16 0.00 0.0 0 10.2 20 240 M M 0 26 230
8 91 62 77 8 0 12 0.00 0.0 0 12.6 22 40 M M 0 32 70
9 89 58 74 5 0 9 0.00 0.0 0 11.4 25 130 M M 0 39 120
10 87 59 73 5 0 8 0.02 0.0 0 14.9 25 310 M M 1 13 33 310
11 62 54 58 -10 7 0 0.42 0.0 0 11.5 23 40 M M 10 18 28 40
12 68 50 59 -9 6 0 T 0.0 0 9.2 17 150 M M 7 22 140
13 70 55 63 -5 2 0 0.05 0.0 0 11.1 15 150 M M 10 18 22 180
14 75 56 66 -1 0 1 T 0.0 0 5.5 16 110 M M 7 138 22 90
15 72 52 62 -5 3 0 0.08 0.0 0 10.1 22 10 M M 8 1 27 10
16 75 52 64 -2 1 0 0.00 0.0 0 6.4 13 360 M M 3 8 19 30
17 82 52 67 1 0 2 0.00 0.0 0 10.9 17 170 M M 0 27 250
18 88 57 73 7 0 8 0.00 0.0 0 9.1 25 250 M M 1 36 250
19 86 60 73 7 0 8 0.00 0.0 0 12.4 28 320 M M 0 41 330
20 86 57 72 7 0 7 0.00 0.0 0 9.1 21 210 M M 1 29 220
21 88 61 75 10 0 10 0.00 0.0 0 15.7 33 170 M M 1 44 170
22 89 54 72 8 0 7 0.00 0.0 0 12.6 22 230 M M 0 31 220
23 83 58 71 7 0 6 0.00 0.0 0 10.0 21 30 M M 1 27 30
24 78 54 66 2 0 1 T 0.0 0 7.0 15 120 M M 2 21 130
25 81 53 67 4 0 2 0.00 0.0 0 9.3 17 200 M M 0 23 170
26 86 57 72 9 0 7 0.00 0.0 0 11.6 26 320 M M 2 3 36 330
27 89 56 73 11 0 8 0.00 0.0 0 10.2 20 200 M M 0 8 26 200
28 89 57 73 11 0 8 0.00 0.0 0 13.0 28 200 M M 0 42 180
29 91 55 73 12 0 8 0.00 0.0 0 10.0 18 210 M M 0 26 240
30 84 55 70 9 0 5 1.00 0.0 0 17.0 33 190 M M 3 13 47 250
================================================================================
SM 2542 1708 19 203 1.57 0.0 336.5 M 58
================================================================================
AV 84.7 56.9 11.2 FASTST M M 2 MAX(MPH)
MISC ----> # 33 170 47 250
================================================================================
NOTES:
# LAST OF SEVERAL OCCURRENCES
COLUMN 17 PEAK WIND IN M.P.H.
PRELIMINARY LOCAL CLIMATOLOGICAL DATA (WS FORM: F-6) , PAGE 2
STATION: CLAYTON NM
MONTH: SEPTEMBER
YEAR: 2023
LATITUDE: 36 27 N
LONGITUDE: 103 9 W
[TEMPERATURE DATA] [PRECIPITATION DATA] SYMBOLS USED IN COLUMN 16
AVERAGE MONTHLY: 70.8 TOTAL FOR MONTH: 1.57 1 = FOG OR MIST
DPTR FM NORMAL: 4.4 DPTR FM NORMAL: -0.18 2 = FOG REDUCING VISIBILITY
HIGHEST: 98 ON 7 GRTST 24HR 1.00 ON 30-30 TO 1/4 MILE OR LESS
LOWEST: 50 ON 12 3 = THUNDER
SNOW, ICE PELLETS, HAIL 4 = ICE PELLETS
TOTAL MONTH: 0.0 INCH 5 = HAIL
GRTST 24HR 0.0 6 = FREEZING RAIN OR DRIZZLE
GRTST DEPTH: 0 7 = DUSTSTORM OR SANDSTORM:
VSBY 1/2 MILE OR LESS
8 = SMOKE OR HAZE
[NO. OF DAYS WITH] [WEATHER - DAYS WITH] 9 = BLOWING SNOW
X = TORNADO
MAX 32 OR BELOW: 0 0.01 INCH OR MORE: 5
MAX 90 OR ABOVE: 7 0.10 INCH OR MORE: 2
MIN 32 OR BELOW: 0 0.50 INCH OR MORE: 1
MIN 0 OR BELOW: 0 1.00 INCH OR MORE: 1
[HDD (BASE 65) ]
TOTAL THIS MO. 19 CLEAR (SCALE 0-3) 24
DPTR FM NORMAL -49 PTCLDY (SCALE 4-7) 4
TOTAL FM JUL 1 19 CLOUDY (SCALE 8-10) 2
DPTR FM NORMAL -57
[CDD (BASE 65) ]
TOTAL THIS MO. 203
DPTR FM NORMAL 93 [PRESSURE DATA]
TOTAL FM JAN 1 1082 HIGHEST SLP 30.22 ON 11
DPTR FM NORMAL 127 LOWEST SLP 29.52 ON 4
[REMARKS]
#FINAL-09-23#