000
CXUS54 KLZK 011130
CF6CCA
PRELIMINARY LOCAL CLIMATOLOGICAL DATA (WS FORM: F-6)
STATION: Clinton
MONTH: OCTOBER
YEAR: 2020
LATITUDE: 35 32 N
LONGITUDE: 92 22 W
TEMPERATURE IN F: :PCPN: SNOW: WIND :SUNSHINE: SKY :PK WND
================================================================================
1 2 3 4 5 6A 6B 7 8 9 10 11 12 13 14 15 16 17 18
12Z AVG MX 2MIN
DY MAX MIN AVG DEP HDD CDD WTR SNW DPTH SPD SPD DIR MIN PSBL S-S WX SPD DR
================================================================================
1 77 46 62 M 3 0 0.00 M M 2.7 10 310 M M 0 18 24 310
2 70 39 55 M 10 0 0.00 M M 0.7 7 320 M M 0 18 13 320
3 70 45 58 M 7 0 0.00 M M 2.3 12 150 M M 6 3 15 130
4 66 43 55 M 10 0 0.00 M M 2.5 9 330 M M 3 1 15 330
5 68 37 53 M 12 0 0.00 M M 1.3 6 100 M M 1 12 M M
6 79 39 59 M 6 0 0.00 M M 0.4 4 160 M M 1 1 M M
7 84 46 65 M 0 0 0.00 M M 0.4 7 210 M M 1 1 M M
8 82 55 69 M 0 4 0.00 M M 0.6 6 120 M M 3 12 M M
9 66 57 62 M 3 0 0.07 M M 0.0 M M M M 7 1 M M
10 79 59 69 M 0 4 0.00 M M 2.4 12 340 M M 7 1 18 340
11 84 61 73 M 0 8 0.00 M M 1.8 7 130 M M 5 12 M M
12 77 45 61 M 4 0 0.00 M M 4.0 17 320 M M 4 1 25 300
13 77 39 58 M 7 0 0.00 M M 0.5 7 99 M M 0 1 M M
14 79 41 60 M 5 0 0.00 M M 2.4 10 210 M M 2 1 M M
15 66 50 58 M 7 0 0.02 M M 1.6 6 99 M M 9 14 99
16 68 37 53 M 12 0 0.00 M M 0.6 6 99 M M 1 1 M M
17 70 34 52 M 13 0 0.00 M M 3.3 12 130 M M 4 1 20 160
18 70 57 64 M 1 0 0.00 M M 0.1 4 110 M M 10 18 M M
19 64 54 59 M 6 0 0.00 M M 0.5 4 30 M M 10 1 M M
20 79 57 68 M 0 3 0.00 M M 1.1 8 140 M M 8 128 12 99
21 84 59 72 M 0 7 0.00 M M 1.4 8 140 M M 5 12 M M
22 82 57 70 M 0 5 0.00 M M 1.8 8 190 M M 7 12 14 170
23 81 48 65 M 0 0 0.00 M M 6.7 12 330 M M 9 21 340
24 52 45 49 M 16 0 0.00 M M 3.2 7 99 M M 10 13 99
25 54 46 50 M 15 0 0.00 M M 1.0 6 300 M M 10 M M
26 52 45 49 M 16 0 0.04 M M 1.5 6 310 M M 10 18 13 99
27 46 39 43 M 22 0 0.11 M M 2.2 7 99 M M 10 1 13 0
28 52 45 49 M 16 0 1.49 M M 1.7 12 260 M M 10 1 M M
29 54 36 45 M 20 0 0.01 M M 5.3 15 330 M M 7 1 25 320
30 63 32 48 M 17 0 0.00 M M 1.0 6 99 M M 3 12 M M
31 63 36 50 M 15 0 0.04 M M 1.4 7 180 M M 4 12 14 99
================================================================================
SM 2158 1429 243 31 1.78 M 56.4 M 167
================================================================================
AV 69.6 46.1 1.8 FASTST M M 5 MAX(MPH)
MISC ----> # 17 320 # 25 300
================================================================================
NOTES:
# LAST OF SEVERAL OCCURRENCES
COLUMN 17 PEAK WIND IN M.P.H.
PRELIMINARY LOCAL CLIMATOLOGICAL DATA (WS FORM: F-6) , PAGE 2
STATION: Clinton
MONTH: OCTOBER
YEAR: 2020
LATITUDE: 35 32 N
LONGITUDE: 92 22 W
[TEMPERATURE DATA] [PRECIPITATION DATA] SYMBOLS USED IN COLUMN 16
AVERAGE MONTHLY: 57.9 TOTAL FOR MONTH: 1.78 1 = FOG OR MIST
DPTR FM NORMAL: M DPTR FM NORMAL: M 2 = FOG REDUCING VISIBILITY
HIGHEST: 84 ON 21,11 GRTST 24HR 1.49 ON 28-28 TO 1/4 MILE OR LESS
LOWEST: 32 ON 30 3 = THUNDER
SNOW, ICE PELLETS, HAIL 4 = ICE PELLETS
TOTAL MONTH: M 5 = HAIL
GRTST 24HR M ON M 6 = FREEZING RAIN OR DRIZZLE
GRTST DEPTH: M ON M 7 = DUSTSTORM OR SANDSTORM:
VSBY 1/2 MILE OR LESS
8 = SMOKE OR HAZE
[NO. OF DAYS WITH] [WEATHER - DAYS WITH] 9 = BLOWING SNOW
X = TORNADO
MAX 32 OR BELOW: 0 0.01 INCH OR MORE: 7
MAX 90 OR ABOVE: 0 0.10 INCH OR MORE: 2
MIN 32 OR BELOW: 1 0.50 INCH OR MORE: 1
MIN 0 OR BELOW: 0 1.00 INCH OR MORE: 1
[HDD (BASE 65) ]
TOTAL THIS MO. 243 CLEAR (SCALE 0-3) 11
DPTR FM NORMAL M PTCLDY (SCALE 4-7) 11
TOTAL FM JUL 1 258 CLOUDY (SCALE 8-10) 9
DPTR FM NORMAL M
[CDD (BASE 65) ]
TOTAL THIS MO. 31
DPTR FM NORMAL M [PRESSURE DATA]
TOTAL FM JAN 1 1499 HIGHEST SLP M ON M
DPTR FM NORMAL M LOWEST SLP M ON M
[REMARKS]
#FINAL-10-20#