000
CXUS55 KBOU 010900
CF6CCU
PRELIMINARY LOCAL CLIMATOLOGICAL DATA (WS FORM: F-6)
STATION: COPPER MTN/RED CLIFF
MONTH: APRIL
YEAR: 2023
LATITUDE: 39 28 N
LONGITUDE: 106 9 W
TEMPERATURE IN F: :PCPN: SNOW: WIND :SUNSHINE: SKY :PK WND
================================================================================
1 2 3 4 5 6A 6B 7 8 9 10 11 12 13 14 15 16 17 18
12Z AVG MX 2MIN
DY MAX MIN AVG DEP HDD CDD WTR SNW DPTH SPD SPD DIR MIN PSBL S-S WX SPD DR
================================================================================
1 34 14 24 M 41 0 M M M 18.7 35 250 M M 6 8 47 250
2 34 25 30 M 35 0 M M M 23.2 38 250 M M 6 8 50 230
3 34 28 31 M 34 0 M M M 19.1 32 130 M M 8 8 47 130
4 28 12 20 M 45 0 M M M 15.1 32 140 M M 10 8 43 140
5 M M M M M M M M M M M M M M M M M
6 M M M M M M M M M M M M M M M M M
7 M M M M M M M M M M M M M M M M M
8 M M M M M M M M M M M M M M M M M
9 M M M M M M M M M M M M M M M M M
10 54 41 48 M 17 0 M M M 3.7 10 270 M M 0 M M
11 52 39 46 M 19 0 M M M 13.2 20 170 M M 0 24 180
12 46 41 44 M 21 0 M M M 10.5 17 180 M M 3 25 180
13 43 32 38 M 27 0 M M M 13.2 21 180 M M 5 47 210
14 34 18 26 M 39 0 M M M 11.3 21 290 M M 9 28 28 290
15 23 10 17 M 48 0 M M M 15.6 26 300 M M 7 8 41 280
16 37 18 28 M 37 0 M M M 12.8 24 270 M M 0 8 31 270
17 43 28 36 M 29 0 M M M 12.5 18 240 M M 1 27 240
18 41 34 38 M 27 0 M M M 15.5 23 240 M M 4 8 40 220
19 32 10 21 M 44 0 M M M 15.0 24 170 M M 9 8 36 170
20 18 5 12 M 53 0 M M M 17.9 38 260 M M 10 8 51 260
21 21 5 13 M 52 0 M M M 16.0 25 280 M M 8 8 35 290
22 23 18 21 M 44 0 M M M 11.4 20 270 M M 10 8 24 270
23 34 14 24 M 41 0 M M M 6.8 13 250 M M 5 18 250
24 36 25 31 M 34 0 M M M 6.9 18 260 M M 8 23 260
25 36 25 31 M 34 0 M M M 11.2 26 230 M M 6 8 39 230
26 37 27 32 M 33 0 M M M 9.1 18 290 M M 8 24 290
27 37 25 31 M 34 0 M M M 18.9 32 280 M M 9 8 55 280
28 34 18 26 M 39 0 M M M 12.4 24 300 M M 4 35 300
29 45 27 36 M 29 0 M M M 15.1 26 290 M M 1 37 300
30 46 34 40 M 25 0 M M M 11.8 21 270 M M 3 30 310
================================================================================
SM 902 573 881 0 M M 336.7 M 140
================================================================================
AV 36.1 22.9 13.5 FASTST M M 6 MAX(MPH)
MISC ----> # 38 260 55 280
================================================================================
NOTES:
# LAST OF SEVERAL OCCURRENCES
COLUMN 17 PEAK WIND IN M.P.H.
PRELIMINARY LOCAL CLIMATOLOGICAL DATA (WS FORM: F-6) , PAGE 2
STATION: COPPER MTN/RED CLIFF
MONTH: APRIL
YEAR: 2023
LATITUDE: 39 28 N
LONGITUDE: 106 9 W
[TEMPERATURE DATA] [PRECIPITATION DATA] SYMBOLS USED IN COLUMN 16
AVERAGE MONTHLY: 29.5 TOTAL FOR MONTH: M 1 = FOG OR MIST
DPTR FM NORMAL: 0.0 DPTR FM NORMAL: M 2 = FOG REDUCING VISIBILITY
HIGHEST: 54 ON 10 GRTST 24HR M ON M TO 1/4 MILE OR LESS
LOWEST: 5 ON 20,21 3 = THUNDER
SNOW, ICE PELLETS, HAIL 4 = ICE PELLETS
TOTAL MONTH: M 5 = HAIL
GRTST 24HR M ON M 6 = FREEZING RAIN OR DRIZZLE
GRTST DEPTH: M ON M 7 = DUSTSTORM OR SANDSTORM:
VSBY 1/2 MILE OR LESS
8 = SMOKE OR HAZE
[NO. OF DAYS WITH] [WEATHER - DAYS WITH] 9 = BLOWING SNOW
X = TORNADO
MAX 32 OR BELOW: 6 0.01 INCH OR MORE: 0
MAX 90 OR ABOVE: 0 0.10 INCH OR MORE: 0
MIN 32 OR BELOW: 20 0.50 INCH OR MORE: 0
MIN 0 OR BELOW: 0 1.00 INCH OR MORE: 0
[HDD (BASE 65) ]
TOTAL THIS MO. 881 CLEAR (SCALE 0-3) 7
DPTR FM NORMAL M PTCLDY (SCALE 4-7) 12
TOTAL FM JUL 1 9247 CLOUDY (SCALE 8-10) 11
DPTR FM NORMAL M
[CDD (BASE 65) ]
TOTAL THIS MO. 0
DPTR FM NORMAL M [PRESSURE DATA]
TOTAL FM JAN 1 0 HIGHEST SLP M ON M
DPTR FM NORMAL M LOWEST SLP M ON M
[REMARKS]
#FINAL-04-23#