000
CXUS56 KSLC 011424
CF6CDC
PRELIMINARY LOCAL CLIMATOLOGICAL DATA (WS FORM: F-6)
STATION: CEDAR CITY UT
MONTH: JANUARY
YEAR: 2022
LATITUDE: 37 42 N
LONGITUDE: 113 6 W
TEMPERATURE IN F: :PCPN: SNOW: WIND :SUNSHINE: SKY :PK WND
================================================================================
1 2 3 4 5 6A 6B 7 8 9 10 11 12 13 14 15 16 17 18
12Z AVG MX 2MIN
DY MAX MIN AVG DEP HDD CDD WTR SNW DPTH SPD SPD DIR MIN PSBL S-S WX SPD DR
================================================================================
1 21 2 12 -17 53 0 T M M 9.1 17 10 M M 3 1 25 10
2 28 -1 14 -15 51 0 0.00 M M 1.9 9 50 M M 0 11 60
3 38 10 24 -5 41 0 0.00 M M 11.1 26 230 M M 0 8 33 230
4 40 23 32 3 33 0 0.00 M M 6.5 24 180 M M 3 30 190
5 48 23 36 7 29 0 0.00 M M 7.5 15 150 M M 1 17 150
6 52 28 40 11 25 0 0.00 M M 6.4 13 220 M M 0 15 150
7 51 33 42 13 23 0 0.00 M M 11.9 29 200 M M 0 39 200
8 44 27 36 6 29 0 0.00 M M 7.3 21 360 M M 4 27 10
9 40 22 31 1 34 0 0.00 M M 2.8 9 350 M M 0 11 340
10 42 18 30 0 35 0 0.00 M M 3.1 7 70 M M 0 9 120
11 43 20 32 2 33 0 0.00 M M 1.9 10 40 M M 0 13 350
12 48 22 35 5 30 0 0.00 M M 3.4 8 60 M M 0 9 60
13 52 25 39 9 26 0 0.00 M M 4.6 17 210 M M 0 21 210
14 42 26 34 4 31 0 0.00 M M 8.1 22 10 M M 1 29 360
15 42 22 32 2 33 0 0.00 M M 2.5 8 130 M M 0 9 150
16 48 19 34 4 31 0 0.00 M M 1.6 6 140 M M 0 8 50
17 44 22 33 2 32 0 0.00 M M 2.6 10 180 M M 1 12 190
18 47 28 38 7 27 0 0.00 M M 4.9 16 210 M M 4 19 210
19 46 24 35 4 30 0 0.00 M M 6.7 18 360 M M 1 24 360
20 43 21 32 1 33 0 0.00 M M 4.1 13 350 M M 0 17 360
21 39 25 32 1 33 0 T M M 10.6 22 10 M M 8 1 32 40
22 41 23 32 1 33 0 0.00 M M 7.6 20 340 M M 3 28 20
23 43 17 30 -1 35 0 0.00 M M 3.6 14 340 M M 0 17 340
24 52 17 35 4 30 0 0.00 M M 4.9 12 270 M M 0 15 140
25 36 22 29 -2 36 0 T M M 10.6 21 360 M M 7 1 29 10
26 39 14 27 -4 38 0 0.00 M M 2.9 8 360 M M 1 11 40
27 39 15 27 -5 38 0 0.00 M M 8.2 23 350 M M 0 32 360
28 42 14 28 -4 37 0 0.00 M M 3.4 9 140 M M 0 11 140
29 48 14 31 -1 34 0 0.00 M M 2.4 8 140 M M 0 11 20
30 47 15 31 -1 34 0 0.00 M M 3.6 10 140 M M 0 12 140
31 57 16 37 5 28 0 0.00 M M 5.2 17 200 M M 0 23 230
================================================================================
SM 1342 606 1035 0 T M 171.0 M 37
================================================================================
AV 43.3 19.5 5.5 FASTST M M 1 MAX(MPH)
MISC ----> 29 200 39 200
================================================================================
NOTES:
# LAST OF SEVERAL OCCURRENCES
COLUMN 17 PEAK WIND IN M.P.H.
PRELIMINARY LOCAL CLIMATOLOGICAL DATA (WS FORM: F-6) , PAGE 2
STATION: CEDAR CITY UT
MONTH: JANUARY
YEAR: 2022
LATITUDE: 37 42 N
LONGITUDE: 113 6 W
[TEMPERATURE DATA] [PRECIPITATION DATA] SYMBOLS USED IN COLUMN 16
AVERAGE MONTHLY: 31.4 TOTAL FOR MONTH: T 1 = FOG OR MIST
DPTR FM NORMAL: 1.0 DPTR FM NORMAL: -0.82 2 = FOG REDUCING VISIBILITY
HIGHEST: 57 ON 31 GRTST 24HR 0.21 ON 31- 1 TO 1/4 MILE OR LESS
LOWEST: -1 ON 2 3 = THUNDER
SNOW, ICE PELLETS, HAIL 4 = ICE PELLETS
TOTAL MONTH: M 5 = HAIL
GRTST 24HR M ON M 6 = FREEZING RAIN OR DRIZZLE
GRTST DEPTH: M ON M 7 = DUSTSTORM OR SANDSTORM:
VSBY 1/2 MILE OR LESS
8 = SMOKE OR HAZE
[NO. OF DAYS WITH] [WEATHER - DAYS WITH] 9 = BLOWING SNOW
X = TORNADO
MAX 32 OR BELOW: 2 0.01 INCH OR MORE: 0
MAX 90 OR ABOVE: 0 0.10 INCH OR MORE: 0
MIN 32 OR BELOW: 30 0.50 INCH OR MORE: 0
MIN 0 OR BELOW: 1 1.00 INCH OR MORE: 0
[HDD (BASE 65) ]
TOTAL THIS MO. 1035 CLEAR (SCALE 0-3) 25
DPTR FM NORMAL -38 PTCLDY (SCALE 4-7) 5
TOTAL FM JUL 1 3171 CLOUDY (SCALE 8-10) 1
DPTR FM NORMAL -369
[CDD (BASE 65) ]
TOTAL THIS MO. 0
DPTR FM NORMAL 0 [PRESSURE DATA]
TOTAL FM JAN 1 0 HIGHEST SLP 30.73 ON 28
DPTR FM NORMAL 0 LOWEST SLP 29.72 ON 7
[REMARKS]
#FINAL-01-22#