000
CXUS56 KSLC 030852
CF6CDC
PRELIMINARY LOCAL CLIMATOLOGICAL DATA (WS FORM: F-6)
STATION: CEDAR CITY UT
MONTH: JULY
YEAR: 2021
LATITUDE: 37 42 N
LONGITUDE: 113 6 W
TEMPERATURE IN F: :PCPN: SNOW: WIND :SUNSHINE: SKY :PK WND
================================================================================
1 2 3 4 5 6A 6B 7 8 9 10 11 12 13 14 15 16 17 18
12Z AVG MX 2MIN
DY MAX MIN AVG DEP HDD CDD WTR SNW DPTH SPD SPD DIR MIN PSBL S-S WX SPD DR
================================================================================
1 88 53 71 -1 0 6 T M M 6.7 23 240 M M 2 30 230
2 92 54 73 1 0 8 0.00 M M 4.1 14 210 M M 1 18 280
3 96 60 78 6 0 13 0.00 M M 5.9 16 290 M M 0 20 300
4 93 66 80 8 0 15 0.00 M M 8.6 26 220 M M 1 33 210
5 95 61 78 5 0 13 0.00 M M 4.5 15 290 M M 1 20 260
6 98 61 80 7 0 15 0.00 M M 5.1 20 30 M M 0 24 360
7 101 64 83 10 0 18 0.00 M M 5.0 17 250 M M 0 24 240
8 100 67 84 11 0 19 0.00 M M 9.6 20 240 M M 0 25 280
9 102 67 85 11 0 20 0.00 M M 7.2 30 250 M M 0 36 240
10 103 62 83 9 0 18 0.00 M M 6.7 21 350 M M 0 28 360
11 101 67 84 10 0 19 0.00 M M 5.1 23 250 M M 0 27 250
12 98 68 83 9 0 18 0.00 M M 7.0 23 250 M M 0 3 27 240
13 94 66 80 6 0 15 0.33 M M 8.9 30 170 M M 1 38 34 170
14 91 59 75 1 0 10 0.07 M M 10.5 28 340 M M 2 3 40 110
15 88 59 74 0 0 9 0.15 M M 11.3 31 330 M M 1 38 43 320
16 89 60 75 0 0 10 0.07 M M 10.6 23 10 M M 1 3 28 10
17 91 59 75 0 0 10 T M M 5.4 23 140 M M 1 3 27 260
18 90 62 76 1 0 11 0.00 M M 10.0 30 40 M M 2 3 35 50
19 85 65 75 0 0 10 0.89 M M 6.4 22 120 M M 7 3 26 120
20 84 61 73 -2 0 8 T M M 4.6 22 290 M M 2 3 26 290
21 92 66 79 4 0 14 0.00 M M 7.3 29 300 M M 3 3 35 300
22 86 64 75 0 0 10 0.49 M M 5.9 22 180 M M 3 3 34 190
23 86 60 73 -2 0 8 T M M 4.4 20 340 M M 1 8 27 220
24 88 62 75 0 0 10 0.05 M M 6.9 37 120 M M 1 38 43 120
25 87 64 76 1 0 11 0.09 M M 7.4 44 60 M M 1 38 55 60
26 77 64 71 -4 0 6 0.62 M M 5.8 26 120 M M 3 3 33 120
27 84 61 73 -2 0 8 0.00 M M 8.1 20 220 M M 0 25 250
28 88 62 75 0 0 10 T M M 6.9 24 120 M M 2 29 120
29 80 63 72 -3 0 7 0.03 M M 8.3 28 230 M M 3 3 34 230
30 84 62 73 -2 0 8 0.49 M M 6.6 28 120 M M 6 3 38 100
31 83 58 71 -4 0 6 0.23 M M 6.2 26 120 M M 3 3 32 120
================================================================================
SM 2814 1927 0 363 3.51 M 217.0 M 48
================================================================================
AV 90.8 62.2 7.0 FASTST M M 2 MAX(MPH)
MISC ----> 44 60 55 60
================================================================================
NOTES:
# LAST OF SEVERAL OCCURRENCES
COLUMN 17 PEAK WIND IN M.P.H.
PRELIMINARY LOCAL CLIMATOLOGICAL DATA (WS FORM: F-6) , PAGE 2
STATION: CEDAR CITY UT
MONTH: JULY
YEAR: 2021
LATITUDE: 37 42 N
LONGITUDE: 113 6 W
[TEMPERATURE DATA] [PRECIPITATION DATA] SYMBOLS USED IN COLUMN 16
AVERAGE MONTHLY: 76.5 TOTAL FOR MONTH: 3.51 1 = FOG OR MIST
DPTR FM NORMAL: 2.5 DPTR FM NORMAL: 2.49 2 = FOG REDUCING VISIBILITY
HIGHEST: 103 ON 10 GRTST 24HR 0.89 ON 19-19 TO 1/4 MILE OR LESS
LOWEST: 53 ON 1 3 = THUNDER
SNOW, ICE PELLETS, HAIL 4 = ICE PELLETS
TOTAL MONTH: M 5 = HAIL
GRTST 24HR M ON M 6 = FREEZING RAIN OR DRIZZLE
GRTST DEPTH: M ON M 7 = DUSTSTORM OR SANDSTORM:
VSBY 1/2 MILE OR LESS
8 = SMOKE OR HAZE
[NO. OF DAYS WITH] [WEATHER - DAYS WITH] 9 = BLOWING SNOW
X = TORNADO
MAX 32 OR BELOW: 0 0.01 INCH OR MORE: 12
MAX 90 OR ABOVE: 16 0.10 INCH OR MORE: 7
MIN 32 OR BELOW: 0 0.50 INCH OR MORE: 2
MIN 0 OR BELOW: 0 1.00 INCH OR MORE: 0
[HDD (BASE 65) ]
TOTAL THIS MO. 0 CLEAR (SCALE 0-3) 26
DPTR FM NORMAL -1 PTCLDY (SCALE 4-7) 5
TOTAL FM JUL 1 0 CLOUDY (SCALE 8-10) 0
DPTR FM NORMAL 0
[CDD (BASE 65) ]
TOTAL THIS MO. 363
DPTR FM NORMAL 81 [PRESSURE DATA]
TOTAL FM JAN 1 625 HIGHEST SLP 30.15 ON 31
DPTR FM NORMAL 220 LOWEST SLP 29.53 ON 12
[REMARKS]
#FINAL-07-21#