000
CXUS55 KCYS 120212 CCA
CF6CDR
PRELIMINARY LOCAL CLIMATOLOGICAL DATA (WS FORM: F-6)...CORRECTED
STATION: CHADRON NEBRASKA AIRPORT
MONTH: DECEMBER
YEAR: 2022
LATITUDE: 42 50 N
LONGITUDE: 103 6 W
TEMPERATURE IN F: :PCPN: SNOW: WIND :SUNSHINE: SKY :PK WND
================================================================================
1 2 3 4 5 6A 6B 7 8 9 10 11 12 13 14 15 16 17 18
12Z AVG MX 2MIN
DY MAX MIN AVG DEP HDD CDD WTR SNW DPTH SPD SPD DIR MIN PSBL S-S WX SPD DR
================================================================================
1 62 22 42 13 23 0 0.00 M M 8.7 20 240 M M 0 28 250
2 32 3 18 -11 47 0 T M M 10.9 31 300 M M 4 42 300
3 43 1 22 -6 43 0 0.00 M M 4.4 14 230 M M 0 17 220
4 57 9 33 5 32 0 T M M 7.1 20 220 M M 3 26 240
5 39 13 26 -2 39 0 0.00 M M 5.1 20 170 M M 3 27 190
6 42 10 26 -1 39 0 0.00 M M 6.0 16 20 M M 0 23 340
7 42 10 26 -1 39 0 T M M 6.4 23 190 M M 3 1 30 180
8 35 12 24 -3 41 0 0.44 M M 5.0 17 190 M M 5 128 24 180
9 37 -4 17 -9 48 0 0.00 M M 7.1 18 230 M M 0 24 190
10 38 8 23 -3 42 0 0.00 M M 9.0 23 180 M M 0 31 280
11 50 12 31 5 34 0 0.00 M M 3.6 16 200 M M 0 8 20 200
12 34 21 28 2 37 0 T M M 8.7 24 20 M M 5 16 31 20
13 22 16 19 -7 46 0 1.19 M M 18.8 32 310 M M 10 12689 51 320
14 23 16 20 -5 45 0 T M M 24.6 32 310 M M 10 189 47 300
15 22 18 20 -5 45 0 T M M 27.8 38 300 M M 9 189 55 310
16 23 15 19 -6 46 0 T M M 26.3 39 310 M M 6 89 58 300
17 31 0 16 -9 49 0 0.00 M M 11.7 24 280 M M 5 31 280
18 17 -6 6 -19 59 0 T M M 5.2 16 30 M M 3 18 19 30
19 10 -12 -1 -26 66 0 T M M 2.6 10 130 M M 6 18 12 130
20 4 -15 -5 -30 70 0 0.00 M M 2.3 13 60 M M 3 15 60
21 -2 -17 -9 -33 74 0 0.04 M M 13.9 32 310 M M 7 8 48 310
22 -6 -17 -11 -35 76 0 T M M 29.5 41 300 M M 7 8 58 290
23 4 -10 -3 -27 68 0 T M M 8.9 36 290 M M 2 8 52 290
24 21 2 12 -12 53 0 0.00 M M 3.4 12 240 M M 6 13 240
25 44 6 25 1 40 0 T M M 10.9 26 290 M M 2 34 280
26 39 13 26 2 39 0 0.00 M M 5.4 18 300 M M 4 12 25 300
27 52 27 40 16 25 0 0.00 M M 5.3 14 220 M M 0 M M
28 50 36 43 19 22 0 0.00 M M M M M M M M M M
29 42 22 32 8 33 0 0.00 M M 8.2 17 270 M M 3 22 280
30 47 17 32 8 33 0 0.00 M M 8.6 18 220 M M 0 24 230
31 42 22 32 7 33 0 0.00 M M 3.6 10 170 M M 3 13 220
================================================================================
SM 996 250 1386 0 1.67 M 299.0 M 109
================================================================================
AV 32.1 8.1 10.0 FASTST M M 4 MAX(MPH)
MISC ----> 41 300 # 58 300
================================================================================
NOTES:
# LAST OF SEVERAL OCCURRENCES
COLUMN 17 PEAK WIND IN M.P.H.
PRELIMINARY LOCAL CLIMATOLOGICAL DATA (WS FORM: F-6) , PAGE 2
STATION: CHADRON NEBRASKA AIRPORT
MONTH: DECEMBER
YEAR: 2022
LATITUDE: 42 50 N
LONGITUDE: 103 6 W
[TEMPERATURE DATA] [PRECIPITATION DATA] SYMBOLS USED IN COLUMN 16
AVERAGE MONTHLY: 20.1 TOTAL FOR MONTH: 1.67 1 = FOG OR MIST
DPTR FM NORMAL: -5.6 DPTR FM NORMAL: 1.36 2 = FOG REDUCING VISIBILITY
HIGHEST: 62 ON 1 GRTST 24HR 1.19 ON 13-13 TO 1/4 MILE OR LESS
LOWEST: -17 ON 22,21 3 = THUNDER
SNOW, ICE PELLETS, HAIL 4 = ICE PELLETS
TOTAL MONTH: M 5 = HAIL
GRTST 24HR M ON M 6 = FREEZING RAIN OR DRIZZLE
GRTST DEPTH: M ON M 7 = DUSTSTORM OR SANDSTORM:
VSBY 1/2 MILE OR LESS
8 = SMOKE OR HAZE
[NO. OF DAYS WITH] [WEATHER - DAYS WITH] 9 = BLOWING SNOW
X = TORNADO
MAX 32 OR BELOW: 13 0.01 INCH OR MORE: 3
MAX 90 OR ABOVE: 0 0.10 INCH OR MORE: 2
MIN 32 OR BELOW: 30 0.50 INCH OR MORE: 1
MIN 0 OR BELOW: 8 1.00 INCH OR MORE: 1
[HDD (BASE 65) ]
TOTAL THIS MO. 1386 CLEAR (SCALE 0-3) 13
DPTR FM NORMAL 168 PTCLDY (SCALE 4-7) 14
TOTAL FM JUL 1 2954 CLOUDY (SCALE 8-10) 4
DPTR FM NORMAL 157
[CDD (BASE 65) ]
TOTAL THIS MO. 0
DPTR FM NORMAL 0 [PRESSURE DATA]
TOTAL FM JAN 1 1119 HIGHEST SLP 30.85 ON 23
DPTR FM NORMAL 311 LOWEST SLP 29.29 ON 28
[REMARKS]
USED COOP BACKUP (CHADRON 3SW) FOR PRECIPITATION ON: 12/8, 12/13,
12/21 USED BACKUP FOR ALL AVAILABLE FIELDS ON: 12/27, 12/28;
DECEMBER 22...RECORD LOW HIGH -6 DEGREES (PREVIOUS -5 DEGREES IN
1983); DECEMBER 27...MISSING PEAK WIND; DECEMBER 28...MISSING
AVG/MAX/PEAK WINDS
MONTHLY PRECIPITATION 1.67" WAS 2ND WETTEST DECEMBER
#FINAL-12-22#