000
CXUS54 KLUB 011344
CF6CDS
PRELIMINARY LOCAL CLIMATOLOGICAL DATA (WS FORM: F-6)
STATION: CHILDRESS
MONTH: JULY
YEAR: 2021
LATITUDE: 34 25 N
LONGITUDE: 100 17 W
TEMPERATURE IN F: :PCPN: SNOW: WIND :SUNSHINE: SKY :PK WND
================================================================================
1 2 3 4 5 6A 6B 7 8 9 10 11 12 13 14 15 16 17 18
12Z AVG MX 2MIN
DY MAX MIN AVG DEP HDD CDD WTR SNW DPTH SPD SPD DIR MIN PSBL S-S WX SPD DR
================================================================================
1 95 72 84 2 0 19 0.38 0.0 0 8.4 18 90 M M 4 13 28 90
2 85 69 77 -6 0 12 0.50 0.0 0 M M M M M M 13 M M
3 89 71 80 -3 0 15 0.00 0.0 0 M M M M M M M M
4 88 69 79 -4 0 14 0.00 0.0 0 M M M M M M M M
5 89 68 79 -4 0 14 1.34 0.0 0 M M M M M M 3 M M
6 90 70 80 -3 0 15 0.00 0.0 0 M M M M M M M M
7 94 71 83 0 0 18 0.00 0.0 0 M M M M M M M M
8 96 69 83 0 0 18 0.00 0.0 0 M M M M M M M M
9 93 72 83 0 0 18 0.00 0.0 0 M M M M M M M M
10 96 71 84 1 0 19 0.00 0.0 0 M M M M M M M M
11 91 71 81 -3 0 16 0.03 0.0 0 M M M M M M M M
12 89 66 78 -6 0 13 0.00 0.0 0 10.4 18 190 M M M 26 180
13 93 69 81 -3 0 16 0.00 0.0 0 10.7 22 180 M M 2 28 190
14 92 70 81 -3 0 16 0.00 0.0 0 13.4 24 190 M M 0 31 190
15 91 79 85 1 0 20 0.03 0.0 0 13.4 31 280 M M 1 3 40 280
16 91 71 81 -3 0 16 T 0.0 0 6.0 15 180 M M 1 20 150
17 94 72 83 -1 0 18 0.00 0.0 0 9.6 20 230 M M 1 3 28 120
18 96 70 83 -1 0 18 0.82 0.0 0 5.7 30 30 M M 3 3 40 30
19 89 70 80 -4 0 15 0.00 0.0 0 5.8 13 30 M M 3 16 50
20 86 70 78 -6 0 13 0.00 0.0 0 5.7 14 60 M M 3 17 50
21 88 67 78 -6 0 13 0.00 0.0 0 4.4 12 140 M M 1 15 90
22 90 67 79 -5 0 14 0.00 0.0 0 9.6 16 130 M M 1 24 140
23 92 69 81 -3 0 16 0.00 0.0 0 10.0 18 160 M M 0 25 160
24 96 72 84 0 0 19 0.00 0.0 0 8.8 16 180 M M 1 22 160
25 100 73 87 3 0 22 0.15 0.0 0 6.5 37 230 M M 1 3 51 230
26 91 73 82 -2 0 17 0.08 0.0 0 6.4 16 350 M M 2 3 22 120
27 103 73 88 4 0 23 0.00 0.0 0 4.8 18 270 M M 1 3 25 280
28 96 75 86 2 0 21 0.00 0.0 0 6.4 15 170 M M 2 19 170
29 96 73 85 1 0 20 0.00 0.0 0 4.3 14 120 M M 1 18 120
30 97 73 85 1 0 20 0.00 0.0 0 6.8 16 130 M M 1 8 20 130
31 100 73 87 3 0 22 0.00 0.0 0 5.9 14 240 M M 0 16 240
================================================================================
SM 2876 2198 0 530 3.33 0.0 163.0 M 29
================================================================================
AV 92.8 70.9 7.8 FASTST M M 1 MAX(MPH)
MISC ----> 37 230 51 230
================================================================================
NOTES:
# LAST OF SEVERAL OCCURRENCES
COLUMN 17 PEAK WIND IN M.P.H.
PRELIMINARY LOCAL CLIMATOLOGICAL DATA (WS FORM: F-6) , PAGE 2
STATION: CHILDRESS
MONTH: JULY
YEAR: 2021
LATITUDE: 34 25 N
LONGITUDE: 100 17 W
[TEMPERATURE DATA] [PRECIPITATION DATA] SYMBOLS USED IN COLUMN 16
AVERAGE MONTHLY: 81.8 TOTAL FOR MONTH: 3.33 1 = FOG OR MIST
DPTR FM NORMAL: -1.9 DPTR FM NORMAL: 1.37 2 = FOG REDUCING VISIBILITY
HIGHEST: 103 ON 27 GRTST 24HR 1.34 ON 5- 5 TO 1/4 MILE OR LESS
LOWEST: 66 ON 12 3 = THUNDER
SNOW, ICE PELLETS, HAIL 4 = ICE PELLETS
TOTAL MONTH: 0.0 INCH 5 = HAIL
GRTST 24HR 0.0 6 = FREEZING RAIN OR DRIZZLE
GRTST DEPTH: 0 7 = DUSTSTORM OR SANDSTORM:
VSBY 1/2 MILE OR LESS
8 = SMOKE OR HAZE
[NO. OF DAYS WITH] [WEATHER - DAYS WITH] 9 = BLOWING SNOW
X = TORNADO
MAX 32 OR BELOW: 0 0.01 INCH OR MORE: 8
MAX 90 OR ABOVE: 23 0.10 INCH OR MORE: 5
MIN 32 OR BELOW: 0 0.50 INCH OR MORE: 3
MIN 0 OR BELOW: 0 1.00 INCH OR MORE: 1
[HDD (BASE 65) ]
TOTAL THIS MO. 0 CLEAR (SCALE 0-3) 18
DPTR FM NORMAL 0 PTCLDY (SCALE 4-7) 2
TOTAL FM JUL 1 0 CLOUDY (SCALE 8-10) 11
DPTR FM NORMAL 0
[CDD (BASE 65) ]
TOTAL THIS MO. 530
DPTR FM NORMAL -50 [PRESSURE DATA]
TOTAL FM JAN 1 1221 HIGHEST SLP 30.14 ON 18
DPTR FM NORMAL -128 LOWEST SLP 29.84 ON 16
[REMARKS]
#FINAL-07-21#
#FINAL-07-21#