000
CXUS54 KLUB 011401
CLMCDS
CLIMATE REPORT
NATIONAL WEATHER SERVICE LUBBOCK TX
901 AM CDT THU JUN 01 2023
...................................
...THE CHILDRESS CLIMATE SUMMARY FOR THE MONTH OF MAY 2023...
CLIMATE NORMAL PERIOD 1991 TO 2020
CLIMATE RECORD PERIOD 1893 TO 2023
WEATHER OBSERVED NORMAL DEPART LAST YEAR`S
VALUE DATE(S) VALUE FROM VALUE DATE(S)
NORMAL
................................................................
TEMPERATURE (F)
RECORD
HIGH 111 05/24/2000
05/23/2000
LOW 27 05/04/1907
HIGHEST 97 05/07 108 05/28
LOWEST 49 05/01 43 05/03
AVG. MAXIMUM 83.4 84.1 -0.7 91.8
AVG. MINIMUM 59.5 58.7 0.8 60.7
MEAN 71.4 71.4 0.0 76.2
DAYS MAX >= 90 6 9.6 -3.6 21
DAYS MAX <= 32 0 0.0 0.0 0
DAYS MIN <= 32 0 0.0 0.0 0
DAYS MIN <= 0 0 0.0 0.0 0
PRECIPITATION (INCHES)
RECORD
MAXIMUM 13.21 2015
MINIMUM 0.01 2004
TOTALS 8.67 3.50 5.17 3.39
DAILY AVG. 0.28 0.11 0.17 0.11
DAYS >= .01 14 8.3 5.7 8
DAYS >= .10 13 5.3 7.7 4
DAYS >= .50 7 2.2 4.8 3
DAYS >= 1.00 2 1.0 1.0 2
GREATEST
24 HR. TOTAL 2.18 05/26 TO 05/27
SNOWFALL (INCHES)
RECORDS
TOTAL T 2006
TOTALS 0.0 0.0 0.0 0.0
SINCE 7/1 7.3 5.5 1.8 MM
SNOWDEPTH AVG. 0 0
DAYS >= TRACE 0 0.0 0.0 0
DAYS >= 1.0 0 0.0 0.0 0
GREATEST
SNOW DEPTH 0 0 MM
24 HR TOTAL MM MM 0.0
DEGREE DAYS
HEATING TOTAL 3 33 -30 23
SINCE 7/1 2940 3068 -128 MM
COOLING TOTAL 210 231 -21 382
SINCE 1/1 268 323 -55 MM
................................................................
WIND (MPH)
AVERAGE WIND SPEED 9.2
HIGHEST WIND SPEED/DIRECTION 36/140 DATE 05/28
HIGHEST GUST SPEED/DIRECTION 50/140 DATE 05/28
SKY COVER
POSSIBLE SUNSHINE (PERCENT) MM
AVERAGE SKY COVER 0.28
NUMBER OF DAYS FAIR 19
NUMBER OF DAYS PC 9
NUMBER OF DAYS CLOUDY 3
AVERAGE RH (PERCENT) 63
WEATHER CONDITIONS. NUMBER OF DAYS WITH
THUNDERSTORM 12 MIXED PRECIP 0
HEAVY RAIN 12 RAIN 11
LIGHT RAIN 16 FREEZING RAIN 0
LT FREEZING RAIN 0 HAIL 0
HEAVY SNOW 0 SNOW 0
LIGHT SNOW 0 SLEET 0
FOG 15 FOG W/VIS <= 1/4 MILE 2
HAZE 3
- INDICATES NEGATIVE NUMBERS.
R INDICATES RECORD WAS SET OR TIED.
MM INDICATES DATA IS MISSING.
T INDICATES TRACE AMOUNT.
$$