000
CXUS56 KEKA 060423
CF6CEC
PRELIMINARY LOCAL CLIMATOLOGICAL DATA (WS FORM: F-6)
STATION: CRESCENT CITY CA
MONTH: JULY
YEAR: 2023
LATITUDE: 41 46 N
LONGITUDE: 124 14 W
TEMPERATURE IN F: :PCPN: SNOW: WIND :SUNSHINE: SKY :PK WND
================================================================================
1 2 3 4 5 6A 6B 7 8 9 10 11 12 13 14 15 16 17 18
12Z AVG MX 2MIN
DY MAX MIN AVG DEP HDD CDD WTR SNW DPTH SPD SPD DIR MIN PSBL S-S WX SPD DR
================================================================================
1 64 52 58 2 7 0 0.00 M M 5.6 16 340 M M 4 12 22 330
2 63 49 56 0 9 0 0.00 M M 5.2 12 180 M M 2 1 17 170
3 62 48 55 -1 10 0 0.00 M M 5.1 16 190 M M 2 18 21 180
4 57 49 53 -3 12 0 0.00 M M 7.8 17 180 M M 10 1 22 180
5 56 51 54 -2 11 0 0.00 M M 4.8 10 200 M M 10 1 15 170
6 60 51 56 -1 9 0 0.00 M M 4.2 10 210 M M 10 1 15 190
7 58 52 55 -2 10 0 T M M 4.7 12 300 M M 10 1 16 310
8 60 53 57 0 8 0 0.00 M M 4.2 13 320 M M 10 1 16 320
9 61 52 57 0 8 0 0.00 M M 5.5 10 320 M M 9 15 310
10 61 53 57 0 8 0 0.00 M M 6.1 13 320 M M 9 18 340
11 60 53 57 0 8 0 0.00 M M 5.8 12 180 M M 9 1 17 180
12 59 52 56 -1 9 0 0.00 M M 5.4 12 180 M M 10 1 15 320
13 61 51 56 -1 9 0 0.00 M M 6.2 15 180 M M 8 28 18 160
14 62 55 59 2 6 0 0.00 M M 7.1 16 160 M M 7 18 22 160
15 61 55 58 1 7 0 0.00 M M 7.8 22 160 M M 9 1 30 150
16 63 54 59 2 6 0 0.00 M M 7.4 18 320 M M 9 18 26 330
17 64 54 59 2 6 0 0.00 M M 10.3 25 330 M M 5 1 41 340
18 60 50 55 -3 10 0 0.00 M M 8.2 22 180 M M 8 1 31 170
19 61 53 57 -1 8 0 0.00 M M 4.9 14 190 M M 10 1 19 180
20 64 55 60 2 5 0 0.00 M M 4.6 13 330 M M 7 1 18 320
21 60 54 57 -1 8 0 0.00 M M 4.8 13 320 M M 10 1 17 310
22 63 52 58 0 7 0 0.00 M M 6.3 16 160 M M 6 12 21 160
23 63 54 59 1 6 0 0.00 M M 5.4 13 320 M M 9 12 18 340
24 64 54 59 1 6 0 0.00 M M 5.1 10 210 M M 7 12 14 170
25 65 55 60 2 5 0 0.00 M M 7.7 17 330 M M 5 12 25 340
26 63 52 58 0 7 0 0.00 M M 7.7 20 170 M M 2 1 26 160
27 61 49 55 -3 10 0 0.00 M M 5.1 14 150 M M 1 12 17 170
28 63 51 57 -1 8 0 0.00 M M 5.5 14 180 M M 5 19 180
29 65 54 60 2 5 0 0.00 M M 4.8 14 150 M M 6 18 150
30 64 53 59 1 6 0 0.00 M M 7.4 15 170 M M 3 1 23 340
31 63 53 58 0 7 0 0.00 M M 6.5 20 170 M M 4 26 180
================================================================================
SM 1911 1623 241 0 T M 187.2 M 216
================================================================================
AV 61.6 52.4 6.0 FASTST M M 7 MAX(MPH)
MISC ----> 25 330 41 340
================================================================================
NOTES:
# LAST OF SEVERAL OCCURRENCES
COLUMN 17 PEAK WIND IN M.P.H.
PRELIMINARY LOCAL CLIMATOLOGICAL DATA (WS FORM: F-6) , PAGE 2
STATION: CRESCENT CITY CA
MONTH: JULY
YEAR: 2023
LATITUDE: 41 46 N
LONGITUDE: 124 14 W
[TEMPERATURE DATA] [PRECIPITATION DATA] SYMBOLS USED IN COLUMN 16
AVERAGE MONTHLY: 57.0 TOTAL FOR MONTH: T 1 = FOG OR MIST
DPTR FM NORMAL: -0.3 DPTR FM NORMAL: -0.33 2 = FOG REDUCING VISIBILITY
HIGHEST: 65 ON 29,25 GRTST 24HR T ON 7- 7 TO 1/4 MILE OR LESS
LOWEST: 48 ON 3 3 = THUNDER
SNOW, ICE PELLETS, HAIL 4 = ICE PELLETS
TOTAL MONTH: M 5 = HAIL
GRTST 24HR M ON M 6 = FREEZING RAIN OR DRIZZLE
GRTST DEPTH: M ON M 7 = DUSTSTORM OR SANDSTORM:
VSBY 1/2 MILE OR LESS
8 = SMOKE OR HAZE
[NO. OF DAYS WITH] [WEATHER - DAYS WITH] 9 = BLOWING SNOW
X = TORNADO
MAX 32 OR BELOW: 0 0.01 INCH OR MORE: 0
MAX 90 OR ABOVE: 0 0.10 INCH OR MORE: 0
MIN 32 OR BELOW: 0 0.50 INCH OR MORE: 0
MIN 0 OR BELOW: 0 1.00 INCH OR MORE: 0
[HDD (BASE 65) ]
TOTAL THIS MO. 241 CLEAR (SCALE 0-3) 5
DPTR FM NORMAL 2 PTCLDY (SCALE 4-7) 11
TOTAL FM JUL 1 241 CLOUDY (SCALE 8-10) 15
DPTR FM NORMAL 2
[CDD (BASE 65) ]
TOTAL THIS MO. 0
DPTR FM NORMAL 0 [PRESSURE DATA]
TOTAL FM JAN 1 1 HIGHEST SLP 30.18 ON 24
DPTR FM NORMAL 1 LOWEST SLP 29.87 ON 3
[REMARKS]
#FINAL-07-23#