000
CXUS55 KGJT 011211
CF6CEZ
PRELIMINARY LOCAL CLIMATOLOGICAL DATA (WS FORM: F-6)
STATION: CORTEZ CO
MONTH: AUGUST
YEAR: 2020
LATITUDE: 37 17 N
LONGITUDE: 108 38 W
TEMPERATURE IN F: :PCPN: SNOW: WIND :SUNSHINE: SKY :PK WND
================================================================================
1 2 3 4 5 6A 6B 7 8 9 10 11 12 13 14 15 16 17 18
12Z AVG MX 2MIN
DY MAX MIN AVG DEP HDD CDD WTR SNW DPTH SPD SPD DIR MIN PSBL S-S WX SPD DR
================================================================================
1 96 53 75 3 0 10 0.00 M M 6.0 29 60 M M 0 3 39 70
2 97 59 78 6 0 13 0.00 M M 5.4 24 70 M M 0 30 80
3 95 60 78 6 0 13 0.00 M M 6.9 18 290 M M 0 25 290
4 95 52 74 2 0 9 0.00 M M 6.0 20 220 M M 0 29 200
5 89 52 71 -1 0 6 0.00 M M 5.5 23 180 M M 1 34 170
6 92 51 72 1 0 7 0.00 M M 7.6 23 270 M M 0 8 32 220
7 90 48 69 -2 0 4 0.00 M M 6.7 20 240 M M 0 28 250
8 91 51 71 0 0 6 0.00 M M 7.2 18 290 M M 0 28 240
9 91 49 70 -1 0 5 0.00 M M 5.6 21 160 M M 1 36 170
10 94 45 70 -1 0 5 0.00 M M 4.7 18 200 M M 0 23 210
11 91 44 68 -3 0 3 0.00 M M 6.2 22 230 M M 0 8 33 200
12 93 54 74 4 0 9 0.00 M M 7.7 23 270 M M 1 38 290
13 94 45 70 0 0 5 0.00 M M 5.8 20 290 M M 0 29 290
14 95 51 73 3 0 8 0.00 M M 5.5 17 280 M M 0 24 290
15 97 50 74 4 0 9 0.00 M M 7.1 18 340 M M 0 26 340
16 98 50 74 4 0 9 0.00 M M 4.4 16 280 M M 0 24 290
17 96 59 78 8 0 13 0.00 M M 7.9 24 140 M M 0 37 150
18 98 52 75 6 0 10 0.00 M M 4.7 16 290 M M 0 26 220
19 94 56 75 6 0 10 0.00 M M 4.6 15 50 M M 0 21 50
20 98 54 76 7 0 11 0.00 M M 6.0 16 200 M M 0 8 21 270
21 98 54 76 8 0 11 0.00 M M 6.6 20 330 M M 0 8 28 330
22 97 52 75 7 0 10 0.00 M M 5.3 29 90 M M 0 38 43 70
23 97 52 75 7 0 10 0.00 M M 5.6 21 60 M M 0 29 50
24 95 56 76 8 0 11 T M M 8.0 23 130 M M 1 34 150
25 95 55 75 7 0 10 0.07 M M 6.3 24 70 M M 1 3 32 50
26 95 58 77 10 0 12 T M M 6.9 24 70 M M 2 3 33 80
27 94 54 74 7 0 9 0.00 M M 5.8 15 190 M M 0 21 190
28 90 61 76 9 0 11 0.00 M M 6.2 21 30 M M 3 31 320
29 87 60 74 8 0 9 T M M 6.0 25 190 M M 3 35 220
30 87 52 70 4 0 5 0.00 M M 6.5 33 320 M M 0 48 310
31 87 47 67 1 0 2 T M M 6.9 24 250 M M 1 3 31 260
================================================================================
SM 2906 1636 0 265 0.07 M 191.6 M 14
================================================================================
AV 93.7 52.8 6.2 FASTST M M 0 MAX(MPH)
MISC ----> # 33 320 # 48 310
================================================================================
NOTES:
# LAST OF SEVERAL OCCURRENCES
COLUMN 17 PEAK WIND IN M.P.H.
PRELIMINARY LOCAL CLIMATOLOGICAL DATA (WS FORM: F-6) , PAGE 2
STATION: CORTEZ CO
MONTH: AUGUST
YEAR: 2020
LATITUDE: 37 17 N
LONGITUDE: 108 38 W
[TEMPERATURE DATA] [PRECIPITATION DATA] SYMBOLS USED IN COLUMN 16
AVERAGE MONTHLY: 73.3 TOTAL FOR MONTH: 0.07 1 = FOG OR MIST
DPTR FM NORMAL: 3.9 DPTR FM NORMAL: -1.46 2 = FOG REDUCING VISIBILITY
HIGHEST: 98 ON 21,20 GRTST 24HR 0.07 ON 25-25 TO 1/4 MILE OR LESS
LOWEST: 44 ON 11 3 = THUNDER
SNOW, ICE PELLETS, HAIL 4 = ICE PELLETS
TOTAL MONTH: M 5 = HAIL
GRTST 24HR M ON M 6 = FREEZING RAIN OR DRIZZLE
GRTST DEPTH: M ON M 7 = DUSTSTORM OR SANDSTORM:
VSBY 1/2 MILE OR LESS
8 = SMOKE OR HAZE
[NO. OF DAYS WITH] [WEATHER - DAYS WITH] 9 = BLOWING SNOW
X = TORNADO
MAX 32 OR BELOW: 0 0.01 INCH OR MORE: 1
MAX 90 OR ABOVE: 27 0.10 INCH OR MORE: 0
MIN 32 OR BELOW: 0 0.50 INCH OR MORE: 0
MIN 0 OR BELOW: 0 1.00 INCH OR MORE: 0
[HDD (BASE 65) ]
TOTAL THIS MO. 0 CLEAR (SCALE 0-3) 31
DPTR FM NORMAL -9 PTCLDY (SCALE 4-7) 0
TOTAL FM JUL 1 3 CLOUDY (SCALE 8-10) 0
DPTR FM NORMAL -9
[CDD (BASE 65) ]
TOTAL THIS MO. 265
DPTR FM NORMAL 120 [PRESSURE DATA]
TOTAL FM JAN 1 662 HIGHEST SLP 30.17 ON 18
DPTR FM NORMAL 253 LOWEST SLP 29.65 ON 31
[REMARKS]
#FINAL-08-20#