631
CXUS55 KPAH 020018
CF6CGI
PRELIMINARY LOCAL CLIMATOLOGICAL DATA (WS FORM: F-6)
STATION: CAPE GIRARDEAU MO
MONTH: JUNE
YEAR: 2020
LATITUDE: 37 13 N
LONGITUDE: 89 35 W
TEMPERATURE IN F: :PCPN: SNOW: WIND :SUNSHINE: SKY :PK WND
================================================================================
1 2 3 4 5 6A 6B 7 8 9 10 11 12 13 14 15 16 17 18
12Z AVG MX 2MIN
DY MAX MIN AVG DEP HDD CDD WTR SNW DPTH SPD SPD DIR MIN PSBL S-S WX SPD DR
================================================================================
1 83 58 71 0 0 6 0.00 M M 4.3 13 130 M M 0 17 140
2 88 59 74 2 0 9 0.00 M M 5.5 14 240 M M 0 20 240
3 90 62 76 4 0 11 T M M 7.0 28 250 M M 1 38 260
4 80 68 74 2 0 9 M M M 5.1 16 150 M M 4 13 23 150
5 85 65 75 2 0 10 0.00 M M 3.5 16 280 M M 3 12 22 160
6 93 65 79 6 0 14 0.00 M M 2.4 8 50 M M 2 12 12 70
7 92 70 81 8 0 16 0.00 M M 7.8 16 70 M M 0 1 21 60
8 87 70 79 5 0 14 0.06 M M 11.5 23 110 M M 4 36 90
9 88 74 81 7 0 16 0.38 M M 17.3 28 190 M M 8 1 44 200
10 83 60 72 -2 0 7 T M M 13.4 24 290 M M 3 38 230
11 85 56 71 -3 0 6 0.00 M M 4.3 14 350 M M 0 20 350
12 90 59 75 0 0 10 0.00 M M 3.6 12 10 M M 1 18 30
13 90 67 79 4 0 14 0.00 M M 4.0 14 60 M M 1 3 20 30
14 83 65 74 -1 0 9 0.00 M M 7.6 20 40 M M 0 1 28 80
15 82 59 71 -4 0 6 0.00 M M 6.4 15 30 M M 2 22 70
16 84 56 70 -6 0 5 0.00 M M 4.5 13 60 M M 0 20 30
17 86 60 73 -3 0 8 0.00 M M 3.1 13 30 M M 0 18 30
18 89 60 75 -1 0 10 0.00 M M 2.1 9 60 M M 1 18 13 60
19 91 64 78 2 0 13 0.00 M M 4.5 15 230 M M 0 18 23 230
20 92 64 78 1 0 13 0.51 M M 5.4 36 220 M M 3 138 47 230
21 85 68 77 0 0 12 0.29 M M 4.4 12 220 M M 6 1 16 210
22 82 69 76 -1 0 11 0.55 M M 7.8 21 340 M M 5 13 29 180
23 83 66 75 -2 0 10 0.00 M M 6.8 15 340 M M 2 20 320
24 85 63 74 -3 0 9 0.00 M M 2.3 10 350 M M 2 14 360
25 89 60 75 -3 0 10 0.00 M M 5.5 15 220 M M 1 22 210
26 89 68 79 1 0 14 0.00 M M 8.4 17 190 M M 4 18 26 180
27 90 73 82 4 0 17 0.00 M M 11.0 20 200 M M 6 28 210
28 94 78 86 8 0 21 0.00 M M 10.9 21 250 M M 4 32 250
29 93 75 84 6 0 19 0.00 M M 7.4 18 210 M M 2 25 240
30 88 70 79 1 0 14 1.26 M M 8.1 35 10 M M 6 138 50 350
================================================================================
SM 2619 1951 0 343 3.05 M 195.9 M 71
================================================================================
AV 87.3 65.0 6.5 FASTST M M 2 MAX(MPH)
MISC ----> 36 220 50 350
================================================================================
NOTES:
# LAST OF SEVERAL OCCURRENCES
COLUMN 17 PEAK WIND IN M.P.H.
PRELIMINARY LOCAL CLIMATOLOGICAL DATA (WS FORM: F-6) , PAGE 2
STATION: CAPE GIRARDEAU MO
MONTH: JUNE
YEAR: 2020
LATITUDE: 37 13 N
LONGITUDE: 89 35 W
[TEMPERATURE DATA] [PRECIPITATION DATA] SYMBOLS USED IN COLUMN 16
AVERAGE MONTHLY: 76.2 TOTAL FOR MONTH: 3.05 1 = FOG OR MIST
DPTR FM NORMAL: 1.0 DPTR FM NORMAL: -0.52 2 = FOG REDUCING VISIBILITY
HIGHEST: 94 ON 28 GRTST 24HR 1.26 ON 30-30 TO 1/4 MILE OR LESS
LOWEST: 56 ON 16,11 3 = THUNDER
SNOW, ICE PELLETS, HAIL 4 = ICE PELLETS
TOTAL MONTH: M 5 = HAIL
GRTST 24HR M ON M 6 = FREEZING RAIN OR DRIZZLE
GRTST DEPTH: M ON M 7 = DUSTSTORM OR SANDSTORM:
VSBY 1/2 MILE OR LESS
8 = SMOKE OR HAZE
[NO. OF DAYS WITH] [WEATHER - DAYS WITH] 9 = BLOWING SNOW
X = TORNADO
MAX 32 OR BELOW: 0 0.01 INCH OR MORE: 6
MAX 90 OR ABOVE: 10 0.10 INCH OR MORE: 5
MIN 32 OR BELOW: 0 0.50 INCH OR MORE: 3
MIN 0 OR BELOW: 0 1.00 INCH OR MORE: 1
[HDD (BASE 65) ]
TOTAL THIS MO. 0 CLEAR (SCALE 0-3) 18
DPTR FM NORMAL -4 PTCLDY (SCALE 4-7) 11
TOTAL FM JUL 1 3945 CLOUDY (SCALE 8-10) 1
DPTR FM NORMAL -442
[CDD (BASE 65) ]
TOTAL THIS MO. 343
DPTR FM NORMAL 31 [PRESSURE DATA]
TOTAL FM JAN 1 476 HIGHEST SLP 30.30 ON 12
DPTR FM NORMAL 12 LOWEST SLP 29.53 ON 9
[REMARKS]
#FINAL-06-20#