000
CXUS53 KPAH 171237
CLMCGI
CLIMATE REPORT
NATIONAL WEATHER SERVICE PADUCAH KY
737 AM CDT THU AUG 17 2023
...................................
...THE CAPE GIRARDEAU MO CLIMATE SUMMARY FOR THE MONTH OF JUNE 2023...
CLIMATE NORMAL PERIOD 1991 TO 2020
CLIMATE RECORD PERIOD 1960 TO 2023
WEATHER OBSERVED NORMAL DEPART LAST YEAR`S
VALUE DATE(S) VALUE FROM VALUE
NORMAL
..............................................................
TEMPERATURE (F)
RECORD
HIGH 107 06/29/2012
LOW 45 06/07/2000
HIGHEST 99 06/30 100
LOWEST 49 06/09 51
AVG. MAXIMUM 88.5 86.6 1.9 89.4
AVG. MINIMUM 61.5 65.9 -4.4 64.4
MEAN 75.0 76.2 -1.2 76.9
DAYS MAX >= 90 15 10.9 4.1 13
DAYS MAX <= 32 0 0.0 0.0 0
DAYS MIN <= 32 0 0.0 0.0 0
DAYS MIN <= 0 0 0.0 0.0 0
PRECIPITATION (INCHES)
RECORD
MAXIMUM 11.09 1989
MINIMUM 0.69 1988
TOTALS 1.36 3.80 -2.44 1.19
DAILY AVG. 0.05 0.13 -0.08 0.04
DAYS >= .01 4 10.1 -6.1 3
DAYS >= .10 2 6.8 -4.8 3
DAYS >= .50 1 2.6 -1.6 1
DAYS >= 1.00 1 0.7 0.3 0
GREATEST
24 HR. TOTAL 1.11
DEGREE DAYS
COOLING TOTAL 306 340 -34 364
SINCE 1/1 493 520 -27 MM
..............................................................
WIND (MPH)
AVERAGE WIND SPEED 5.6
HIGHEST WIND SPEED/DIRECTION 25/300 DATE 06/11
HIGHEST GUST SPEED/DIRECTION 35/290 DATE 06/11
SKY COVER
POSSIBLE SUNSHINE (PERCENT) MM
AVERAGE SKY COVER 0.18
NUMBER OF DAYS FAIR 26
NUMBER OF DAYS PC 3
NUMBER OF DAYS CLOUDY 1
AVERAGE RH (PERCENT) 68
WEATHER CONDITIONS. NUMBER OF DAYS WITH
THUNDERSTORM 4 MIXED PRECIP 0
HEAVY RAIN 1 RAIN 2
LIGHT RAIN 5 FREEZING RAIN 0
LT FREEZING RAIN 0 HAIL 0
HEAVY SNOW 0 SNOW 0
LIGHT SNOW 0 SLEET 0
FOG 14 FOG W/VIS <= 1/4 MILE 4
HAZE 12
- INDICATES NEGATIVE NUMBERS.
R INDICATES RECORD WAS SET OR TIED.
MM INDICATES DATA IS MISSING.
T INDICATES TRACE AMOUNT.
$$