000
CXUS53 KPAH 010920
CLMCGI
CLIMATE REPORT
NATIONAL WEATHER SERVICE PADUCAH KY
420 AM CDT SAT APR 01 2023
...................................
...THE CAPE GIRARDEAU MO CLIMATE SUMMARY FOR THE MONTH OF MARCH 2023...
CLIMATE NORMAL PERIOD 1991 TO 2020
CLIMATE RECORD PERIOD 1960 TO 2023
WEATHER OBSERVED NORMAL DEPART LAST YEAR`S
VALUE DATE(S) VALUE FROM VALUE
NORMAL
..............................................................
TEMPERATURE (F)
RECORD
HIGH 94 03/17/1982
LOW -8 03/06/2015
HIGHEST 77 03/23 77
LOWEST 22 03/15 19
AVG. MAXIMUM 57.3 58.1 -0.8 61.5
AVG. MINIMUM 37.8 37.3 0.5 38.3
MEAN 47.5 47.7 -0.2 49.9
DAYS MAX >= 90 0 0.0 0.0 0
DAYS MAX <= 32 0 0.4 -0.4 0
DAYS MIN <= 32 7 11.1 -4.1 6
DAYS MIN <= 0 0 0.0 0.0 0
PRECIPITATION (INCHES)
RECORD
MAXIMUM 17.84 2008
MINIMUM 0.72 1966
TOTALS 7.65 4.69 2.96 6.06
DAILY AVG. 0.25 0.15 0.10 0.20
DAYS >= .01 10 11.6 -1.6 9
DAYS >= .10 9 7.2 1.8 6
DAYS >= .50 5 3.1 1.9 5
DAYS >= 1.00 2 1.1 0.9 2
GREATEST
24 HR. TOTAL 3.28 03/02 TO 03/03
DEGREE DAYS
HEATING TOTAL 534 541 -7 461
SINCE 7/1 3492 3873 -381 MM
COOLING TOTAL 1 4 -3 0
SINCE 1/1 1 4 -3 MM
..............................................................
WIND (MPH)
AVERAGE WIND SPEED 9.9
HIGHEST WIND SPEED/DIRECTION 40/290 DATE 03/03
HIGHEST GUST SPEED/DIRECTION 57/280 DATE 03/03
SKY COVER
POSSIBLE SUNSHINE (PERCENT) MM
AVERAGE SKY COVER 0.48
NUMBER OF DAYS FAIR 12
NUMBER OF DAYS PC 9
NUMBER OF DAYS CLOUDY 10
AVERAGE RH (PERCENT) 69
WEATHER CONDITIONS. NUMBER OF DAYS WITH
THUNDERSTORM 4 MIXED PRECIP 0
HEAVY RAIN 6 RAIN 7
LIGHT RAIN 12 FREEZING RAIN 0
LT FREEZING RAIN 0 HAIL 0
HEAVY SNOW 0 SNOW 0
LIGHT SNOW 0 SLEET 0
FOG 18 FOG W/VIS <= 1/4 MILE 1
HAZE 9
- INDICATES NEGATIVE NUMBERS.
R INDICATES RECORD WAS SET OR TIED.
MM INDICATES DATA IS MISSING.
T INDICATES TRACE AMOUNT.
[REMARKS:] 9TH WETTEST MARCH AT CAPE GIRARDEAU.
$$