000
CXUS51 KLWX 010815
CF6CHO
PRELIMINARY LOCAL CLIMATOLOGICAL DATA (WS FORM: F-6)
STATION: CHARLOTTESVILLE VA
MONTH: MAY
YEAR: 2023
LATITUDE: 38 7 N
LONGITUDE: 78 27 W
TEMPERATURE IN F: :PCPN: SNOW: WIND :SUNSHINE: SKY :PK WND
================================================================================
1 2 3 4 5 6A 6B 7 8 9 10 11 12 13 14 15 16 17 18
12Z AVG MX 2MIN
DY MAX MIN AVG DEP HDD CDD WTR SNW DPTH SPD SPD DIR MIN PSBL S-S WX SPD DR
================================================================================
1 62 48 55 -8 10 0 T M M 8.8 18 190 M M 7 27 210
2 62 48 55 -8 10 0 0.00 M M 6.3 13 340 M M 7 22 320
3 60 43 52 -11 13 0 T 0.0 0 6.9 17 320 M M 6 30 290
4 67 43 55 -9 10 0 0.00 M M 4.2 13 320 M M 4 17 360
5 73 41 57 -7 8 0 0.00 M M 2.1 9 60 M M 3 13 30
6 77 51 64 0 1 0 0.00 M M 3.1 9 140 M M 4 12 200
7 80 52 66 2 0 1 0.22 M M 2.7 14 170 M M 4 128 22 280
8 88 59 74 9 0 9 0.07 M M 4.2 12 350 M M 2 18 16 350
9 69 51 60 -5 5 0 0.18 M M 4.1 17 40 M M 6 18 22 30
10 76 47 62 -3 3 0 0.00 M M 2.0 10 30 M M 0 12 13 30
11 83 50 67 2 0 2 0.00 M M 3.7 12 170 M M 2 17 140
12 88 59 74 8 0 9 0.07 M M 2.4 12 200 M M 2 38 15 190
13 78 62 70 4 0 5 0.65 M M 5.2 17 40 M M 8 123 22 40
14 79 57 68 2 0 3 0.00 M M 3.8 13 40 M M 2 12 17 40
15 68 57 63 -3 2 0 0.00 M M 5.4 14 210 M M 3 17 200
16 78 60 69 3 0 4 0.04 M M 3.3 10 190 M M 7 13 150
17 80 57 69 2 0 4 0.00 M M 5.7 14 60 M M 2 22 350
18 70 54 62 -5 3 0 0.00 M M 6.3 13 140 M M 7 17 160
19 76 51 64 -3 1 0 0.00 M M 3.7 13 150 M M 8 16 150
20 84 56 70 2 0 5 0.31 M M 3.4 15 200 M M 4 3 21 240
21 80 57 69 1 0 4 0.00 M M 3.3 10 30 M M 1 8 15 20
22 80 51 66 -2 0 1 0.00 M M 3.3 13 40 M M 1 18 40
23 76 53 65 -3 0 0 0.00 M M 5.1 14 60 M M 0 18 50
24 81 52 67 -1 0 2 0.00 M M 3.2 13 80 M M 0 16 40
25 73 53 63 -6 2 0 0.00 M M 8.4 20 30 M M 3 27 30
26 75 44 60 -9 5 0 0.00 M M 5.4 14 50 M M 0 19 70
27 77 49 63 -6 2 0 0.00 M M 6.5 17 70 M M 0 23 60
28 74 59 67 -3 0 2 0.08 M M 9.9 18 50 M M 9 24 40
29 78 63 71 1 0 6 0.05 M M 10.7 18 40 M M 10 138 24 40
30 79 60 70 0 0 5 0.01 M M 8.3 20 40 M M 8 18 24 30
31 81 57 69 -1 0 4 0.00 M M 2.2 10 50 M M 2 8 13 50
================================================================================
SM 2352 1644 75 66 1.68 0.0 153.6 M 122
================================================================================
AV 75.9 53.0 5.0 FASTST M M 4 MAX(MPH)
MISC ----> # 20 30 30 290
================================================================================
NOTES:
# LAST OF SEVERAL OCCURRENCES
COLUMN 17 PEAK WIND IN M.P.H.
PRELIMINARY LOCAL CLIMATOLOGICAL DATA (WS FORM: F-6) , PAGE 2
STATION: CHARLOTTESVILLE VA
MONTH: MAY
YEAR: 2023
LATITUDE: 38 7 N
LONGITUDE: 78 27 W
[TEMPERATURE DATA] [PRECIPITATION DATA] SYMBOLS USED IN COLUMN 16
AVERAGE MONTHLY: 64.5 TOTAL FOR MONTH: 1.68 1 = FOG OR MIST
DPTR FM NORMAL: -2.1 DPTR FM NORMAL: -2.49 2 = FOG REDUCING VISIBILITY
HIGHEST: 88 ON 12, 8 GRTST 24HR 0.72 ON 12-13 TO 1/4 MILE OR LESS
LOWEST: 41 ON 5 3 = THUNDER
SNOW, ICE PELLETS, HAIL 4 = ICE PELLETS
TOTAL MONTH: 0.0 INCH 5 = HAIL
GRTST 24HR 0.0 6 = FREEZING RAIN OR DRIZZLE
GRTST DEPTH: 0 7 = DUSTSTORM OR SANDSTORM:
VSBY 1/2 MILE OR LESS
8 = SMOKE OR HAZE
[NO. OF DAYS WITH] [WEATHER - DAYS WITH] 9 = BLOWING SNOW
X = TORNADO
MAX 32 OR BELOW: 0 0.01 INCH OR MORE: 10
MAX 90 OR ABOVE: 0 0.10 INCH OR MORE: 4
MIN 32 OR BELOW: 0 0.50 INCH OR MORE: 1
MIN 0 OR BELOW: 0 1.00 INCH OR MORE: 0
[HDD (BASE 65) ]
TOTAL THIS MO. 75 CLEAR (SCALE 0-3) 15
DPTR FM NORMAL -1 PTCLDY (SCALE 4-7) 12
TOTAL FM JUL 1 3145 CLOUDY (SCALE 8-10) 4
DPTR FM NORMAL -619
[CDD (BASE 65) ]
TOTAL THIS MO. 66
DPTR FM NORMAL -58 [PRESSURE DATA]
TOTAL FM JAN 1 136 HIGHEST SLP 30.32 ON 15
DPTR FM NORMAL -32 LOWEST SLP 29.39 ON 1
[REMARKS]
#FINAL-05-23#