000
CXUS51 KLWX 010815
CF6CHO
PRELIMINARY LOCAL CLIMATOLOGICAL DATA (WS FORM: F-6)
STATION: CHARLOTTESVILLE VA
MONTH: MAY
YEAR: 2022
LATITUDE: 38 7 N
LONGITUDE: 78 27 W
TEMPERATURE IN F: :PCPN: SNOW: WIND :SUNSHINE: SKY :PK WND
================================================================================
1 2 3 4 5 6A 6B 7 8 9 10 11 12 13 14 15 16 17 18
12Z AVG MX 2MIN
DY MAX MIN AVG DEP HDD CDD WTR SNW DPTH SPD SPD DIR MIN PSBL S-S WX SPD DR
================================================================================
1 70 48 59 -4 6 0 0.06 M M 3.4 10 170 M M 7 1 14 200
2 85 55 70 7 0 5 0.00 M M 4.0 15 160 M M 2 12 20 160
3 79 53 66 3 0 1 0.02 M M 4.5 14 50 M M 1 3 18 120
4 84 62 73 9 0 8 0.21 M M 4.7 14 340 M M 7 1238 18 340
5 71 55 63 -1 2 0 0.00 M M 4.5 12 50 M M 6 16 50
6 67 58 63 -1 2 0 0.55 M M 6.9 25 50 M M 10 138 33 70
7 59 48 54 -10 11 0 0.07 M M 13.9 24 30 M M 10 18 34 20
8 56 45 51 -14 14 0 0.00 M M 10.0 21 30 M M 10 29 20
9 72 39 56 -9 9 0 0.00 M M 5.8 17 60 M M 0 1 24 20
10 75 41 58 -7 7 0 0.00 M M 7.1 21 40 M M 0 29 30
11 79 46 63 -2 2 0 T M M 6.9 18 50 M M 2 27 30
12 71 53 62 -4 3 0 0.06 M M 6.7 20 30 M M 7 18 24 20
13 76 65 71 5 0 6 1.01 M M 5.5 14 210 M M 10 138 20 200
14 78 64 71 5 0 6 0.07 M M 2.2 12 50 M M 9 1238 15 30
15 84 63 74 8 0 9 1.97 M M 3.5 22 310 M M 6 1238 31 210
16 83 61 72 6 0 7 0.01 M M 4.5 18 290 M M 4 1 31 290
17 85 54 70 3 0 5 0.00 M M 4.5 14 300 M M 0 22 280
18 77 53 65 -2 0 0 T M M 3.1 12 150 M M 1 18 180
19 88 62 75 8 0 10 0.09 M M 4.3 12 210 M M 4 1 18 240
20 93 63 78 10 0 13 0.00 M M 5.6 17 180 M M 0 22 180
21 94 68 81 13 0 16 T M M 7.2 20 200 M M 0 27 190
22 92 68 80 12 0 15 0.12 M M 6.6 20 220 M M 1 13 34 240
23 72 58 65 -3 0 0 0.44 M M 5.5 13 30 M M 8 1 15 50
24 64 56 60 -8 5 0 0.62 M M 8.4 14 20 M M 10 18 19 20
25 66 56 61 -8 4 0 T M M 3.9 14 50 M M 9 18 17 50
26 70 59 65 -4 0 0 0.00 M M 1.7 7 30 M M 10 18 9 150
27 77 64 71 2 0 6 0.86 M M 5.8 26 190 M M 9 138 31 190
28 81 60 71 1 0 6 0.01 M M 3.1 10 350 M M 5 12 15 350
29 83 57 70 0 0 5 0.00 M M 3.4 12 170 M M 2 1 15 170
30 90 61 76 6 0 11 0.00 M M 3.0 10 160 M M 0 1 14 210
31 95 65 80 10 0 15 0.00 M M 2.8 10 180 M M 0 1 13 210
================================================================================
SM 2416 1760 65 144 6.17 M 163.0 M 150
================================================================================
AV 77.9 56.8 5.3 FASTST M M 5 MAX(MPH)
MISC ----> 26 190 # 34 20
================================================================================
NOTES:
# LAST OF SEVERAL OCCURRENCES
COLUMN 17 PEAK WIND IN M.P.H.
PRELIMINARY LOCAL CLIMATOLOGICAL DATA (WS FORM: F-6) , PAGE 2
STATION: CHARLOTTESVILLE VA
MONTH: MAY
YEAR: 2022
LATITUDE: 38 7 N
LONGITUDE: 78 27 W
[TEMPERATURE DATA] [PRECIPITATION DATA] SYMBOLS USED IN COLUMN 16
AVERAGE MONTHLY: 67.4 TOTAL FOR MONTH: 6.17 1 = FOG OR MIST
DPTR FM NORMAL: 0.8 DPTR FM NORMAL: 2.00 2 = FOG REDUCING VISIBILITY
HIGHEST: 95 ON 31 GRTST 24HR 1.98 ON 15-16 TO 1/4 MILE OR LESS
LOWEST: 39 ON 9 3 = THUNDER
SNOW, ICE PELLETS, HAIL 4 = ICE PELLETS
TOTAL MONTH: M 5 = HAIL
GRTST 24HR M ON M 6 = FREEZING RAIN OR DRIZZLE
GRTST DEPTH: M ON M 7 = DUSTSTORM OR SANDSTORM:
VSBY 1/2 MILE OR LESS
8 = SMOKE OR HAZE
[NO. OF DAYS WITH] [WEATHER - DAYS WITH] 9 = BLOWING SNOW
X = TORNADO
MAX 32 OR BELOW: 0 0.01 INCH OR MORE: 16
MAX 90 OR ABOVE: 5 0.10 INCH OR MORE: 8
MIN 32 OR BELOW: 0 0.50 INCH OR MORE: 5
MIN 0 OR BELOW: 0 1.00 INCH OR MORE: 2
[HDD (BASE 65) ]
TOTAL THIS MO. 65 CLEAR (SCALE 0-3) 13
DPTR FM NORMAL -11 PTCLDY (SCALE 4-7) 9
TOTAL FM JUL 1 3397 CLOUDY (SCALE 8-10) 9
DPTR FM NORMAL -367
[CDD (BASE 65) ]
TOTAL THIS MO. 144
DPTR FM NORMAL 20 [PRESSURE DATA]
TOTAL FM JAN 1 200 HIGHEST SLP 30.33 ON 25
DPTR FM NORMAL 32 LOWEST SLP 29.48 ON 6
[REMARKS]
#FINAL-05-22#