000
CXUS51 KLWX 010729
CF6CHO
PRELIMINARY LOCAL CLIMATOLOGICAL DATA (WS FORM: F-6)
STATION: CHARLOTTESVILLE VA
MONTH: NOVEMBER
YEAR: 2021
LATITUDE: 38 7 N
LONGITUDE: 78 27 W
TEMPERATURE IN F: :PCPN: SNOW: WIND :SUNSHINE: SKY :PK WND
================================================================================
1 2 3 4 5 6A 6B 7 8 9 10 11 12 13 14 15 16 17 18
12Z AVG MX 2MIN
DY MAX MIN AVG DEP HDD CDD WTR SNW DPTH SPD SPD DIR MIN PSBL S-S WX SPD DR
================================================================================
1 67 44 56 2 9 0 0.00 M M 3.2 12 10 M M 1 14 330
2 50 39 45 -8 20 0 0.20 M M 0.8 7 330 M M 7 12 10 330
3 54 33 44 -9 21 0 0.00 M M 2.9 10 20 M M 0 16 20
4 52 34 43 -10 22 0 0.00 M M 1.1 7 110 M M 0 9 90
5 55 29 42 -10 23 0 0.00 M M 2.0 12 50 M M 0 15 50
6 56 29 43 -9 22 0 0.00 M M 2.8 13 30 M M 3 17 20
7 61 35 48 -4 17 0 0.00 M M 3.3 13 30 M M 1 17 40
8 72 39 56 5 9 0 0.00 M M 2.3 10 330 M M 0 8 16 320
9 79 40 60 9 5 0 0.00 M M 3.0 14 200 M M 0 17 210
10 76 51 64 13 1 0 0.00 M M 3.2 8 140 M M 0 11 210
11 69 45 57 7 8 0 T M M 6.8 21 170 M M 3 26 160
12 67 43 55 5 10 0 0.61 M M 4.8 20 170 M M 4 1 25 170
13 56 36 46 -4 19 0 T M M 4.9 16 290 M M 2 27 310
14 50 33 42 -8 23 0 0.00 M M 4.6 17 200 M M 3 23 200
15 53 38 46 -3 19 0 0.00 M M 5.9 14 320 M M 2 23 280
16 58 31 45 -4 20 0 0.00 M M 2.6 7 50 M M 5 11 40
17 71 36 54 5 11 0 0.00 M M 4.7 16 200 M M 0 22 200
18 76 48 62 14 3 0 T M M 10.2 21 190 M M 3 27 200
19 49 32 41 -7 24 0 0.00 M M 4.9 17 340 M M 0 25 340
20 48 26 37 -11 28 0 0.00 M M 1.9 10 170 M M 0 13 140
21 53 29 41 -6 24 0 T M M 5.1 13 200 M M 3 16 200
22 59 38 49 2 16 0 T M M 4.8 14 360 M M 4 22 360
23 46 29 38 -9 27 0 0.00 M M 4.9 14 320 M M 0 22 350
24 51 24 38 -9 27 0 0.00 M M 3.5 10 180 M M 0 15 150
25 67 31 49 3 16 0 T M M 5.3 15 180 M M 3 18 290
26 56 32 44 -2 21 0 0.01 M M 8.0 20 310 M M 4 29 300
27 50 29 40 -6 25 0 0.00 M M 3.5 10 180 M M 2 14 190
28 58 36 47 1 18 0 0.00 M M 5.0 14 190 M M 0 19 220
29 48 30 39 -6 26 0 0.00 M M 5.0 17 350 M M 2 24 340
30 60 34 47 2 18 0 0.00 M M 5.7 18 190 M M 4 22 190
================================================================================
SM 1767 1053 532 0 0.82 M 126.7 M 56
================================================================================
AV 58.9 35.1 4.2 FASTST M M 2 MAX(MPH)
MISC ----> # 21 170 29 300
================================================================================
NOTES:
# LAST OF SEVERAL OCCURRENCES
COLUMN 17 PEAK WIND IN M.P.H.
PRELIMINARY LOCAL CLIMATOLOGICAL DATA (WS FORM: F-6) , PAGE 2
STATION: CHARLOTTESVILLE VA
MONTH: NOVEMBER
YEAR: 2021
LATITUDE: 38 7 N
LONGITUDE: 78 27 W
[TEMPERATURE DATA] [PRECIPITATION DATA] SYMBOLS USED IN COLUMN 16
AVERAGE MONTHLY: 47.0 TOTAL FOR MONTH: 0.82 1 = FOG OR MIST
DPTR FM NORMAL: -2.1 DPTR FM NORMAL: -2.54 2 = FOG REDUCING VISIBILITY
HIGHEST: 79 ON 9 GRTST 24HR 0.61 ON 12-12 TO 1/4 MILE OR LESS
LOWEST: 24 ON 24 3 = THUNDER
SNOW, ICE PELLETS, HAIL 4 = ICE PELLETS
TOTAL MONTH: M 5 = HAIL
GRTST 24HR M ON M 6 = FREEZING RAIN OR DRIZZLE
GRTST DEPTH: M ON M 7 = DUSTSTORM OR SANDSTORM:
VSBY 1/2 MILE OR LESS
8 = SMOKE OR HAZE
[NO. OF DAYS WITH] [WEATHER - DAYS WITH] 9 = BLOWING SNOW
X = TORNADO
MAX 32 OR BELOW: 0 0.01 INCH OR MORE: 3
MAX 90 OR ABOVE: 0 0.10 INCH OR MORE: 2
MIN 32 OR BELOW: 12 0.50 INCH OR MORE: 1
MIN 0 OR BELOW: 0 1.00 INCH OR MORE: 0
[HDD (BASE 65) ]
TOTAL THIS MO. 532 CLEAR (SCALE 0-3) 24
DPTR FM NORMAL 53 PTCLDY (SCALE 4-7) 6
TOTAL FM JUL 1 606 CLOUDY (SCALE 8-10) 0
DPTR FM NORMAL -117
[CDD (BASE 65) ]
TOTAL THIS MO. 0
DPTR FM NORMAL -2 [PRESSURE DATA]
TOTAL FM JAN 1 1678 HIGHEST SLP 30.58 ON 20
DPTR FM NORMAL 180 LOWEST SLP 29.75 ON 28
[REMARKS]
#FINAL-11-21#