000
CXUS53 KDVN 010848
CLSCID
CLIMATE REPORT
NATIONAL WEATHER SERVICE QUAD CITIES IA IL
348 AM CDT WED JUN 01 2022
...................................
...THE CEDAR RAPIDS IA CLIMATE SUMMARY FOR THE SEASON, FROM
3/1/2022 TO 5/31/2022...
CLIMATE NORMAL PERIOD 1991 TO 2020
CLIMATE RECORD PERIOD 1891 TO 2022
WEATHER OBSERVED NORMAL DEPART LAST YEAR`S
VALUE DATE(S) VALUE FROM VALUE
NORMAL
..............................................................
TEMPERATURE (F)
RECORD
HIGH 104 05/31/1934
LOW -20 03/01/1962
HIGHEST 93 05/12 76 17
LOWEST 3 03/12 21 -18
AVG. MAXIMUM 57.6 59.2 -1.6
AVG. MINIMUM 36.7 38.0 -1.3
MEAN 47.2 48.6 -1.4
DAYS MAX >= 90 3
DAYS MAX <= 32 6
DAYS MIN <= 32 41
DAYS MIN <= 0 0
PRECIPITATION (INCHES)
TOTALS 7.92 9.80 -1.88
DAILY AVG. 0.09 0.11 -0.02
DAYS >= .01 32
DAYS >= .10 22
DAYS >= .50 6
DAYS >= 1.00 1
GREATEST
24 HR. TOTAL MM
DEGREE DAYS
HEATING TOTAL 1723 1570 153
SINCE 7/1 6788 6799 -11
COOLING TOTAL 105 58 47
SINCE 1/1 105 58 47
..............................................................
WIND (MPH)
AVERAGE WIND SPEED 12.8
HIGHEST WIND SPEED/DIRECTION 43/310 DATE 03/25
HIGHEST GUST SPEED/DIRECTION 66/310 DATE 03/25
SKY COVER
POSSIBLE SUNSHINE (PERCENT) MM
AVERAGE SKY COVER 0.43
NUMBER OF DAYS FAIR 43
NUMBER OF DAYS PC 26
NUMBER OF DAYS CLOUDY 23
AVERAGE RH (PERCENT) 72
WEATHER CONDITIONS. NUMBER OF DAYS WITH
THUNDERSTORM 12 HAIL 0
SLEET 0 FOG 48
FOG W/VIS <= 1/4 MILE 5 HAZE 8
- INDICATES NEGATIVE NUMBERS.
R INDICATES RECORD WAS SET OR TIED.
MM INDICATES DATA IS MISSING.
T INDICATES TRACE AMOUNT.
$$