000
CXUS51 KCLE 010900
CF6CLE
PRELIMINARY LOCAL CLIMATOLOGICAL DATA (WS FORM: F-6)
STATION: CLEVELAND OH
MONTH: NOVEMBER
YEAR: 2020
LATITUDE: 41 24 N
LONGITUDE: 81 51 W
TEMPERATURE IN F: :PCPN: SNOW: WIND :SUNSHINE: SKY :PK WND
================================================================================
1 2 3 4 5 6A 6B 7 8 9 10 11 12 13 14 15 16 17 18
12Z AVG MX 2MIN
DY MAX MIN AVG DEP HDD CDD WTR SNW DPTH SPD SPD DIR MIN PSBL S-S WX SPD DR
================================================================================
1 52 35 44 -5 21 0 0.13 T 0 20.6 36 280 M M 9 19 47 280
2 43 34 39 -10 26 0 T T 0 17.1 28 300 M M 7 37 310
3 58 35 47 -1 18 0 0.00 0.0 0 9.6 18 250 M M 1 25 240
4 70 48 59 11 6 0 0.00 0.0 0 13.1 22 190 M M 0 31 210
5 70 53 62 14 3 0 0.00 0.0 0 10.8 17 220 M M 6 26 210
6 70 49 60 12 5 0 0.00 0.0 0 8.3 17 230 M M 2 23 230
7 71 45 58 11 7 0 0.00 0.0 0 5.7 12 240 M M 3 15 220
8 77 41 59 12 6 0 0.00 0.0 0 2.3 9 160 M M 0 10 160
9 76 52 64 18 1 0 0.00 0.0 0 8.1 14 160 M M 1 17 160
10 77 59 68 22 0 3 T 0.0 0 13.2 23 180 M M 2 32 170
11 70 43 57 11 8 0 0.07 0.0 0 11.2 25 290 M M 8 1 34 190
12 50 34 42 -3 23 0 0.00 0.0 0 7.7 14 30 M M 4 19 20
13 53 33 43 -2 22 0 T 0.0 0 8.7 20 300 M M 5 25 270
14 49 28 39 -6 26 0 0.01 0.0 0 8.1 16 160 M M 7 22 160
15 59 41 50 6 15 0 0.35 0.0 0 23.5 45 250 M M 10 13 72 270
16 46 36 41 -3 24 0 T 0.0 0 15.7 28 260 M M 6 37 240
17 41 33 37 -7 28 0 0.12 0.2 0 13.7 23 300 M M 10 19 32 290
18 42 28 35 -8 30 0 0.00 0.0 0 9.1 20 180 M M 5 27 180
19 66 39 53 10 12 0 0.00 0.0 0 19.6 31 210 M M 7 41 210
20 62 51 57 15 8 0 0.00 0.0 0 13.2 23 220 M M 6 35 200
21 52 40 46 4 19 0 0.00 0.0 0 9.3 16 10 M M 9 19 30
22 42 36 39 -2 26 0 0.74 T 0 8.9 17 300 M M 10 1 23 320
23 45 34 40 -1 25 0 0.02 T 0 9.8 20 270 M M 9 1 26 290
24 44 27 36 -4 29 0 0.01 0.0 0 7.5 17 180 M M 7 24 180
25 55 38 47 7 18 0 0.43 0.0 0 13.3 21 180 M M 10 1 27 190
26 55 46 51 11 14 0 0.10 0.0 0 11.6 22 230 M M 10 1 30 240
27 47 42 45 6 20 0 0.02 0.0 0 6.1 12 250 M M 10 14 230
28 45 34 40 1 25 0 0.00 0.0 0 8.8 20 300 M M 4 26 320
29 53 35 44 6 21 0 0.00 0.0 0 7.5 15 200 M M 4 18 200
30 48 33 41 3 24 0 1.38 0.6 0 14.5 29 330 M M 10 1 38 330
================================================================================
SM 1688 1182 510 3 3.38 0.8 336.6 M 182
================================================================================
AV 56.3 39.4 11.2 FASTST M M 6 MAX(MPH)
MISC ----> 45 250 72 270
================================================================================
NOTES:
# LAST OF SEVERAL OCCURRENCES
COLUMN 17 PEAK WIND IN M.P.H.
PRELIMINARY LOCAL CLIMATOLOGICAL DATA (WS FORM: F-6) , PAGE 2
STATION: CLEVELAND OH
MONTH: NOVEMBER
YEAR: 2020
LATITUDE: 41 24 N
LONGITUDE: 81 51 W
[TEMPERATURE DATA] [PRECIPITATION DATA] SYMBOLS USED IN COLUMN 16
AVERAGE MONTHLY: 47.8 TOTAL FOR MONTH: 3.38 1 = FOG OR MIST
DPTR FM NORMAL: 3.9 DPTR FM NORMAL: -0.24 2 = FOG REDUCING VISIBILITY
HIGHEST: 77 ON 10, 8 GRTST 24HR 1.38 ON 30-30 TO 1/4 MILE OR LESS
LOWEST: 27 ON 24 3 = THUNDER
SNOW, ICE PELLETS, HAIL 4 = ICE PELLETS
TOTAL MONTH: 0.8 INCH 5 = HAIL
GRTST 24HR 0.6 ON 30-30 6 = FREEZING RAIN OR DRIZZLE
GRTST DEPTH: 0 7 = DUSTSTORM OR SANDSTORM:
VSBY 1/2 MILE OR LESS
8 = SMOKE OR HAZE
[NO. OF DAYS WITH] [WEATHER - DAYS WITH] 9 = BLOWING SNOW
X = TORNADO
MAX 32 OR BELOW: 0 0.01 INCH OR MORE: 12
MAX 90 OR ABOVE: 0 0.10 INCH OR MORE: 7
MIN 32 OR BELOW: 3 0.50 INCH OR MORE: 2
MIN 0 OR BELOW: 0 1.00 INCH OR MORE: 1
[HDD (BASE 65) ]
TOTAL THIS MO. 510 CLEAR (SCALE 0-3) 7
DPTR FM NORMAL -125 PTCLDY (SCALE 4-7) 12
TOTAL FM JUL 1 960 CLOUDY (SCALE 8-10) 11
DPTR FM NORMAL -136
[CDD (BASE 65) ]
TOTAL THIS MO. 3
DPTR FM NORMAL 2 [PRESSURE DATA]
TOTAL FM JAN 1 909 HIGHEST SLP M ON M
DPTR FM NORMAL 92 LOWEST SLP 29.44 ON 15
[REMARKS]
#FINAL-11-20#