000
CXUS54 KHGX 021158
CF6CLL
PRELIMINARY LOCAL CLIMATOLOGICAL DATA (WS FORM: F-6)
STATION: COLLEGE STATION
MONTH: FEBRUARY
YEAR: 2023
LATITUDE: 30 34 N
LONGITUDE: 96 22 W
TEMPERATURE IN F: :PCPN: SNOW: WIND :SUNSHINE: SKY :PK WND
================================================================================
1 2 3 4 5 6A 6B 7 8 9 10 11 12 13 14 15 16 17 18
12Z AVG MX 2MIN
DY MAX MIN AVG DEP HDD CDD WTR SNW DPTH SPD SPD DIR MIN PSBL S-S WX SPD DR
================================================================================
1 35 32 34 -19 31 0 0.71 0.0 0 11.5 20 340 M M 10 16 26 360
2 40 35 38 -15 27 0 0.93 0.0 0 11.7 21 350 M M 10 13 28 340
3 57 37 47 -6 18 0 0.00 0.0 0 6.7 14 360 M M 6 18 21 340
4 64 32 48 -5 17 0 0.00 0.0 0 6.3 17 160 M M 4 12 24 150
5 74 42 58 4 7 0 0.00 0.0 0 5.3 15 230 M M 3 12 20 190
6 77 55 66 12 0 1 0.00 0.0 0 12.3 26 160 M M 6 12 34 160
7 74 63 69 15 0 4 0.09 0.0 0 10.1 17 150 M M 10 1 24 150
8 68 42 55 1 10 0 1.03 0.0 0 8.3 23 300 M M 7 13 33 300
9 72 39 56 2 9 0 0.00 0.0 0 5.7 14 160 M M 1 12 18 290
10 55 38 47 -7 18 0 0.00 0.0 0 12.8 25 320 M M 3 36 340
11 55 35 45 -9 20 0 0.00 0.0 0 8.5 20 350 M M 3 24 350
12 66 34 50 -5 15 0 0.00 0.0 0 2.7 14 230 M M 0 17 250
13 73 41 57 2 8 0 0.00 0.0 0 7.5 20 170 M M 0 26 140
14 82 56 69 14 0 4 0.02 0.0 0 13.4 25 160 M M 4 1 36 230
15 81 55 68 13 0 3 T 0.0 0 13.4 26 160 M M 7 1 37 160
16 73 41 57 1 8 0 0.15 0.0 0 16.9 26 340 M M 9 13 39 340
17 54 33 44 -12 21 0 0.00 0.0 0 11.3 23 360 M M 0 30 10
18 57 35 46 -10 19 0 0.00 0.0 0 6.4 17 160 M M 0 20 180
19 74 43 59 3 6 0 0.00 0.0 0 5.8 17 230 M M 1 24 220
20 85 59 72 16 0 7 0.00 0.0 0 12.2 25 230 M M 6 1 36 230
21 83 64 74 17 0 9 0.00 0.0 0 14.8 29 170 M M 4 1 39 180
22 87 70 79 22 0 14 T 0.0 0 12.8 28 170 M M 5 8 38 170
23 82 60 71 14 0 6 0.00 0.0 0 10.8 21 10 M M 8 1 24 360
24 70 57 64 7 1 0 0.00 0.0 0 9.3 18 10 M M 10 8 22 360
25 75 53 64 6 1 0 0.00 0.0 0 6.7 12 10 M M 6 15 360
26 83 61 72 14 0 7 T 0.0 0 12.9 25 180 M M 8 1 38 180
27 81 56 69 11 0 4 T 0.0 0 8.0 23 300 M M 4 8 31 190
28 85 51 68 10 0 3 T 0.0 0 7.1 18 170 M M 3 12 25 180
================================================================================
SM 1962 1319 236 62 2.93 0.0 271.2 M 138
================================================================================
AV 70.1 47.1 9.7 FASTST M M 5 MAX(MPH)
MISC ----> 29 170 # 39 340
================================================================================
NOTES:
# LAST OF SEVERAL OCCURRENCES
COLUMN 17 PEAK WIND IN M.P.H.
PRELIMINARY LOCAL CLIMATOLOGICAL DATA (WS FORM: F-6) , PAGE 2
STATION: COLLEGE STATION
MONTH: FEBRUARY
YEAR: 2023
LATITUDE: 30 34 N
LONGITUDE: 96 22 W
[TEMPERATURE DATA] [PRECIPITATION DATA] SYMBOLS USED IN COLUMN 16
AVERAGE MONTHLY: 58.6 TOTAL FOR MONTH: 2.93 1 = FOG OR MIST
DPTR FM NORMAL: 3.3 DPTR FM NORMAL: 0.03 2 = FOG REDUCING VISIBILITY
HIGHEST: 87 ON 22 GRTST 24HR 1.07 ON 1- 2 TO 1/4 MILE OR LESS
LOWEST: 32 ON 4, 1 3 = THUNDER
SNOW, ICE PELLETS, HAIL 4 = ICE PELLETS
TOTAL MONTH: 0.0 INCH 5 = HAIL
GRTST 24HR 0.0 6 = FREEZING RAIN OR DRIZZLE
GRTST DEPTH: 0 7 = DUSTSTORM OR SANDSTORM:
VSBY 1/2 MILE OR LESS
8 = SMOKE OR HAZE
[NO. OF DAYS WITH] [WEATHER - DAYS WITH] 9 = BLOWING SNOW
X = TORNADO
MAX 32 OR BELOW: 0 0.01 INCH OR MORE: 6
MAX 90 OR ABOVE: 0 0.10 INCH OR MORE: 4
MIN 32 OR BELOW: 2 0.50 INCH OR MORE: 3
MIN 0 OR BELOW: 0 1.00 INCH OR MORE: 1
[HDD (BASE 65) ]
TOTAL THIS MO. 236 CLEAR (SCALE 0-3) 9
DPTR FM NORMAL -57 PTCLDY (SCALE 4-7) 14
TOTAL FM JUL 1 1139 CLOUDY (SCALE 8-10) 5
DPTR FM NORMAL -202
[CDD (BASE 65) ]
TOTAL THIS MO. 62
DPTR FM NORMAL 40 [PRESSURE DATA]
TOTAL FM JAN 1 83 HIGHEST SLP 30.59 ON 3
DPTR FM NORMAL 47 LOWEST SLP 29.57 ON 22
[REMARKS]
#FINAL-02-23#