000
CXUS56 KLOX 011655
CF6CMA
PRELIMINARY LOCAL CLIMATOLOGICAL DATA (WS FORM: F-6)
STATION: CAMARILLO AIRPORT CA
MONTH: NOVEMBER
YEAR: 2020
LATITUDE: 34 12 N
LONGITUDE: 119 6 W
TEMPERATURE IN F: :PCPN: SNOW: WIND :SUNSHINE: SKY :PK WND
================================================================================
1 2 3 4 5 6A 6B 7 8 9 10 11 12 13 14 15 16 17 18
12Z AVG MX 2MIN
DY MAX MIN AVG DEP HDD CDD WTR SNW DPTH SPD SPD DIR MIN PSBL S-S WX SPD DR
================================================================================
1 79 52 66 5 0 1 0.00 0.0 0 2.6 10 210 M M 0 8 12 200
2 72 51 62 1 3 0 0.00 0.0 0 3.5 13 250 M M 2 128 16 240
3 73 55 64 3 1 0 0.00 0.0 0 5.0 13 230 M M 4 18 17 240
4 78 49 64 3 1 0 0.00 0.0 0 3.3 10 230 M M 0 8 13 250
5 96 55 76 15 0 11 0.00 0.0 0 4.4 14 280 M M 0 16 280
6 73 57 65 5 0 0 T 0.0 0 8.0 21 280 M M 5 128 26 270
7 64 49 57 -3 8 0 0.08 M 0 13.2 28 270 M M 2 34 260
8 64 44 54 -6 11 0 T M 0 13.7 39 270 M M 2 47 260
9 65 37 51 -9 14 0 0.00 0.0 0 4.7 16 210 M M 0 19 210
10 71 40 56 -4 9 0 0.00 0.0 0 6.0 18 280 M M 0 22 280
11 68 38 53 -7 12 0 0.00 0.0 0 3.8 13 230 M M 0 15 240
12 71 42 57 -2 8 0 0.00 0.0 0 3.7 12 260 M M 0 14 260
13 68 41 55 -4 10 0 0.00 0.0 0 4.6 14 260 M M 0 17 260
14 71 43 57 -2 8 0 0.00 0.0 0 3.2 12 270 M M 0 14 260
15 85 46 66 7 0 1 0.00 0.0 0 4.8 15 70 M M 0 18 70
16 95 51 73 15 0 8 0.00 0.0 0 8.1 22 60 M M 0 27 60
17 69 46 58 0 7 0 0.00 0.0 0 4.4 12 240 M M 1 128 16 260
18 69 47 58 0 7 0 0.00 0.0 0 3.1 15 240 M M 7 128 18 240
19 69 51 60 2 5 0 0.00 0.0 0 2.9 10 230 M M 5 128 14 230
20 73 47 60 2 5 0 0.00 0.0 0 2.5 10 280 M M 0 13 250
21 75 46 61 4 4 0 0.00 0.0 0 2.5 10 220 M M 0 12 220
22 72 45 59 2 6 0 0.00 0.0 0 4.2 12 260 M M 0 8 13 240
23 67 44 56 -1 9 0 0.00 0.0 0 4.6 13 240 M M 0 16 220
24 69 45 57 0 8 0 0.00 0.0 0 3.6 14 210 M M 0 8 17 220
25 67 41 54 -2 11 0 0.00 0.0 0 4.2 14 240 M M 0 18 18 230
26 74 40 57 1 8 0 0.00 0.0 0 11.7 32 70 M M 0 18 38 70
27 77 50 64 8 1 0 0.00 0.0 0 16.6 32 50 M M 0 41 40
28 79 44 62 6 3 0 0.00 0.0 0 7.6 18 80 M M 0 24 80
29 75 40 58 2 7 0 0.00 0.0 0 4.5 14 240 M M 0 17 230
30 79 45 62 7 3 0 0.00 0.0 0 3.2 12 280 M M 0 13 280
================================================================================
SM 2207 1381 169 21 0.08 0.0 168.2 M 28
================================================================================
AV 73.6 46.0 5.6 FASTST M M 1 MAX(MPH)
MISC ----> # 39 270 # 47 260
================================================================================
NOTES:
# LAST OF SEVERAL OCCURRENCES
COLUMN 17 PEAK WIND IN M.P.H.
PRELIMINARY LOCAL CLIMATOLOGICAL DATA (WS FORM: F-6) , PAGE 2
STATION: CAMARILLO AIRPORT CA
MONTH: NOVEMBER
YEAR: 2020
LATITUDE: 34 12 N
LONGITUDE: 119 6 W
[TEMPERATURE DATA] [PRECIPITATION DATA] SYMBOLS USED IN COLUMN 16
AVERAGE MONTHLY: 59.8 TOTAL FOR MONTH: 0.08 1 = FOG OR MIST
DPTR FM NORMAL: 1.3 DPTR FM NORMAL: -1.23 2 = FOG REDUCING VISIBILITY
HIGHEST: 96 ON 5 GRTST 24HR 0.08 ON 7- 7 TO 1/4 MILE OR LESS
LOWEST: 37 ON 9 3 = THUNDER
SNOW, ICE PELLETS, HAIL 4 = ICE PELLETS
TOTAL MONTH: 0.0 INCH 5 = HAIL
GRTST 24HR 0.0 6 = FREEZING RAIN OR DRIZZLE
GRTST DEPTH: 0 7 = DUSTSTORM OR SANDSTORM:
VSBY 1/2 MILE OR LESS
8 = SMOKE OR HAZE
[NO. OF DAYS WITH] [WEATHER - DAYS WITH] 9 = BLOWING SNOW
X = TORNADO
MAX 32 OR BELOW: 0 0.01 INCH OR MORE: 1
MAX 90 OR ABOVE: 2 0.10 INCH OR MORE: 0
MIN 32 OR BELOW: 0 0.50 INCH OR MORE: 0
MIN 0 OR BELOW: 0 1.00 INCH OR MORE: 0
[HDD (BASE 65) ]
TOTAL THIS MO. 169 CLEAR (SCALE 0-3) 26
DPTR FM NORMAL -40 PTCLDY (SCALE 4-7) 4
TOTAL FM JUL 1 179 CLOUDY (SCALE 8-10) 0
DPTR FM NORMAL -153
[CDD (BASE 65) ]
TOTAL THIS MO. 21
DPTR FM NORMAL 7 [PRESSURE DATA]
TOTAL FM JAN 1 995 HIGHEST SLP 30.23 ON 28
DPTR FM NORMAL 665 LOWEST SLP 29.65 ON 6
[REMARKS]
#FINAL-11-20#