000
CXUS51 KILN 010756
CF6CMH
PRELIMINARY LOCAL CLIMATOLOGICAL DATA (WS FORM: F-6)
STATION: COLUMBUS OH
MONTH: AUGUST
YEAR: 2021
LATITUDE: 40 0 N
LONGITUDE: 82 53 W
TEMPERATURE IN F: :PCPN: SNOW: WIND :SUNSHINE: SKY :PK WND
================================================================================
1 2 3 4 5 6A 6B 7 8 9 10 11 12 13 14 15 16 17 18
12Z AVG MX 2MIN
DY MAX MIN AVG DEP HDD CDD WTR SNW DPTH SPD SPD DIR MIN PSBL S-S WX SPD DR
================================================================================
1 81 61 71 -4 0 6 0.17 0.0 0 7.9 30 330 M M 3 138 40 300
2 80 58 69 -6 0 4 0.00 0.0 0 5.3 13 50 M M 3 8 17 50
3 83 59 71 -4 0 6 0.00 0.0 0 5.6 14 20 M M 2 17 40
4 85 61 73 -2 0 8 0.00 0.0 0 6.0 15 50 M M 4 18 40
5 87 61 74 -1 0 9 0.00 0.0 0 3.7 12 40 M M 5 14 100
6 87 64 76 1 0 11 0.00 0.0 0 6.1 18 200 M M 6 18 28 210
7 87 66 77 2 0 12 0.80 0.0 0 4.5 30 340 M M 7 13 40 340
8 89 63 76 1 0 11 0.00 0.0 0 3.3 13 170 M M 3 18 16 180
9 87 71 79 4 0 14 0.16 0.0 0 8.6 20 220 M M 6 18 25 240
10 86 70 78 3 0 13 0.02 0.0 0 9.8 21 220 M M 6 3 27 220
11 90 72 81 6 0 16 0.16 0.0 0 8.0 28 340 M M 7 3 36 330
12 92 72 82 8 0 17 0.06 0.0 0 8.7 23 290 M M 5 3 31 270
13 89 71 80 6 0 15 0.32 0.0 0 6.4 18 220 M M 9 13 26 200
14 83 66 75 1 0 10 0.01 0.0 0 8.1 16 350 M M 7 1 23 360
15 77 64 71 -3 0 6 0.00 0.0 0 7.6 14 40 M M 8 18 30
16 80 67 74 0 0 9 1.55 0.0 0 2.4 6 350 M M 9 1 11 30
17 80 69 75 1 0 10 1.43 0.0 0 3.9 12 130 M M 10 1 13 140
18 87 70 79 5 0 14 0.07 0.0 0 7.1 15 340 M M 8 1 25 70
19 86 70 78 4 0 13 0.02 0.0 0 1.6 8 80 M M 7 1 11 330
20 88 65 77 3 0 12 0.00 0.0 0 3.1 12 50 M M 3 1 15 40
21 88 67 78 4 0 13 0.00 0.0 0 2.0 10 170 M M 3 18 14 210
22 90 68 79 5 0 14 0.00 0.0 0 3.1 12 330 M M 1 16 10
23 91 71 81 7 0 16 0.00 0.0 0 4.8 16 290 M M 3 18 22 300
24 92 69 81 8 0 16 0.00 0.0 0 2.9 12 190 M M 3 16 160
25 86 71 79 6 0 14 0.63 0.0 0 3.3 25 260 M M 6 13 30 280
26 87 70 79 6 0 14 0.56 0.0 0 3.5 28 340 M M 7 138 44 330
27 91 68 80 7 0 15 0.00 0.0 0 3.0 22 210 M M 4 29 210
28 89 71 80 7 0 15 0.00 0.0 0 3.5 14 220 M M 5 16 220
29 90 72 81 9 0 16 0.02 0.0 0 5.9 16 160 M M 4 38 22 240
30 83 70 77 5 0 12 0.11 0.0 0 5.7 22 350 M M 8 13 27 350
31 79 69 74 2 0 9 1.07 0.0 0 4.8 17 20 M M 10 1 20 20
================================================================================
SM 2670 2086 0 370 7.16 0.0 160.2 M 172
================================================================================
AV 86.1 67.3 5.2 FASTST M M 6 MAX(MPH)
MISC ----> # 30 330 44 330
================================================================================
NOTES:
# LAST OF SEVERAL OCCURRENCES
COLUMN 17 PEAK WIND IN M.P.H.
PRELIMINARY LOCAL CLIMATOLOGICAL DATA (WS FORM: F-6) , PAGE 2
STATION: COLUMBUS OH
MONTH: AUGUST
YEAR: 2021
LATITUDE: 40 0 N
LONGITUDE: 82 53 W
[TEMPERATURE DATA] [PRECIPITATION DATA] SYMBOLS USED IN COLUMN 16
AVERAGE MONTHLY: 76.7 TOTAL FOR MONTH: 7.16 1 = FOG OR MIST
DPTR FM NORMAL: 2.7 DPTR FM NORMAL: 3.42 2 = FOG REDUCING VISIBILITY
HIGHEST: 92 ON 24,12 GRTST 24HR 1.76 ON 16-17 TO 1/4 MILE OR LESS
LOWEST: 58 ON 2 3 = THUNDER
SNOW, ICE PELLETS, HAIL 4 = ICE PELLETS
TOTAL MONTH: 0.0 INCH 5 = HAIL
GRTST 24HR 0.0 6 = FREEZING RAIN OR DRIZZLE
GRTST DEPTH: 0 7 = DUSTSTORM OR SANDSTORM:
VSBY 1/2 MILE OR LESS
8 = SMOKE OR HAZE
[NO. OF DAYS WITH] [WEATHER - DAYS WITH] 9 = BLOWING SNOW
X = TORNADO
MAX 32 OR BELOW: 0 0.01 INCH OR MORE: 17
MAX 90 OR ABOVE: 7 0.10 INCH OR MORE: 11
MIN 32 OR BELOW: 0 0.50 INCH OR MORE: 6
MIN 0 OR BELOW: 0 1.00 INCH OR MORE: 3
[HDD (BASE 65) ]
TOTAL THIS MO. 0 CLEAR (SCALE 0-3) 7
DPTR FM NORMAL -3 PTCLDY (SCALE 4-7) 17
TOTAL FM JUL 1 0 CLOUDY (SCALE 8-10) 7
DPTR FM NORMAL 0
[CDD (BASE 65) ]
TOTAL THIS MO. 370
DPTR FM NORMAL 88 [PRESSURE DATA]
TOTAL FM JAN 1 1088 HIGHEST SLP 30.22 ON 15
DPTR FM NORMAL 162 LOWEST SLP 29.85 ON 21
[REMARKS]
#FINAL-08-21#